{"id":2439,"date":"2023-10-16T11:29:23","date_gmt":"2023-10-16T09:29:23","guid":{"rendered":"https:\/\/pulainfo.hr\/?post_type=where&#038;p=2439"},"modified":"2023-10-31T16:43:20","modified_gmt":"2023-10-31T15:43:20","slug":"parco-re-kresimir-iv","status":"publish","type":"where","link":"https:\/\/pulainfo.hr\/it\/where\/parco-re-kresimir-iv\/","title":{"rendered":"Parco re Kre\u0161imir IV"},"content":{"rendered":"<p>\u00c8 la continuazione logica del parco precedente, eretto nel 1953 su di una superficie di 3.380 metri quadri. Nel 1960 \u00e8 stata costruita una fontana ornamentale di sasso naturale istriano come simbolo dell\u2019acqua dalla sorgente della valle di Arsia pervenuta a Pola. Il parco ha anche un\u2019altra peculiarit\u00e0. Si tratta del mausoleo romano ottangolare del I secolo, costruito nel territorio della necropoli romana. Gli arbusti di tamarisco, oleandro e spirea rappresentano una magnifica visione floreale che emana comfort, e i gracili fiori a forma di campanella di yucca, \u2018rompono\u2019 il tedio nelle grigie giornate autunnali. Bellissimi esemplari di salvia, genus calendula officinalis e mullaghera ogni estate fioriscono nei colori dell\u2019arcobaleno, e durante i primi giorni della primavera, una gamma di viole del pensiero e margheritine conferiscono gioia di vivere tra gli arbusti grigio-verdi di lavanda e santolina. Su di tutto il parco domina un bellissimo albero di cedro atlantico (Cedrus atlantica Glauca) con degli aghicini blu. Trattasi di un albero estremamente regolare, come lo \u00e8 pure la sua corteccia.<\/p>\n","protected":false},"excerpt":{"rendered":"<p>\u00c8 la continuazione logica del parco precedente, eretto nel 1953 su di una superficie di &#8230;<\/p>\n","protected":false},"featured_media":9145,"parent":0,"menu_order":723,"template":"","where_to_go":[247],"sd_tags":[310],"class_list":["post-2439","where","type-where","status-publish","has-post-thumbnail","hentry","where_to_go-parchi","sd_tags-natura"],"acf":[],"yoast_head":"<!-- This site is optimized with the Yoast SEO plugin v27.4 - https:\/\/yoast.com\/product\/yoast-seo-wordpress\/ -->\n<title>Parco re Kre\u0161imir IV - Tourism Office Pula<\/title>\n<meta name=\"robots\" content=\"index, follow, max-snippet:-1, max-image-preview:large, max-video-preview:-1\" \/>\n<link rel=\"canonical\" href=\"https:\/\/pulainfo.hr\/it\/where\/parco-re-kresimir-iv\/\" \/>\n<meta property=\"og:locale\" content=\"it_IT\" \/>\n<meta property=\"og:type\" content=\"article\" \/>\n<meta property=\"og:title\" content=\"Parco re Kre\u0161imir IV - Tourism Office Pula\" \/>\n<meta property=\"og:description\" content=\"\u00c8 la continuazione logica del parco precedente, eretto nel 1953 su di una superficie di ...\" \/>\n<meta property=\"og:url\" content=\"https:\/\/pulainfo.hr\/it\/where\/parco-re-kresimir-iv\/\" \/>\n<meta property=\"og:site_name\" content=\"Tourism Office Pula\" \/>\n<meta property=\"article:modified_time\" content=\"2023-10-31T15:43:20+00:00\" \/>\n<meta property=\"og:image\" content=\"https:\/\/pulainfo.hr\/wp-content\/uploads\/2023\/10\/park-Kresimir1_K.jpg\" \/>\n\t<meta property=\"og:image:width\" content=\"900\" \/>\n\t<meta property=\"og:image:height\" content=\"900\" \/>\n\t<meta property=\"og:image:type\" content=\"image\/jpeg\" \/>\n<meta name=\"twitter:card\" content=\"summary_large_image\" \/>\n<meta name=\"twitter:label1\" content=\"Tempo di lettura stimato\" \/>\n\t<meta name=\"twitter:data1\" content=\"1 minuto\" \/>\n<script type=\"application\/ld+json\" class=\"yoast-schema-graph\">{\"@context\":\"https:\\\/\\\/schema.org\",\"@graph\":[{\"@type\":\"WebPage\",\"@id\":\"https:\\\/\\\/pulainfo.hr\\\/it\\\/where\\\/parco-re-kresimir-iv\\\/\",\"url\":\"https:\\\/\\\/pulainfo.hr\\\/it\\\/where\\\/parco-re-kresimir-iv\\\/\",\"name\":\"Parco re Kre\u0161imir IV - Tourism Office Pula\",\"isPartOf\":{\"@id\":\"https:\\\/\\\/pulainfo.hr\\\/#website\"},\"primaryImageOfPage\":{\"@id\":\"https:\\\/\\\/pulainfo.hr\\\/it\\\/where\\\/parco-re-kresimir-iv\\\/#primaryimage\"},\"image\":{\"@id\":\"https:\\\/\\\/pulainfo.hr\\\/it\\\/where\\\/parco-re-kresimir-iv\\\/#primaryimage\"},\"thumbnailUrl\":\"https:\\\/\\\/pulainfo.hr\\\/wp-content\\\/uploads\\\/2023\\\/10\\\/park-Kresimir1_K.jpg\",\"datePublished\":\"2023-10-16T09:29:23+00:00\",\"dateModified\":\"2023-10-31T15:43:20+00:00\",\"breadcrumb\":{\"@id\":\"https:\\\/\\\/pulainfo.hr\\\/it\\\/where\\\/parco-re-kresimir-iv\\\/#breadcrumb\"},\"inLanguage\":\"it-IT\",\"potentialAction\":[{\"@type\":\"ReadAction\",\"target\":[\"https:\\\/\\\/pulainfo.hr\\\/it\\\/where\\\/parco-re-kresimir-iv\\\/\"]}]},{\"@type\":\"ImageObject\",\"inLanguage\":\"it-IT\",\"@id\":\"https:\\\/\\\/pulainfo.hr\\\/it\\\/where\\\/parco-re-kresimir-iv\\\/#primaryimage\",\"url\":\"https:\\\/\\\/pulainfo.hr\\\/wp-content\\\/uploads\\\/2023\\\/10\\\/park-Kresimir1_K.jpg\",\"contentUrl\":\"https:\\\/\\\/pulainfo.hr\\\/wp-content\\\/uploads\\\/2023\\\/10\\\/park-Kresimir1_K.jpg\",\"width\":900,\"height\":900},{\"@type\":\"BreadcrumbList\",\"@id\":\"https:\\\/\\\/pulainfo.hr\\\/it\\\/where\\\/parco-re-kresimir-iv\\\/#breadcrumb\",\"itemListElement\":[{\"@type\":\"ListItem\",\"position\":1,\"name\":\"Po\u010detna stranica\",\"item\":\"https:\\\/\\\/pulainfo.hr\\\/it\\\/\"},{\"@type\":\"ListItem\",\"position\":2,\"name\":\"See & do\",\"item\":\"https:\\\/\\\/pulainfo.hr\\\/where\\\/\"},{\"@type\":\"ListItem\",\"position\":3,\"name\":\"Parco re Kre\u0161imir IV\"}]},{\"@type\":\"WebSite\",\"@id\":\"https:\\\/\\\/pulainfo.hr\\\/#website\",\"url\":\"https:\\\/\\\/pulainfo.hr\\\/\",\"name\":\"Tourism Office Pula\",\"description\":\"Tourism Office Pula - Official web site\",\"publisher\":{\"@id\":\"https:\\\/\\\/pulainfo.hr\\\/#organization\"},\"potentialAction\":[{\"@type\":\"SearchAction\",\"target\":{\"@type\":\"EntryPoint\",\"urlTemplate\":\"https:\\\/\\\/pulainfo.hr\\\/?s={search_term_string}\"},\"query-input\":{\"@type\":\"PropertyValueSpecification\",\"valueRequired\":true,\"valueName\":\"search_term_string\"}}],\"inLanguage\":\"it-IT\"},{\"@type\":\"Organization\",\"@id\":\"https:\\\/\\\/pulainfo.hr\\\/#organization\",\"name\":\"Tourism Office Pula\",\"url\":\"https:\\\/\\\/pulainfo.hr\\\/\",\"logo\":{\"@type\":\"ImageObject\",\"inLanguage\":\"it-IT\",\"@id\":\"https:\\\/\\\/pulainfo.hr\\\/#\\\/schema\\\/logo\\\/image\\\/\",\"url\":\"https:\\\/\\\/pulainfo.hr\\\/wp-content\\\/uploads\\\/2023\\\/10\\\/logo.svg\",\"contentUrl\":\"https:\\\/\\\/pulainfo.hr\\\/wp-content\\\/uploads\\\/2023\\\/10\\\/logo.svg\",\"width\":171,\"height\":59,\"caption\":\"Tourism Office Pula\"},\"image\":{\"@id\":\"https:\\\/\\\/pulainfo.hr\\\/#\\\/schema\\\/logo\\\/image\\\/\"}}]}<\/script>\n<!-- \/ Yoast SEO plugin. -->","yoast_head_json":{"title":"Parco re Kre\u0161imir IV - Tourism Office Pula","robots":{"index":"index","follow":"follow","max-snippet":"max-snippet:-1","max-image-preview":"max-image-preview:large","max-video-preview":"max-video-preview:-1"},"canonical":"https:\/\/pulainfo.hr\/it\/where\/parco-re-kresimir-iv\/","og_locale":"it_IT","og_type":"article","og_title":"Parco re Kre\u0161imir IV - Tourism Office Pula","og_description":"\u00c8 la continuazione logica del parco precedente, eretto nel 1953 su di una superficie di ...","og_url":"https:\/\/pulainfo.hr\/it\/where\/parco-re-kresimir-iv\/","og_site_name":"Tourism Office Pula","article_modified_time":"2023-10-31T15:43:20+00:00","og_image":[{"width":900,"height":900,"url":"https:\/\/pulainfo.hr\/wp-content\/uploads\/2023\/10\/park-Kresimir1_K.jpg","type":"image\/jpeg"}],"twitter_card":"summary_large_image","twitter_misc":{"Tempo di lettura stimato":"1 minuto"},"schema":{"@context":"https:\/\/schema.org","@graph":[{"@type":"WebPage","@id":"https:\/\/pulainfo.hr\/it\/where\/parco-re-kresimir-iv\/","url":"https:\/\/pulainfo.hr\/it\/where\/parco-re-kresimir-iv\/","name":"Parco re Kre\u0161imir IV - Tourism Office Pula","isPartOf":{"@id":"https:\/\/pulainfo.hr\/#website"},"primaryImageOfPage":{"@id":"https:\/\/pulainfo.hr\/it\/where\/parco-re-kresimir-iv\/#primaryimage"},"image":{"@id":"https:\/\/pulainfo.hr\/it\/where\/parco-re-kresimir-iv\/#primaryimage"},"thumbnailUrl":"https:\/\/pulainfo.hr\/wp-content\/uploads\/2023\/10\/park-Kresimir1_K.jpg","datePublished":"2023-10-16T09:29:23+00:00","dateModified":"2023-10-31T15:43:20+00:00","breadcrumb":{"@id":"https:\/\/pulainfo.hr\/it\/where\/parco-re-kresimir-iv\/#breadcrumb"},"inLanguage":"it-IT","potentialAction":[{"@type":"ReadAction","target":["https:\/\/pulainfo.hr\/it\/where\/parco-re-kresimir-iv\/"]}]},{"@type":"ImageObject","inLanguage":"it-IT","@id":"https:\/\/pulainfo.hr\/it\/where\/parco-re-kresimir-iv\/#primaryimage","url":"https:\/\/pulainfo.hr\/wp-content\/uploads\/2023\/10\/park-Kresimir1_K.jpg","contentUrl":"https:\/\/pulainfo.hr\/wp-content\/uploads\/2023\/10\/park-Kresimir1_K.jpg","width":900,"height":900},{"@type":"BreadcrumbList","@id":"https:\/\/pulainfo.hr\/it\/where\/parco-re-kresimir-iv\/#breadcrumb","itemListElement":[{"@type":"ListItem","position":1,"name":"Po\u010detna stranica","item":"https:\/\/pulainfo.hr\/it\/"},{"@type":"ListItem","position":2,"name":"See & do","item":"https:\/\/pulainfo.hr\/where\/"},{"@type":"ListItem","position":3,"name":"Parco re Kre\u0161imir IV"}]},{"@type":"WebSite","@id":"https:\/\/pulainfo.hr\/#website","url":"https:\/\/pulainfo.hr\/","name":"Tourism Office Pula","description":"Tourism Office Pula - Official web site","publisher":{"@id":"https:\/\/pulainfo.hr\/#organization"},"potentialAction":[{"@type":"SearchAction","target":{"@type":"EntryPoint","urlTemplate":"https:\/\/pulainfo.hr\/?s={search_term_string}"},"query-input":{"@type":"PropertyValueSpecification","valueRequired":true,"valueName":"search_term_string"}}],"inLanguage":"it-IT"},{"@type":"Organization","@id":"https:\/\/pulainfo.hr\/#organization","name":"Tourism Office Pula","url":"https:\/\/pulainfo.hr\/","logo":{"@type":"ImageObject","inLanguage":"it-IT","@id":"https:\/\/pulainfo.hr\/#\/schema\/logo\/image\/","url":"https:\/\/pulainfo.hr\/wp-content\/uploads\/2023\/10\/logo.svg","contentUrl":"https:\/\/pulainfo.hr\/wp-content\/uploads\/2023\/10\/logo.svg","width":171,"height":59,"caption":"Tourism Office Pula"},"image":{"@id":"https:\/\/pulainfo.hr\/#\/schema\/logo\/image\/"}}]}},"_links":{"self":[{"href":"https:\/\/pulainfo.hr\/it\/wp-json\/wp\/v2\/where\/2439","targetHints":{"allow":["GET"]}}],"collection":[{"href":"https:\/\/pulainfo.hr\/it\/wp-json\/wp\/v2\/where"}],"about":[{"href":"https:\/\/pulainfo.hr\/it\/wp-json\/wp\/v2\/types\/where"}],"wp:featuredmedia":[{"embeddable":true,"href":"https:\/\/pulainfo.hr\/it\/wp-json\/wp\/v2\/media\/9145"}],"wp:attachment":[{"href":"https:\/\/pulainfo.hr\/it\/wp-json\/wp\/v2\/media?parent=2439"}],"wp:term":[{"taxonomy":"where_to_go","embeddable":true,"href":"https:\/\/pulainfo.hr\/it\/wp-json\/wp\/v2\/where_to_go?post=2439"},{"taxonomy":"sd_tags","embeddable":true,"href":"https:\/\/pulainfo.hr\/it\/wp-json\/wp\/v2\/sd_tags?post=2439"}],"curies":[{"name":"wp","href":"https:\/\/api.w.org\/{rel}","templated":true}]}}

Parco re Krešimir IV

<p>È la continuazione logica del parco precedente, eretto nel 1953 su di una superficie di 3.380 metri quadri. Nel 1960 è stata costruita una fontana ornamentale di sasso naturale istriano come simbolo dell’acqua dalla sorgente della valle di Arsia pervenuta a Pola. Il parco ha anche un’altra peculiarità. Si tratta del mausoleo romano ottangolare del I secolo, costruito nel territorio della necropoli romana. Gli arbusti di tamarisco, oleandro e spirea rappresentano una magnifica visione floreale che emana comfort, e i gracili fiori a forma di campanella di yucca, ‘rompono’ il tedio nelle grigie giornate autunnali. Bellissimi esemplari di salvia, genus calendula officinalis e mullaghera ogni estate fioriscono nei colori dell’arcobaleno, e durante i primi giorni della primavera, una gamma di viole del pensiero e margheritine conferiscono gioia di vivere tra gli arbusti grigio-verdi di lavanda e santolina. Su di tutto il parco domina un bellissimo albero di cedro atlantico (Cedrus atlantica Glauca) con degli aghicini blu. Trattasi di un albero estremamente regolare, come lo è pure la sua corteccia.</p>

<p>È la continuazione logica del parco precedente, eretto nel 1953 su di una superficie di &#8230;</p>

<!-- This site is optimized with the Yoast SEO plugin v27.4 - https://yoast.com/product/yoast-seo-wordpress/ -->
<title>Parco re Krešimir IV - Tourism Office Pula</title>
<meta name="robots" content="index, follow, max-snippet:-1, max-image-preview:large, max-video-preview:-1" />
<link rel="canonical" href="https://pulainfo.hr/it/where/parco-re-kresimir-iv/" />
<meta property="og:locale" content="it_IT" />
<meta property="og:type" content="article" />
<meta property="og:title" content="Parco re Krešimir IV - Tourism Office Pula" />
<meta property="og:description" content="È la continuazione logica del parco precedente, eretto nel 1953 su di una superficie di ..." />
<meta property="og:url" content="https://pulainfo.hr/it/where/parco-re-kresimir-iv/" />
<meta property="og:site_name" content="Tourism Office Pula" />
<meta property="article:modified_time" content="2023-10-31T15:43:20+00:00" />
<meta property="og:image" content="https://pulainfo.hr/wp-content/uploads/2023/10/park-Kresimir1_K.jpg" />
	<meta property="og:image:width" content="900" />
	<meta property="og:image:height" content="900" />
	<meta property="og:image:type" content="image/jpeg" />
<meta name="twitter:card" content="summary_large_image" />
<meta name="twitter:label1" content="Tempo di lettura stimato" />
	<meta name="twitter:data1" content="1 minuto" />
<script type="application/ld+json" class="yoast-schema-graph">{"@context":"https:\/\/schema.org","@graph":[{"@type":"WebPage","@id":"https:\/\/pulainfo.hr\/it\/where\/parco-re-kresimir-iv\/","url":"https:\/\/pulainfo.hr\/it\/where\/parco-re-kresimir-iv\/","name":"Parco re Krešimir IV - Tourism Office Pula","isPartOf":{"@id":"https:\/\/pulainfo.hr\/#website"},"primaryImageOfPage":{"@id":"https:\/\/pulainfo.hr\/it\/where\/parco-re-kresimir-iv\/#primaryimage"},"image":{"@id":"https:\/\/pulainfo.hr\/it\/where\/parco-re-kresimir-iv\/#primaryimage"},"thumbnailUrl":"https:\/\/pulainfo.hr\/wp-content\/uploads\/2023\/10\/park-Kresimir1_K.jpg","datePublished":"2023-10-16T09:29:23+00:00","dateModified":"2023-10-31T15:43:20+00:00","breadcrumb":{"@id":"https:\/\/pulainfo.hr\/it\/where\/parco-re-kresimir-iv\/#breadcrumb"},"inLanguage":"it-IT","potentialAction":[{"@type":"ReadAction","target":["https:\/\/pulainfo.hr\/it\/where\/parco-re-kresimir-iv\/"]}]},{"@type":"ImageObject","inLanguage":"it-IT","@id":"https:\/\/pulainfo.hr\/it\/where\/parco-re-kresimir-iv\/#primaryimage","url":"https:\/\/pulainfo.hr\/wp-content\/uploads\/2023\/10\/park-Kresimir1_K.jpg","contentUrl":"https:\/\/pulainfo.hr\/wp-content\/uploads\/2023\/10\/park-Kresimir1_K.jpg","width":900,"height":900},{"@type":"BreadcrumbList","@id":"https:\/\/pulainfo.hr\/it\/where\/parco-re-kresimir-iv\/#breadcrumb","itemListElement":[{"@type":"ListItem","position":1,"name":"Početna stranica","item":"https:\/\/pulainfo.hr\/it\/"},{"@type":"ListItem","position":2,"name":"See & do","item":"https:\/\/pulainfo.hr\/where\/"},{"@type":"ListItem","position":3,"name":"Parco re Krešimir IV"}]},{"@type":"WebSite","@id":"https:\/\/pulainfo.hr\/#website","url":"https:\/\/pulainfo.hr\/","name":"Tourism Office Pula","description":"Tourism Office Pula - Official web site","publisher":{"@id":"https:\/\/pulainfo.hr\/#organization"},"potentialAction":[{"@type":"SearchAction","target":{"@type":"EntryPoint","urlTemplate":"https:\/\/pulainfo.hr\/?s={search_term_string}"},"query-input":{"@type":"PropertyValueSpecification","valueRequired":true,"valueName":"search_term_string"}}],"inLanguage":"it-IT"},{"@type":"Organization","@id":"https:\/\/pulainfo.hr\/#organization","name":"Tourism Office Pula","url":"https:\/\/pulainfo.hr\/","logo":{"@type":"ImageObject","inLanguage":"it-IT","@id":"https:\/\/pulainfo.hr\/#\/schema\/logo\/image\/","url":"https:\/\/pulainfo.hr\/wp-content\/uploads\/2023\/10\/logo.svg","contentUrl":"https:\/\/pulainfo.hr\/wp-content\/uploads\/2023\/10\/logo.svg","width":171,"height":59,"caption":"Tourism Office Pula"},"image":{"@id":"https:\/\/pulainfo.hr\/#\/schema\/logo\/image\/"}}]}</script>
<!-- / Yoast SEO plugin. -->

Parco re Krešimir IV - Tourism Office Pula

È la continuazione logica del parco precedente, eretto nel 1953 su di una superficie di ...

Početna stranica
