{"id":2427,"date":"2023-10-16T11:21:45","date_gmt":"2023-10-16T09:21:45","guid":{"rendered":"https:\/\/pulainfo.hr\/?post_type=where&#038;p=2427"},"modified":"2023-10-31T16:44:37","modified_gmt":"2023-10-31T15:44:37","slug":"parco-della-citta-di-graz","status":"publish","type":"where","link":"https:\/\/pulainfo.hr\/it\/where\/parco-della-citta-di-graz\/","title":{"rendered":"Parco della citta di Graz"},"content":{"rendered":"<p>Il parco chiamato con il nome della citt\u00e0 austriaca gemellata con Pola \u00e8 collocato nel pi\u00f9 stretto centro cittadino, tra le principali vie di comunicazione pedonali ed automobilistiche. \u00c8 stato eretto nel 1957 sulle rovine dell\u2019edificio distrutto nel bombardamento, cos\u00ec che la superficie sulla quale si trova non \u00e8 di qualit\u00e0 e non soddisfa le esigenze di un parco moderno. Anche se non \u00e8 decorato in un modo rappresentativo, il parco attira l\u2019attenzione a causa dei reperti archeologici collocati sulla sua superficie, e per questo motivo negli anni sessanta del secolo scorso portava il nome di Parco archeologico. Nel suo centro si trovano alcuni lecci e delle querce autoctone istriane, specie che prevale nella mappa della vegetazione istriana. Qui troviamo un esemplare unico di fico spontaneo \u2014 frutto mediterraneo immancabile nel banchetto istriano. Assaggiatelo in vari modi \u2014 fresco, secco, nella grappa, nelle marmellate e nei tipici dolci.<\/p>\n<p>Lateralmente verso la viabile tra i grandi alberi hanno trovato il loro posto i mirti (Myrtus communis).Questa specie mediterranea si trova tra la vegetazione istriana, ed \u00e8 ancora uno dei membri \u2018aulenti\u2019 della flora mediterranea. Infatti, con l\u2019olio eterico si curano i problemi delle vie respiratorie e si rinforza anche il sistema immunitario.<\/p>\n","protected":false},"excerpt":{"rendered":"<p>Il parco chiamato con il nome della citt\u00e0 austriaca gemellata con Pola \u00e8 collocato nel &#8230;<\/p>\n","protected":false},"featured_media":9138,"parent":0,"menu_order":693,"template":"","where_to_go":[247],"sd_tags":[310],"class_list":["post-2427","where","type-where","status-publish","has-post-thumbnail","hentry","where_to_go-parchi","sd_tags-natura"],"acf":[],"yoast_head":"<!-- This site is optimized with the Yoast SEO plugin v27.4 - https:\/\/yoast.com\/product\/yoast-seo-wordpress\/ -->\n<title>Parco della citta di Graz - Tourism Office Pula<\/title>\n<meta name=\"robots\" content=\"index, follow, max-snippet:-1, max-image-preview:large, max-video-preview:-1\" \/>\n<link rel=\"canonical\" href=\"https:\/\/pulainfo.hr\/it\/where\/parco-della-citta-di-graz\/\" \/>\n<meta property=\"og:locale\" content=\"it_IT\" \/>\n<meta property=\"og:type\" content=\"article\" \/>\n<meta property=\"og:title\" content=\"Parco della citta di Graz - Tourism Office Pula\" \/>\n<meta property=\"og:description\" content=\"Il parco chiamato con il nome della citt\u00e0 austriaca gemellata con Pola \u00e8 collocato nel ...\" \/>\n<meta property=\"og:url\" content=\"https:\/\/pulainfo.hr\/it\/where\/parco-della-citta-di-graz\/\" \/>\n<meta property=\"og:site_name\" content=\"Tourism Office Pula\" \/>\n<meta property=\"article:modified_time\" content=\"2023-10-31T15:44:37+00:00\" \/>\n<meta property=\"og:image\" content=\"https:\/\/pulainfo.hr\/wp-content\/uploads\/2023\/10\/DSC_1732_K.jpg\" \/>\n\t<meta property=\"og:image:width\" content=\"900\" \/>\n\t<meta property=\"og:image:height\" content=\"900\" \/>\n\t<meta property=\"og:image:type\" content=\"image\/jpeg\" \/>\n<meta name=\"twitter:card\" content=\"summary_large_image\" \/>\n<meta name=\"twitter:label1\" content=\"Tempo di lettura stimato\" \/>\n\t<meta name=\"twitter:data1\" content=\"1 minuto\" \/>\n<script type=\"application\/ld+json\" class=\"yoast-schema-graph\">{\"@context\":\"https:\\\/\\\/schema.org\",\"@graph\":[{\"@type\":\"WebPage\",\"@id\":\"https:\\\/\\\/pulainfo.hr\\\/it\\\/where\\\/parco-della-citta-di-graz\\\/\",\"url\":\"https:\\\/\\\/pulainfo.hr\\\/it\\\/where\\\/parco-della-citta-di-graz\\\/\",\"name\":\"Parco della citta di Graz - Tourism Office Pula\",\"isPartOf\":{\"@id\":\"https:\\\/\\\/pulainfo.hr\\\/#website\"},\"primaryImageOfPage\":{\"@id\":\"https:\\\/\\\/pulainfo.hr\\\/it\\\/where\\\/parco-della-citta-di-graz\\\/#primaryimage\"},\"image\":{\"@id\":\"https:\\\/\\\/pulainfo.hr\\\/it\\\/where\\\/parco-della-citta-di-graz\\\/#primaryimage\"},\"thumbnailUrl\":\"https:\\\/\\\/pulainfo.hr\\\/wp-content\\\/uploads\\\/2023\\\/10\\\/DSC_1732_K.jpg\",\"datePublished\":\"2023-10-16T09:21:45+00:00\",\"dateModified\":\"2023-10-31T15:44:37+00:00\",\"breadcrumb\":{\"@id\":\"https:\\\/\\\/pulainfo.hr\\\/it\\\/where\\\/parco-della-citta-di-graz\\\/#breadcrumb\"},\"inLanguage\":\"it-IT\",\"potentialAction\":[{\"@type\":\"ReadAction\",\"target\":[\"https:\\\/\\\/pulainfo.hr\\\/it\\\/where\\\/parco-della-citta-di-graz\\\/\"]}]},{\"@type\":\"ImageObject\",\"inLanguage\":\"it-IT\",\"@id\":\"https:\\\/\\\/pulainfo.hr\\\/it\\\/where\\\/parco-della-citta-di-graz\\\/#primaryimage\",\"url\":\"https:\\\/\\\/pulainfo.hr\\\/wp-content\\\/uploads\\\/2023\\\/10\\\/DSC_1732_K.jpg\",\"contentUrl\":\"https:\\\/\\\/pulainfo.hr\\\/wp-content\\\/uploads\\\/2023\\\/10\\\/DSC_1732_K.jpg\",\"width\":900,\"height\":900},{\"@type\":\"BreadcrumbList\",\"@id\":\"https:\\\/\\\/pulainfo.hr\\\/it\\\/where\\\/parco-della-citta-di-graz\\\/#breadcrumb\",\"itemListElement\":[{\"@type\":\"ListItem\",\"position\":1,\"name\":\"Po\u010detna stranica\",\"item\":\"https:\\\/\\\/pulainfo.hr\\\/it\\\/\"},{\"@type\":\"ListItem\",\"position\":2,\"name\":\"See & do\",\"item\":\"https:\\\/\\\/pulainfo.hr\\\/where\\\/\"},{\"@type\":\"ListItem\",\"position\":3,\"name\":\"Parco della citta di Graz\"}]},{\"@type\":\"WebSite\",\"@id\":\"https:\\\/\\\/pulainfo.hr\\\/#website\",\"url\":\"https:\\\/\\\/pulainfo.hr\\\/\",\"name\":\"Tourism Office Pula\",\"description\":\"Tourism Office Pula - Official web site\",\"publisher\":{\"@id\":\"https:\\\/\\\/pulainfo.hr\\\/#organization\"},\"potentialAction\":[{\"@type\":\"SearchAction\",\"target\":{\"@type\":\"EntryPoint\",\"urlTemplate\":\"https:\\\/\\\/pulainfo.hr\\\/?s={search_term_string}\"},\"query-input\":{\"@type\":\"PropertyValueSpecification\",\"valueRequired\":true,\"valueName\":\"search_term_string\"}}],\"inLanguage\":\"it-IT\"},{\"@type\":\"Organization\",\"@id\":\"https:\\\/\\\/pulainfo.hr\\\/#organization\",\"name\":\"Tourism Office Pula\",\"url\":\"https:\\\/\\\/pulainfo.hr\\\/\",\"logo\":{\"@type\":\"ImageObject\",\"inLanguage\":\"it-IT\",\"@id\":\"https:\\\/\\\/pulainfo.hr\\\/#\\\/schema\\\/logo\\\/image\\\/\",\"url\":\"https:\\\/\\\/pulainfo.hr\\\/wp-content\\\/uploads\\\/2023\\\/10\\\/logo.svg\",\"contentUrl\":\"https:\\\/\\\/pulainfo.hr\\\/wp-content\\\/uploads\\\/2023\\\/10\\\/logo.svg\",\"width\":171,\"height\":59,\"caption\":\"Tourism Office Pula\"},\"image\":{\"@id\":\"https:\\\/\\\/pulainfo.hr\\\/#\\\/schema\\\/logo\\\/image\\\/\"}}]}<\/script>\n<!-- \/ Yoast SEO plugin. -->","yoast_head_json":{"title":"Parco della citta di Graz - Tourism Office Pula","robots":{"index":"index","follow":"follow","max-snippet":"max-snippet:-1","max-image-preview":"max-image-preview:large","max-video-preview":"max-video-preview:-1"},"canonical":"https:\/\/pulainfo.hr\/it\/where\/parco-della-citta-di-graz\/","og_locale":"it_IT","og_type":"article","og_title":"Parco della citta di Graz - Tourism Office Pula","og_description":"Il parco chiamato con il nome della citt\u00e0 austriaca gemellata con Pola \u00e8 collocato nel ...","og_url":"https:\/\/pulainfo.hr\/it\/where\/parco-della-citta-di-graz\/","og_site_name":"Tourism Office Pula","article_modified_time":"2023-10-31T15:44:37+00:00","og_image":[{"width":900,"height":900,"url":"https:\/\/pulainfo.hr\/wp-content\/uploads\/2023\/10\/DSC_1732_K.jpg","type":"image\/jpeg"}],"twitter_card":"summary_large_image","twitter_misc":{"Tempo di lettura stimato":"1 minuto"},"schema":{"@context":"https:\/\/schema.org","@graph":[{"@type":"WebPage","@id":"https:\/\/pulainfo.hr\/it\/where\/parco-della-citta-di-graz\/","url":"https:\/\/pulainfo.hr\/it\/where\/parco-della-citta-di-graz\/","name":"Parco della citta di Graz - Tourism Office Pula","isPartOf":{"@id":"https:\/\/pulainfo.hr\/#website"},"primaryImageOfPage":{"@id":"https:\/\/pulainfo.hr\/it\/where\/parco-della-citta-di-graz\/#primaryimage"},"image":{"@id":"https:\/\/pulainfo.hr\/it\/where\/parco-della-citta-di-graz\/#primaryimage"},"thumbnailUrl":"https:\/\/pulainfo.hr\/wp-content\/uploads\/2023\/10\/DSC_1732_K.jpg","datePublished":"2023-10-16T09:21:45+00:00","dateModified":"2023-10-31T15:44:37+00:00","breadcrumb":{"@id":"https:\/\/pulainfo.hr\/it\/where\/parco-della-citta-di-graz\/#breadcrumb"},"inLanguage":"it-IT","potentialAction":[{"@type":"ReadAction","target":["https:\/\/pulainfo.hr\/it\/where\/parco-della-citta-di-graz\/"]}]},{"@type":"ImageObject","inLanguage":"it-IT","@id":"https:\/\/pulainfo.hr\/it\/where\/parco-della-citta-di-graz\/#primaryimage","url":"https:\/\/pulainfo.hr\/wp-content\/uploads\/2023\/10\/DSC_1732_K.jpg","contentUrl":"https:\/\/pulainfo.hr\/wp-content\/uploads\/2023\/10\/DSC_1732_K.jpg","width":900,"height":900},{"@type":"BreadcrumbList","@id":"https:\/\/pulainfo.hr\/it\/where\/parco-della-citta-di-graz\/#breadcrumb","itemListElement":[{"@type":"ListItem","position":1,"name":"Po\u010detna stranica","item":"https:\/\/pulainfo.hr\/it\/"},{"@type":"ListItem","position":2,"name":"See & do","item":"https:\/\/pulainfo.hr\/where\/"},{"@type":"ListItem","position":3,"name":"Parco della citta di Graz"}]},{"@type":"WebSite","@id":"https:\/\/pulainfo.hr\/#website","url":"https:\/\/pulainfo.hr\/","name":"Tourism Office Pula","description":"Tourism Office Pula - Official web site","publisher":{"@id":"https:\/\/pulainfo.hr\/#organization"},"potentialAction":[{"@type":"SearchAction","target":{"@type":"EntryPoint","urlTemplate":"https:\/\/pulainfo.hr\/?s={search_term_string}"},"query-input":{"@type":"PropertyValueSpecification","valueRequired":true,"valueName":"search_term_string"}}],"inLanguage":"it-IT"},{"@type":"Organization","@id":"https:\/\/pulainfo.hr\/#organization","name":"Tourism Office Pula","url":"https:\/\/pulainfo.hr\/","logo":{"@type":"ImageObject","inLanguage":"it-IT","@id":"https:\/\/pulainfo.hr\/#\/schema\/logo\/image\/","url":"https:\/\/pulainfo.hr\/wp-content\/uploads\/2023\/10\/logo.svg","contentUrl":"https:\/\/pulainfo.hr\/wp-content\/uploads\/2023\/10\/logo.svg","width":171,"height":59,"caption":"Tourism Office Pula"},"image":{"@id":"https:\/\/pulainfo.hr\/#\/schema\/logo\/image\/"}}]}},"_links":{"self":[{"href":"https:\/\/pulainfo.hr\/it\/wp-json\/wp\/v2\/where\/2427","targetHints":{"allow":["GET"]}}],"collection":[{"href":"https:\/\/pulainfo.hr\/it\/wp-json\/wp\/v2\/where"}],"about":[{"href":"https:\/\/pulainfo.hr\/it\/wp-json\/wp\/v2\/types\/where"}],"wp:featuredmedia":[{"embeddable":true,"href":"https:\/\/pulainfo.hr\/it\/wp-json\/wp\/v2\/media\/9138"}],"wp:attachment":[{"href":"https:\/\/pulainfo.hr\/it\/wp-json\/wp\/v2\/media?parent=2427"}],"wp:term":[{"taxonomy":"where_to_go","embeddable":true,"href":"https:\/\/pulainfo.hr\/it\/wp-json\/wp\/v2\/where_to_go?post=2427"},{"taxonomy":"sd_tags","embeddable":true,"href":"https:\/\/pulainfo.hr\/it\/wp-json\/wp\/v2\/sd_tags?post=2427"}],"curies":[{"name":"wp","href":"https:\/\/api.w.org\/{rel}","templated":true}]}}

<p>Il parco chiamato con il nome della città austriaca gemellata con Pola è collocato nel più stretto centro cittadino, tra le principali vie di comunicazione pedonali ed automobilistiche. È stato eretto nel 1957 sulle rovine dell’edificio distrutto nel bombardamento, così che la superficie sulla quale si trova non è di qualità e non soddisfa le esigenze di un parco moderno. Anche se non è decorato in un modo rappresentativo, il parco attira l’attenzione a causa dei reperti archeologici collocati sulla sua superficie, e per questo motivo negli anni sessanta del secolo scorso portava il nome di Parco archeologico. Nel suo centro si trovano alcuni lecci e delle querce autoctone istriane, specie che prevale nella mappa della vegetazione istriana. Qui troviamo un esemplare unico di fico spontaneo — frutto mediterraneo immancabile nel banchetto istriano. Assaggiatelo in vari modi — fresco, secco, nella grappa, nelle marmellate e nei tipici dolci.</p>
<p>Lateralmente verso la viabile tra i grandi alberi hanno trovato il loro posto i mirti (Myrtus communis).Questa specie mediterranea si trova tra la vegetazione istriana, ed è ancora uno dei membri ‘aulenti’ della flora mediterranea. Infatti, con l’olio eterico si curano i problemi delle vie respiratorie e si rinforza anche il sistema immunitario.</p>

<p>Il parco chiamato con il nome della città austriaca gemellata con Pola è collocato nel &#8230;</p>

<!-- This site is optimized with the Yoast SEO plugin v27.4 - https://yoast.com/product/yoast-seo-wordpress/ -->
<title>Parco della citta di Graz - Tourism Office Pula</title>
<meta name="robots" content="index, follow, max-snippet:-1, max-image-preview:large, max-video-preview:-1" />
<link rel="canonical" href="https://pulainfo.hr/it/where/parco-della-citta-di-graz/" />
<meta property="og:locale" content="it_IT" />
<meta property="og:type" content="article" />
<meta property="og:title" content="Parco della citta di Graz - Tourism Office Pula" />
<meta property="og:description" content="Il parco chiamato con il nome della città austriaca gemellata con Pola è collocato nel ..." />
<meta property="og:url" content="https://pulainfo.hr/it/where/parco-della-citta-di-graz/" />
<meta property="og:site_name" content="Tourism Office Pula" />
<meta property="article:modified_time" content="2023-10-31T15:44:37+00:00" />
<meta property="og:image" content="https://pulainfo.hr/wp-content/uploads/2023/10/DSC_1732_K.jpg" />
	<meta property="og:image:width" content="900" />
	<meta property="og:image:height" content="900" />
	<meta property="og:image:type" content="image/jpeg" />
<meta name="twitter:card" content="summary_large_image" />
<meta name="twitter:label1" content="Tempo di lettura stimato" />
	<meta name="twitter:data1" content="1 minuto" />
<script type="application/ld+json" class="yoast-schema-graph">{"@context":"https:\/\/schema.org","@graph":[{"@type":"WebPage","@id":"https:\/\/pulainfo.hr\/it\/where\/parco-della-citta-di-graz\/","url":"https:\/\/pulainfo.hr\/it\/where\/parco-della-citta-di-graz\/","name":"Parco della citta di Graz - Tourism Office Pula","isPartOf":{"@id":"https:\/\/pulainfo.hr\/#website"},"primaryImageOfPage":{"@id":"https:\/\/pulainfo.hr\/it\/where\/parco-della-citta-di-graz\/#primaryimage"},"image":{"@id":"https:\/\/pulainfo.hr\/it\/where\/parco-della-citta-di-graz\/#primaryimage"},"thumbnailUrl":"https:\/\/pulainfo.hr\/wp-content\/uploads\/2023\/10\/DSC_1732_K.jpg","datePublished":"2023-10-16T09:21:45+00:00","dateModified":"2023-10-31T15:44:37+00:00","breadcrumb":{"@id":"https:\/\/pulainfo.hr\/it\/where\/parco-della-citta-di-graz\/#breadcrumb"},"inLanguage":"it-IT","potentialAction":[{"@type":"ReadAction","target":["https:\/\/pulainfo.hr\/it\/where\/parco-della-citta-di-graz\/"]}]},{"@type":"ImageObject","inLanguage":"it-IT","@id":"https:\/\/pulainfo.hr\/it\/where\/parco-della-citta-di-graz\/#primaryimage","url":"https:\/\/pulainfo.hr\/wp-content\/uploads\/2023\/10\/DSC_1732_K.jpg","contentUrl":"https:\/\/pulainfo.hr\/wp-content\/uploads\/2023\/10\/DSC_1732_K.jpg","width":900,"height":900},{"@type":"BreadcrumbList","@id":"https:\/\/pulainfo.hr\/it\/where\/parco-della-citta-di-graz\/#breadcrumb","itemListElement":[{"@type":"ListItem","position":1,"name":"Početna stranica","item":"https:\/\/pulainfo.hr\/it\/"},{"@type":"ListItem","position":2,"name":"See & do","item":"https:\/\/pulainfo.hr\/where\/"},{"@type":"ListItem","position":3,"name":"Parco della citta di Graz"}]},{"@type":"WebSite","@id":"https:\/\/pulainfo.hr\/#website","url":"https:\/\/pulainfo.hr\/","name":"Tourism Office Pula","description":"Tourism Office Pula - Official web site","publisher":{"@id":"https:\/\/pulainfo.hr\/#organization"},"potentialAction":[{"@type":"SearchAction","target":{"@type":"EntryPoint","urlTemplate":"https:\/\/pulainfo.hr\/?s={search_term_string}"},"query-input":{"@type":"PropertyValueSpecification","valueRequired":true,"valueName":"search_term_string"}}],"inLanguage":"it-IT"},{"@type":"Organization","@id":"https:\/\/pulainfo.hr\/#organization","name":"Tourism Office Pula","url":"https:\/\/pulainfo.hr\/","logo":{"@type":"ImageObject","inLanguage":"it-IT","@id":"https:\/\/pulainfo.hr\/#\/schema\/logo\/image\/","url":"https:\/\/pulainfo.hr\/wp-content\/uploads\/2023\/10\/logo.svg","contentUrl":"https:\/\/pulainfo.hr\/wp-content\/uploads\/2023\/10\/logo.svg","width":171,"height":59,"caption":"Tourism Office Pula"},"image":{"@id":"https:\/\/pulainfo.hr\/#\/schema\/logo\/image\/"}}]}</script>
<!-- / Yoast SEO plugin. -->

Il parco chiamato con il nome della città austriaca gemellata con Pola è collocato nel ...

Početna stranica
