{"id":2153,"date":"2023-10-13T11:32:55","date_gmt":"2023-10-13T09:32:55","guid":{"rendered":"https:\/\/pulainfo.hr\/?post_type=where&#038;p=2153"},"modified":"2023-10-31T16:46:42","modified_gmt":"2023-10-31T15:46:42","slug":"monte-zaro","status":"publish","type":"where","link":"https:\/\/pulainfo.hr\/it\/where\/monte-zaro\/","title":{"rendered":"Monte zaro"},"content":{"rendered":"<p>Era ed \u00e8 rimasto il maggiore parco cittadino. \u00c8 posizionato sul monticello sotto ed attorno all\u2019Istituto idrografico con l\u2019Osservatorio astronomico (Specula di marina) con due cupole, delle quali una \u00e8 stata distrutta durante i bombardamenti nella Seconda guerra mondiale. Il parco \u00e8 stato piantato con molta cura e sistematicamente per un periodo di tempo decennale, su di una superficie di circa 29.000 metri quadri. Appena una decima parte del parco \u00e8 occupata dai sentieri. La composizione del parco \u00e8 simetrica e la traiettoria principale tutt\u2019oggi \u00e8 composta dall\u2019Osservatorio \u2014 i gradini \u2014 la fontana \u2014 i gradini \u2014 la fontana. Il numero di piante piantate n\u00e9 allora come nemmeno oggi non \u00e8 grande e sono presenti soprattutto le specie mediterranee: cipressi, pini, cedri, ligustri, allori, oleandri e biancospini selvaggi. Nel centro del parco su di un piedistallo rettangolare nel 1877 era stato posto il monumento all\u2019viceammiraglio Tegetthoff, circondato da una folta flora. Il monumento \u00e8 stato tolto nel 1920, e gli italiani li costruirono la fontana ornamentale, che tramite l\u2019acquedotto era stata collegata con la fontana gi\u00e0 esistente, situata nella parte inferiore del parco. Durante il regno dell\u2019Italia, Monte Zaro era un parco estremamente curato, e le forme geometriche che venivano date alle piante, lo facevano assomigliare ad un giardino romanico. Oggi in questo parco crescono una ventina di specie floreali, ed i pi\u00f9 numerosi sono i lauri, il pallone di maggio, il pino alepico ed i cedri. Dei cedri sono presenti: il cedro del Libano, il cedro dell\u2019Atlante e quello deodara, nativo dell\u2019Himalaya. Li distinguiamo grazie alla posizione dei rami a seconda del tronco. Gli esemplari del cedro dell\u2019Atlante hanno le cime che si rivolgono verso l\u2019alto, al cedro deodara l\u2019asse principale \u00e8 rivolto in gi\u00f9 con dei rami bassi che spesso spiovono fino al livello del terreno, mentre il cedro del Libano \u00e8 ramificato pi\u00f9 volte, tanto da assumere l\u2019aspetto di una pagoda nipponica. Alcuni esemplari di quest\u2019ultima specie possono vivere fino a mille anni, e sono molto apprezzati nell\u2019industria navale. Molto importante per questa zona \u00e8 il pino (Pinus halepensis), perch\u00e9 sopporta bene il sale marino, cos\u00ec che viene piantato vicino al mare. Inoltre, \u00e8 ideale per l\u2019imboschimento, cos\u00ec che spesso viene usato come specie pionieristica, in modo da \u2018far strada\u2019 agli altri esemplari. \u00c8 un albero tipicamente mediterraneo, e nel nostro litorale del sud \u00e8 una specie autoctona.<\/p>\n","protected":false},"excerpt":{"rendered":"<p>Era ed \u00e8 rimasto il maggiore parco cittadino. \u00c8 posizionato sul monticello sotto ed attorno &#8230;<\/p>\n","protected":false},"featured_media":2207,"parent":0,"menu_order":713,"template":"","where_to_go":[247],"sd_tags":[310],"class_list":["post-2153","where","type-where","status-publish","has-post-thumbnail","hentry","where_to_go-parchi","sd_tags-natura"],"acf":[],"yoast_head":"<!-- This site is optimized with the Yoast SEO plugin v27.4 - https:\/\/yoast.com\/product\/yoast-seo-wordpress\/ -->\n<title>Monte zaro - Tourism Office Pula<\/title>\n<meta name=\"robots\" content=\"index, follow, max-snippet:-1, max-image-preview:large, max-video-preview:-1\" \/>\n<link rel=\"canonical\" href=\"https:\/\/pulainfo.hr\/it\/where\/monte-zaro\/\" \/>\n<meta property=\"og:locale\" content=\"it_IT\" \/>\n<meta property=\"og:type\" content=\"article\" \/>\n<meta property=\"og:title\" content=\"Monte zaro - Tourism Office Pula\" \/>\n<meta property=\"og:description\" content=\"Era ed \u00e8 rimasto il maggiore parco cittadino. \u00c8 posizionato sul monticello sotto ed attorno ...\" \/>\n<meta property=\"og:url\" content=\"https:\/\/pulainfo.hr\/it\/where\/monte-zaro\/\" \/>\n<meta property=\"og:site_name\" content=\"Tourism Office Pula\" \/>\n<meta property=\"article:modified_time\" content=\"2023-10-31T15:46:42+00:00\" \/>\n<meta property=\"og:image\" content=\"https:\/\/pulainfo.hr\/wp-content\/uploads\/2023\/10\/MONTEZARO2_K.jpg\" \/>\n\t<meta property=\"og:image:width\" content=\"900\" \/>\n\t<meta property=\"og:image:height\" content=\"900\" \/>\n\t<meta property=\"og:image:type\" content=\"image\/jpeg\" \/>\n<meta name=\"twitter:card\" content=\"summary_large_image\" \/>\n<meta name=\"twitter:label1\" content=\"Tempo di lettura stimato\" \/>\n\t<meta name=\"twitter:data1\" content=\"2 minuti\" \/>\n<script type=\"application\/ld+json\" class=\"yoast-schema-graph\">{\"@context\":\"https:\\\/\\\/schema.org\",\"@graph\":[{\"@type\":\"WebPage\",\"@id\":\"https:\\\/\\\/pulainfo.hr\\\/it\\\/where\\\/monte-zaro\\\/\",\"url\":\"https:\\\/\\\/pulainfo.hr\\\/it\\\/where\\\/monte-zaro\\\/\",\"name\":\"Monte zaro - Tourism Office Pula\",\"isPartOf\":{\"@id\":\"https:\\\/\\\/pulainfo.hr\\\/#website\"},\"primaryImageOfPage\":{\"@id\":\"https:\\\/\\\/pulainfo.hr\\\/it\\\/where\\\/monte-zaro\\\/#primaryimage\"},\"image\":{\"@id\":\"https:\\\/\\\/pulainfo.hr\\\/it\\\/where\\\/monte-zaro\\\/#primaryimage\"},\"thumbnailUrl\":\"https:\\\/\\\/pulainfo.hr\\\/wp-content\\\/uploads\\\/2023\\\/10\\\/MONTEZARO2_K.jpg\",\"datePublished\":\"2023-10-13T09:32:55+00:00\",\"dateModified\":\"2023-10-31T15:46:42+00:00\",\"breadcrumb\":{\"@id\":\"https:\\\/\\\/pulainfo.hr\\\/it\\\/where\\\/monte-zaro\\\/#breadcrumb\"},\"inLanguage\":\"it-IT\",\"potentialAction\":[{\"@type\":\"ReadAction\",\"target\":[\"https:\\\/\\\/pulainfo.hr\\\/it\\\/where\\\/monte-zaro\\\/\"]}]},{\"@type\":\"ImageObject\",\"inLanguage\":\"it-IT\",\"@id\":\"https:\\\/\\\/pulainfo.hr\\\/it\\\/where\\\/monte-zaro\\\/#primaryimage\",\"url\":\"https:\\\/\\\/pulainfo.hr\\\/wp-content\\\/uploads\\\/2023\\\/10\\\/MONTEZARO2_K.jpg\",\"contentUrl\":\"https:\\\/\\\/pulainfo.hr\\\/wp-content\\\/uploads\\\/2023\\\/10\\\/MONTEZARO2_K.jpg\",\"width\":900,\"height\":900,\"caption\":\"Photo: Dusko Marusic\\\/Vecernji list PULA-PARK MONTE ZARO\"},{\"@type\":\"BreadcrumbList\",\"@id\":\"https:\\\/\\\/pulainfo.hr\\\/it\\\/where\\\/monte-zaro\\\/#breadcrumb\",\"itemListElement\":[{\"@type\":\"ListItem\",\"position\":1,\"name\":\"Po\u010detna stranica\",\"item\":\"https:\\\/\\\/pulainfo.hr\\\/it\\\/\"},{\"@type\":\"ListItem\",\"position\":2,\"name\":\"See & do\",\"item\":\"https:\\\/\\\/pulainfo.hr\\\/where\\\/\"},{\"@type\":\"ListItem\",\"position\":3,\"name\":\"Monte zaro\"}]},{\"@type\":\"WebSite\",\"@id\":\"https:\\\/\\\/pulainfo.hr\\\/#website\",\"url\":\"https:\\\/\\\/pulainfo.hr\\\/\",\"name\":\"Tourism Office Pula\",\"description\":\"Tourism Office Pula - Official web site\",\"publisher\":{\"@id\":\"https:\\\/\\\/pulainfo.hr\\\/#organization\"},\"potentialAction\":[{\"@type\":\"SearchAction\",\"target\":{\"@type\":\"EntryPoint\",\"urlTemplate\":\"https:\\\/\\\/pulainfo.hr\\\/?s={search_term_string}\"},\"query-input\":{\"@type\":\"PropertyValueSpecification\",\"valueRequired\":true,\"valueName\":\"search_term_string\"}}],\"inLanguage\":\"it-IT\"},{\"@type\":\"Organization\",\"@id\":\"https:\\\/\\\/pulainfo.hr\\\/#organization\",\"name\":\"Tourism Office Pula\",\"url\":\"https:\\\/\\\/pulainfo.hr\\\/\",\"logo\":{\"@type\":\"ImageObject\",\"inLanguage\":\"it-IT\",\"@id\":\"https:\\\/\\\/pulainfo.hr\\\/#\\\/schema\\\/logo\\\/image\\\/\",\"url\":\"https:\\\/\\\/pulainfo.hr\\\/wp-content\\\/uploads\\\/2023\\\/10\\\/logo.svg\",\"contentUrl\":\"https:\\\/\\\/pulainfo.hr\\\/wp-content\\\/uploads\\\/2023\\\/10\\\/logo.svg\",\"width\":171,\"height\":59,\"caption\":\"Tourism Office Pula\"},\"image\":{\"@id\":\"https:\\\/\\\/pulainfo.hr\\\/#\\\/schema\\\/logo\\\/image\\\/\"}}]}<\/script>\n<!-- \/ Yoast SEO plugin. -->","yoast_head_json":{"title":"Monte zaro - Tourism Office Pula","robots":{"index":"index","follow":"follow","max-snippet":"max-snippet:-1","max-image-preview":"max-image-preview:large","max-video-preview":"max-video-preview:-1"},"canonical":"https:\/\/pulainfo.hr\/it\/where\/monte-zaro\/","og_locale":"it_IT","og_type":"article","og_title":"Monte zaro - Tourism Office Pula","og_description":"Era ed \u00e8 rimasto il maggiore parco cittadino. \u00c8 posizionato sul monticello sotto ed attorno ...","og_url":"https:\/\/pulainfo.hr\/it\/where\/monte-zaro\/","og_site_name":"Tourism Office Pula","article_modified_time":"2023-10-31T15:46:42+00:00","og_image":[{"width":900,"height":900,"url":"https:\/\/pulainfo.hr\/wp-content\/uploads\/2023\/10\/MONTEZARO2_K.jpg","type":"image\/jpeg"}],"twitter_card":"summary_large_image","twitter_misc":{"Tempo di lettura stimato":"2 minuti"},"schema":{"@context":"https:\/\/schema.org","@graph":[{"@type":"WebPage","@id":"https:\/\/pulainfo.hr\/it\/where\/monte-zaro\/","url":"https:\/\/pulainfo.hr\/it\/where\/monte-zaro\/","name":"Monte zaro - Tourism Office Pula","isPartOf":{"@id":"https:\/\/pulainfo.hr\/#website"},"primaryImageOfPage":{"@id":"https:\/\/pulainfo.hr\/it\/where\/monte-zaro\/#primaryimage"},"image":{"@id":"https:\/\/pulainfo.hr\/it\/where\/monte-zaro\/#primaryimage"},"thumbnailUrl":"https:\/\/pulainfo.hr\/wp-content\/uploads\/2023\/10\/MONTEZARO2_K.jpg","datePublished":"2023-10-13T09:32:55+00:00","dateModified":"2023-10-31T15:46:42+00:00","breadcrumb":{"@id":"https:\/\/pulainfo.hr\/it\/where\/monte-zaro\/#breadcrumb"},"inLanguage":"it-IT","potentialAction":[{"@type":"ReadAction","target":["https:\/\/pulainfo.hr\/it\/where\/monte-zaro\/"]}]},{"@type":"ImageObject","inLanguage":"it-IT","@id":"https:\/\/pulainfo.hr\/it\/where\/monte-zaro\/#primaryimage","url":"https:\/\/pulainfo.hr\/wp-content\/uploads\/2023\/10\/MONTEZARO2_K.jpg","contentUrl":"https:\/\/pulainfo.hr\/wp-content\/uploads\/2023\/10\/MONTEZARO2_K.jpg","width":900,"height":900,"caption":"Photo: Dusko Marusic\/Vecernji list PULA-PARK MONTE ZARO"},{"@type":"BreadcrumbList","@id":"https:\/\/pulainfo.hr\/it\/where\/monte-zaro\/#breadcrumb","itemListElement":[{"@type":"ListItem","position":1,"name":"Po\u010detna stranica","item":"https:\/\/pulainfo.hr\/it\/"},{"@type":"ListItem","position":2,"name":"See & do","item":"https:\/\/pulainfo.hr\/where\/"},{"@type":"ListItem","position":3,"name":"Monte zaro"}]},{"@type":"WebSite","@id":"https:\/\/pulainfo.hr\/#website","url":"https:\/\/pulainfo.hr\/","name":"Tourism Office Pula","description":"Tourism Office Pula - Official web site","publisher":{"@id":"https:\/\/pulainfo.hr\/#organization"},"potentialAction":[{"@type":"SearchAction","target":{"@type":"EntryPoint","urlTemplate":"https:\/\/pulainfo.hr\/?s={search_term_string}"},"query-input":{"@type":"PropertyValueSpecification","valueRequired":true,"valueName":"search_term_string"}}],"inLanguage":"it-IT"},{"@type":"Organization","@id":"https:\/\/pulainfo.hr\/#organization","name":"Tourism Office Pula","url":"https:\/\/pulainfo.hr\/","logo":{"@type":"ImageObject","inLanguage":"it-IT","@id":"https:\/\/pulainfo.hr\/#\/schema\/logo\/image\/","url":"https:\/\/pulainfo.hr\/wp-content\/uploads\/2023\/10\/logo.svg","contentUrl":"https:\/\/pulainfo.hr\/wp-content\/uploads\/2023\/10\/logo.svg","width":171,"height":59,"caption":"Tourism Office Pula"},"image":{"@id":"https:\/\/pulainfo.hr\/#\/schema\/logo\/image\/"}}]}},"_links":{"self":[{"href":"https:\/\/pulainfo.hr\/it\/wp-json\/wp\/v2\/where\/2153","targetHints":{"allow":["GET"]}}],"collection":[{"href":"https:\/\/pulainfo.hr\/it\/wp-json\/wp\/v2\/where"}],"about":[{"href":"https:\/\/pulainfo.hr\/it\/wp-json\/wp\/v2\/types\/where"}],"wp:featuredmedia":[{"embeddable":true,"href":"https:\/\/pulainfo.hr\/it\/wp-json\/wp\/v2\/media\/2207"}],"wp:attachment":[{"href":"https:\/\/pulainfo.hr\/it\/wp-json\/wp\/v2\/media?parent=2153"}],"wp:term":[{"taxonomy":"where_to_go","embeddable":true,"href":"https:\/\/pulainfo.hr\/it\/wp-json\/wp\/v2\/where_to_go?post=2153"},{"taxonomy":"sd_tags","embeddable":true,"href":"https:\/\/pulainfo.hr\/it\/wp-json\/wp\/v2\/sd_tags?post=2153"}],"curies":[{"name":"wp","href":"https:\/\/api.w.org\/{rel}","templated":true}]}}

<p>Era ed è rimasto il maggiore parco cittadino. È posizionato sul monticello sotto ed attorno all’Istituto idrografico con l’Osservatorio astronomico (Specula di marina) con due cupole, delle quali una è stata distrutta durante i bombardamenti nella Seconda guerra mondiale. Il parco è stato piantato con molta cura e sistematicamente per un periodo di tempo decennale, su di una superficie di circa 29.000 metri quadri. Appena una decima parte del parco è occupata dai sentieri. La composizione del parco è simetrica e la traiettoria principale tutt’oggi è composta dall’Osservatorio — i gradini — la fontana — i gradini — la fontana. Il numero di piante piantate né allora come nemmeno oggi non è grande e sono presenti soprattutto le specie mediterranee: cipressi, pini, cedri, ligustri, allori, oleandri e biancospini selvaggi. Nel centro del parco su di un piedistallo rettangolare nel 1877 era stato posto il monumento all’viceammiraglio Tegetthoff, circondato da una folta flora. Il monumento è stato tolto nel 1920, e gli italiani li costruirono la fontana ornamentale, che tramite l’acquedotto era stata collegata con la fontana già esistente, situata nella parte inferiore del parco. Durante il regno dell’Italia, Monte Zaro era un parco estremamente curato, e le forme geometriche che venivano date alle piante, lo facevano assomigliare ad un giardino romanico. Oggi in questo parco crescono una ventina di specie floreali, ed i più numerosi sono i lauri, il pallone di maggio, il pino alepico ed i cedri. Dei cedri sono presenti: il cedro del Libano, il cedro dell’Atlante e quello deodara, nativo dell’Himalaya. Li distinguiamo grazie alla posizione dei rami a seconda del tronco. Gli esemplari del cedro dell’Atlante hanno le cime che si rivolgono verso l’alto, al cedro deodara l’asse principale è rivolto in giù con dei rami bassi che spesso spiovono fino al livello del terreno, mentre il cedro del Libano è ramificato più volte, tanto da assumere l’aspetto di una pagoda nipponica. Alcuni esemplari di quest’ultima specie possono vivere fino a mille anni, e sono molto apprezzati nell’industria navale. Molto importante per questa zona è il pino (Pinus halepensis), perché sopporta bene il sale marino, così che viene piantato vicino al mare. Inoltre, è ideale per l’imboschimento, così che spesso viene usato come specie pionieristica, in modo da ‘far strada’ agli altri esemplari. È un albero tipicamente mediterraneo, e nel nostro litorale del sud è una specie autoctona.</p>

<p>Era ed è rimasto il maggiore parco cittadino. È posizionato sul monticello sotto ed attorno &#8230;</p>

<!-- This site is optimized with the Yoast SEO plugin v27.4 - https://yoast.com/product/yoast-seo-wordpress/ -->
<title>Monte zaro - Tourism Office Pula</title>
<meta name="robots" content="index, follow, max-snippet:-1, max-image-preview:large, max-video-preview:-1" />
<link rel="canonical" href="https://pulainfo.hr/it/where/monte-zaro/" />
<meta property="og:locale" content="it_IT" />
<meta property="og:type" content="article" />
<meta property="og:title" content="Monte zaro - Tourism Office Pula" />
<meta property="og:description" content="Era ed è rimasto il maggiore parco cittadino. È posizionato sul monticello sotto ed attorno ..." />
<meta property="og:url" content="https://pulainfo.hr/it/where/monte-zaro/" />
<meta property="og:site_name" content="Tourism Office Pula" />
<meta property="article:modified_time" content="2023-10-31T15:46:42+00:00" />
<meta property="og:image" content="https://pulainfo.hr/wp-content/uploads/2023/10/MONTEZARO2_K.jpg" />
	<meta property="og:image:width" content="900" />
	<meta property="og:image:height" content="900" />
	<meta property="og:image:type" content="image/jpeg" />
<meta name="twitter:card" content="summary_large_image" />
<meta name="twitter:label1" content="Tempo di lettura stimato" />
	<meta name="twitter:data1" content="2 minuti" />
<script type="application/ld+json" class="yoast-schema-graph">{"@context":"https:\/\/schema.org","@graph":[{"@type":"WebPage","@id":"https:\/\/pulainfo.hr\/it\/where\/monte-zaro\/","url":"https:\/\/pulainfo.hr\/it\/where\/monte-zaro\/","name":"Monte zaro - Tourism Office Pula","isPartOf":{"@id":"https:\/\/pulainfo.hr\/#website"},"primaryImageOfPage":{"@id":"https:\/\/pulainfo.hr\/it\/where\/monte-zaro\/#primaryimage"},"image":{"@id":"https:\/\/pulainfo.hr\/it\/where\/monte-zaro\/#primaryimage"},"thumbnailUrl":"https:\/\/pulainfo.hr\/wp-content\/uploads\/2023\/10\/MONTEZARO2_K.jpg","datePublished":"2023-10-13T09:32:55+00:00","dateModified":"2023-10-31T15:46:42+00:00","breadcrumb":{"@id":"https:\/\/pulainfo.hr\/it\/where\/monte-zaro\/#breadcrumb"},"inLanguage":"it-IT","potentialAction":[{"@type":"ReadAction","target":["https:\/\/pulainfo.hr\/it\/where\/monte-zaro\/"]}]},{"@type":"ImageObject","inLanguage":"it-IT","@id":"https:\/\/pulainfo.hr\/it\/where\/monte-zaro\/#primaryimage","url":"https:\/\/pulainfo.hr\/wp-content\/uploads\/2023\/10\/MONTEZARO2_K.jpg","contentUrl":"https:\/\/pulainfo.hr\/wp-content\/uploads\/2023\/10\/MONTEZARO2_K.jpg","width":900,"height":900,"caption":"Photo: Dusko Marusic\/Vecernji list PULA-PARK MONTE ZARO"},{"@type":"BreadcrumbList","@id":"https:\/\/pulainfo.hr\/it\/where\/monte-zaro\/#breadcrumb","itemListElement":[{"@type":"ListItem","position":1,"name":"Početna stranica","item":"https:\/\/pulainfo.hr\/it\/"},{"@type":"ListItem","position":2,"name":"See & do","item":"https:\/\/pulainfo.hr\/where\/"},{"@type":"ListItem","position":3,"name":"Monte zaro"}]},{"@type":"WebSite","@id":"https:\/\/pulainfo.hr\/#website","url":"https:\/\/pulainfo.hr\/","name":"Tourism Office Pula","description":"Tourism Office Pula - Official web site","publisher":{"@id":"https:\/\/pulainfo.hr\/#organization"},"potentialAction":[{"@type":"SearchAction","target":{"@type":"EntryPoint","urlTemplate":"https:\/\/pulainfo.hr\/?s={search_term_string}"},"query-input":{"@type":"PropertyValueSpecification","valueRequired":true,"valueName":"search_term_string"}}],"inLanguage":"it-IT"},{"@type":"Organization","@id":"https:\/\/pulainfo.hr\/#organization","name":"Tourism Office Pula","url":"https:\/\/pulainfo.hr\/","logo":{"@type":"ImageObject","inLanguage":"it-IT","@id":"https:\/\/pulainfo.hr\/#\/schema\/logo\/image\/","url":"https:\/\/pulainfo.hr\/wp-content\/uploads\/2023\/10\/logo.svg","contentUrl":"https:\/\/pulainfo.hr\/wp-content\/uploads\/2023\/10\/logo.svg","width":171,"height":59,"caption":"Tourism Office Pula"},"image":{"@id":"https:\/\/pulainfo.hr\/#\/schema\/logo\/image\/"}}]}</script>
<!-- / Yoast SEO plugin. -->

Era ed è rimasto il maggiore parco cittadino. È posizionato sul monticello sotto ed attorno ...

Početna stranica
