{"id":2134,"date":"2023-10-13T11:24:27","date_gmt":"2023-10-13T09:24:27","guid":{"rendered":"https:\/\/pulainfo.hr\/?post_type=where&#038;p=2134"},"modified":"2023-10-31T16:49:46","modified_gmt":"2023-10-31T15:49:46","slug":"bosco-siana","status":"publish","type":"where","link":"https:\/\/pulainfo.hr\/it\/where\/bosco-siana\/","title":{"rendered":"Bosco Siana"},"content":{"rendered":"<p>Se volete durante un afoso pomeriggio estivo, oppure durante una giornata d\u2019autunno ricca di colori, oppure in una aulentissima giornata primaverile fuggire dal caos cittadino, scegliete il Bosco Siana. Credetemi, non ve ne pentirete. A soli due chilometri dallo stretto centro cittadino, vi troverete nel cuore di un paradiso per l\u2019anima e per il corpo. I stretti sentieri posizionati come labirinti dietro ogni curva nascondono qualche sorpresa, qualche animaletto, oppure qualche bellissimo esemplare di flora di bosco. Attraverso le alte chiome degli alberi timidamente penetrano i raggi solari, appena sufficienti ad indicarvi il percorso. Qui \u00e8 sempre bello, in primavera, quando il suolo \u00e8 ricoperto da un tappeto profumato di ciclamini, come pure d\u2019autunno, quando sotto le foglie cadute s\u2019intravvedono i funghi. Amirateli, per\u00f2 non raccoglieteli! In questo bosco tutte le specie della flora e della fauna sono protette, cos\u00ec che a casa potete portare solamente i ricordi di queste belle immagini. Al Bosco di Siana \u00e8 legato un racconto. Il venerd\u00ec santo del 1271 i membri della famiglia abbiente dei Castropola vennero uccisi dai fuorilegge. Il fedele servitore \u00e8 riuscito a salvare soltanto il figlio, ancora bambino, e a sistemarlo nel convento francescano, dove \u00e8 cresciuto. Pi\u00f9 tardi, in segno di gratitudine, una volta adulto, questo figlio don\u00f2 il bosco al convento. Dal 1860 il bosco era amministrato dalla marina da guerra. All\u2019inizio dello scorso secolo veniva chiamato bosco imperiale (Kaiserwald), che serviva per riposo e ricreazione dell\u2019esercito austroungarico e dei signori. Molti gitanti giungevano con vari mezzi di trasporto: in carrozze, automobili, biciclette, cos\u00ec che gi\u00e0 quella volta si mostr\u00f2 indispensabile l\u2019opportunit\u00e0 di sistemazione del bosco e di collegarlo tramite una linea del tram con il centro. Nelle ricerche dettagliate organizzate fin\u2019ora, il parco-bosco di Siana viene descritto come insieme di roverelle e carpine bianco, e l\u2019immediata vicinanza con il mare e con la zona delle querce nere, sono la ragione per la quale nelle zone pi\u00f9 calde si trova il leccio. La superficie del parco bosco di Siana ammonta a 152,13 ettari, e lo caratterizzano pure le conifere. Ai visitatori dovrebbero venire presentati i valori delle singole specie per via della loro importanza ovvero rarit\u00e0. Tali sono ad esempio gli alberi della quercia da sughero (Quercus suber), della roverella (Quercus pubescens) e del Pinus brutia.<\/p>\n","protected":false},"excerpt":{"rendered":"<p>Se volete durante un afoso pomeriggio estivo, oppure durante una giornata d\u2019autunno ricca di colori, &#8230;<\/p>\n","protected":false},"featured_media":2255,"parent":0,"menu_order":707,"template":"","where_to_go":[247],"sd_tags":[310],"class_list":["post-2134","where","type-where","status-publish","has-post-thumbnail","hentry","where_to_go-parchi","sd_tags-natura"],"acf":[],"yoast_head":"<!-- This site is optimized with the Yoast SEO plugin v27.4 - https:\/\/yoast.com\/product\/yoast-seo-wordpress\/ -->\n<title>Bosco Siana - Tourism Office Pula<\/title>\n<meta name=\"robots\" content=\"index, follow, max-snippet:-1, max-image-preview:large, max-video-preview:-1\" \/>\n<link rel=\"canonical\" href=\"https:\/\/pulainfo.hr\/it\/where\/bosco-siana\/\" \/>\n<meta property=\"og:locale\" content=\"it_IT\" \/>\n<meta property=\"og:type\" content=\"article\" \/>\n<meta property=\"og:title\" content=\"Bosco Siana - Tourism Office Pula\" \/>\n<meta property=\"og:description\" content=\"Se volete durante un afoso pomeriggio estivo, oppure durante una giornata d\u2019autunno ricca di colori, ...\" \/>\n<meta property=\"og:url\" content=\"https:\/\/pulainfo.hr\/it\/where\/bosco-siana\/\" \/>\n<meta property=\"og:site_name\" content=\"Tourism Office Pula\" \/>\n<meta property=\"article:modified_time\" content=\"2023-10-31T15:49:46+00:00\" \/>\n<meta property=\"og:image\" content=\"https:\/\/pulainfo.hr\/wp-content\/uploads\/2023\/10\/sijana_natura37-070518_K.jpg\" \/>\n\t<meta property=\"og:image:width\" content=\"900\" \/>\n\t<meta property=\"og:image:height\" content=\"900\" \/>\n\t<meta property=\"og:image:type\" content=\"image\/jpeg\" \/>\n<meta name=\"twitter:card\" content=\"summary_large_image\" \/>\n<meta name=\"twitter:label1\" content=\"Tempo di lettura stimato\" \/>\n\t<meta name=\"twitter:data1\" content=\"2 minuti\" \/>\n<script type=\"application\/ld+json\" class=\"yoast-schema-graph\">{\"@context\":\"https:\\\/\\\/schema.org\",\"@graph\":[{\"@type\":\"WebPage\",\"@id\":\"https:\\\/\\\/pulainfo.hr\\\/it\\\/where\\\/bosco-siana\\\/\",\"url\":\"https:\\\/\\\/pulainfo.hr\\\/it\\\/where\\\/bosco-siana\\\/\",\"name\":\"Bosco Siana - Tourism Office Pula\",\"isPartOf\":{\"@id\":\"https:\\\/\\\/pulainfo.hr\\\/#website\"},\"primaryImageOfPage\":{\"@id\":\"https:\\\/\\\/pulainfo.hr\\\/it\\\/where\\\/bosco-siana\\\/#primaryimage\"},\"image\":{\"@id\":\"https:\\\/\\\/pulainfo.hr\\\/it\\\/where\\\/bosco-siana\\\/#primaryimage\"},\"thumbnailUrl\":\"https:\\\/\\\/pulainfo.hr\\\/wp-content\\\/uploads\\\/2023\\\/10\\\/sijana_natura37-070518_K.jpg\",\"datePublished\":\"2023-10-13T09:24:27+00:00\",\"dateModified\":\"2023-10-31T15:49:46+00:00\",\"breadcrumb\":{\"@id\":\"https:\\\/\\\/pulainfo.hr\\\/it\\\/where\\\/bosco-siana\\\/#breadcrumb\"},\"inLanguage\":\"it-IT\",\"potentialAction\":[{\"@type\":\"ReadAction\",\"target\":[\"https:\\\/\\\/pulainfo.hr\\\/it\\\/where\\\/bosco-siana\\\/\"]}]},{\"@type\":\"ImageObject\",\"inLanguage\":\"it-IT\",\"@id\":\"https:\\\/\\\/pulainfo.hr\\\/it\\\/where\\\/bosco-siana\\\/#primaryimage\",\"url\":\"https:\\\/\\\/pulainfo.hr\\\/wp-content\\\/uploads\\\/2023\\\/10\\\/sijana_natura37-070518_K.jpg\",\"contentUrl\":\"https:\\\/\\\/pulainfo.hr\\\/wp-content\\\/uploads\\\/2023\\\/10\\\/sijana_natura37-070518_K.jpg\",\"width\":900,\"height\":900},{\"@type\":\"BreadcrumbList\",\"@id\":\"https:\\\/\\\/pulainfo.hr\\\/it\\\/where\\\/bosco-siana\\\/#breadcrumb\",\"itemListElement\":[{\"@type\":\"ListItem\",\"position\":1,\"name\":\"Po\u010detna stranica\",\"item\":\"https:\\\/\\\/pulainfo.hr\\\/it\\\/\"},{\"@type\":\"ListItem\",\"position\":2,\"name\":\"See & do\",\"item\":\"https:\\\/\\\/pulainfo.hr\\\/where\\\/\"},{\"@type\":\"ListItem\",\"position\":3,\"name\":\"Bosco Siana\"}]},{\"@type\":\"WebSite\",\"@id\":\"https:\\\/\\\/pulainfo.hr\\\/#website\",\"url\":\"https:\\\/\\\/pulainfo.hr\\\/\",\"name\":\"Tourism Office Pula\",\"description\":\"Tourism Office Pula - Official web site\",\"publisher\":{\"@id\":\"https:\\\/\\\/pulainfo.hr\\\/#organization\"},\"potentialAction\":[{\"@type\":\"SearchAction\",\"target\":{\"@type\":\"EntryPoint\",\"urlTemplate\":\"https:\\\/\\\/pulainfo.hr\\\/?s={search_term_string}\"},\"query-input\":{\"@type\":\"PropertyValueSpecification\",\"valueRequired\":true,\"valueName\":\"search_term_string\"}}],\"inLanguage\":\"it-IT\"},{\"@type\":\"Organization\",\"@id\":\"https:\\\/\\\/pulainfo.hr\\\/#organization\",\"name\":\"Tourism Office Pula\",\"url\":\"https:\\\/\\\/pulainfo.hr\\\/\",\"logo\":{\"@type\":\"ImageObject\",\"inLanguage\":\"it-IT\",\"@id\":\"https:\\\/\\\/pulainfo.hr\\\/#\\\/schema\\\/logo\\\/image\\\/\",\"url\":\"https:\\\/\\\/pulainfo.hr\\\/wp-content\\\/uploads\\\/2023\\\/10\\\/logo.svg\",\"contentUrl\":\"https:\\\/\\\/pulainfo.hr\\\/wp-content\\\/uploads\\\/2023\\\/10\\\/logo.svg\",\"width\":171,\"height\":59,\"caption\":\"Tourism Office Pula\"},\"image\":{\"@id\":\"https:\\\/\\\/pulainfo.hr\\\/#\\\/schema\\\/logo\\\/image\\\/\"}}]}<\/script>\n<!-- \/ Yoast SEO plugin. -->","yoast_head_json":{"title":"Bosco Siana - Tourism Office Pula","robots":{"index":"index","follow":"follow","max-snippet":"max-snippet:-1","max-image-preview":"max-image-preview:large","max-video-preview":"max-video-preview:-1"},"canonical":"https:\/\/pulainfo.hr\/it\/where\/bosco-siana\/","og_locale":"it_IT","og_type":"article","og_title":"Bosco Siana - Tourism Office Pula","og_description":"Se volete durante un afoso pomeriggio estivo, oppure durante una giornata d\u2019autunno ricca di colori, ...","og_url":"https:\/\/pulainfo.hr\/it\/where\/bosco-siana\/","og_site_name":"Tourism Office Pula","article_modified_time":"2023-10-31T15:49:46+00:00","og_image":[{"width":900,"height":900,"url":"https:\/\/pulainfo.hr\/wp-content\/uploads\/2023\/10\/sijana_natura37-070518_K.jpg","type":"image\/jpeg"}],"twitter_card":"summary_large_image","twitter_misc":{"Tempo di lettura stimato":"2 minuti"},"schema":{"@context":"https:\/\/schema.org","@graph":[{"@type":"WebPage","@id":"https:\/\/pulainfo.hr\/it\/where\/bosco-siana\/","url":"https:\/\/pulainfo.hr\/it\/where\/bosco-siana\/","name":"Bosco Siana - Tourism Office Pula","isPartOf":{"@id":"https:\/\/pulainfo.hr\/#website"},"primaryImageOfPage":{"@id":"https:\/\/pulainfo.hr\/it\/where\/bosco-siana\/#primaryimage"},"image":{"@id":"https:\/\/pulainfo.hr\/it\/where\/bosco-siana\/#primaryimage"},"thumbnailUrl":"https:\/\/pulainfo.hr\/wp-content\/uploads\/2023\/10\/sijana_natura37-070518_K.jpg","datePublished":"2023-10-13T09:24:27+00:00","dateModified":"2023-10-31T15:49:46+00:00","breadcrumb":{"@id":"https:\/\/pulainfo.hr\/it\/where\/bosco-siana\/#breadcrumb"},"inLanguage":"it-IT","potentialAction":[{"@type":"ReadAction","target":["https:\/\/pulainfo.hr\/it\/where\/bosco-siana\/"]}]},{"@type":"ImageObject","inLanguage":"it-IT","@id":"https:\/\/pulainfo.hr\/it\/where\/bosco-siana\/#primaryimage","url":"https:\/\/pulainfo.hr\/wp-content\/uploads\/2023\/10\/sijana_natura37-070518_K.jpg","contentUrl":"https:\/\/pulainfo.hr\/wp-content\/uploads\/2023\/10\/sijana_natura37-070518_K.jpg","width":900,"height":900},{"@type":"BreadcrumbList","@id":"https:\/\/pulainfo.hr\/it\/where\/bosco-siana\/#breadcrumb","itemListElement":[{"@type":"ListItem","position":1,"name":"Po\u010detna stranica","item":"https:\/\/pulainfo.hr\/it\/"},{"@type":"ListItem","position":2,"name":"See & do","item":"https:\/\/pulainfo.hr\/where\/"},{"@type":"ListItem","position":3,"name":"Bosco Siana"}]},{"@type":"WebSite","@id":"https:\/\/pulainfo.hr\/#website","url":"https:\/\/pulainfo.hr\/","name":"Tourism Office Pula","description":"Tourism Office Pula - Official web site","publisher":{"@id":"https:\/\/pulainfo.hr\/#organization"},"potentialAction":[{"@type":"SearchAction","target":{"@type":"EntryPoint","urlTemplate":"https:\/\/pulainfo.hr\/?s={search_term_string}"},"query-input":{"@type":"PropertyValueSpecification","valueRequired":true,"valueName":"search_term_string"}}],"inLanguage":"it-IT"},{"@type":"Organization","@id":"https:\/\/pulainfo.hr\/#organization","name":"Tourism Office Pula","url":"https:\/\/pulainfo.hr\/","logo":{"@type":"ImageObject","inLanguage":"it-IT","@id":"https:\/\/pulainfo.hr\/#\/schema\/logo\/image\/","url":"https:\/\/pulainfo.hr\/wp-content\/uploads\/2023\/10\/logo.svg","contentUrl":"https:\/\/pulainfo.hr\/wp-content\/uploads\/2023\/10\/logo.svg","width":171,"height":59,"caption":"Tourism Office Pula"},"image":{"@id":"https:\/\/pulainfo.hr\/#\/schema\/logo\/image\/"}}]}},"_links":{"self":[{"href":"https:\/\/pulainfo.hr\/it\/wp-json\/wp\/v2\/where\/2134","targetHints":{"allow":["GET"]}}],"collection":[{"href":"https:\/\/pulainfo.hr\/it\/wp-json\/wp\/v2\/where"}],"about":[{"href":"https:\/\/pulainfo.hr\/it\/wp-json\/wp\/v2\/types\/where"}],"wp:featuredmedia":[{"embeddable":true,"href":"https:\/\/pulainfo.hr\/it\/wp-json\/wp\/v2\/media\/2255"}],"wp:attachment":[{"href":"https:\/\/pulainfo.hr\/it\/wp-json\/wp\/v2\/media?parent=2134"}],"wp:term":[{"taxonomy":"where_to_go","embeddable":true,"href":"https:\/\/pulainfo.hr\/it\/wp-json\/wp\/v2\/where_to_go?post=2134"},{"taxonomy":"sd_tags","embeddable":true,"href":"https:\/\/pulainfo.hr\/it\/wp-json\/wp\/v2\/sd_tags?post=2134"}],"curies":[{"name":"wp","href":"https:\/\/api.w.org\/{rel}","templated":true}]}}

<p>Se volete durante un afoso pomeriggio estivo, oppure durante una giornata d’autunno ricca di colori, oppure in una aulentissima giornata primaverile fuggire dal caos cittadino, scegliete il Bosco Siana. Credetemi, non ve ne pentirete. A soli due chilometri dallo stretto centro cittadino, vi troverete nel cuore di un paradiso per l’anima e per il corpo. I stretti sentieri posizionati come labirinti dietro ogni curva nascondono qualche sorpresa, qualche animaletto, oppure qualche bellissimo esemplare di flora di bosco. Attraverso le alte chiome degli alberi timidamente penetrano i raggi solari, appena sufficienti ad indicarvi il percorso. Qui è sempre bello, in primavera, quando il suolo è ricoperto da un tappeto profumato di ciclamini, come pure d’autunno, quando sotto le foglie cadute s’intravvedono i funghi. Amirateli, però non raccoglieteli! In questo bosco tutte le specie della flora e della fauna sono protette, così che a casa potete portare solamente i ricordi di queste belle immagini. Al Bosco di Siana è legato un racconto. Il venerdì santo del 1271 i membri della famiglia abbiente dei Castropola vennero uccisi dai fuorilegge. Il fedele servitore è riuscito a salvare soltanto il figlio, ancora bambino, e a sistemarlo nel convento francescano, dove è cresciuto. Più tardi, in segno di gratitudine, una volta adulto, questo figlio donò il bosco al convento. Dal 1860 il bosco era amministrato dalla marina da guerra. All’inizio dello scorso secolo veniva chiamato bosco imperiale (Kaiserwald), che serviva per riposo e ricreazione dell’esercito austroungarico e dei signori. Molti gitanti giungevano con vari mezzi di trasporto: in carrozze, automobili, biciclette, così che già quella volta si mostrò indispensabile l’opportunità di sistemazione del bosco e di collegarlo tramite una linea del tram con il centro. Nelle ricerche dettagliate organizzate fin’ora, il parco-bosco di Siana viene descritto come insieme di roverelle e carpine bianco, e l’immediata vicinanza con il mare e con la zona delle querce nere, sono la ragione per la quale nelle zone più calde si trova il leccio. La superficie del parco bosco di Siana ammonta a 152,13 ettari, e lo caratterizzano pure le conifere. Ai visitatori dovrebbero venire presentati i valori delle singole specie per via della loro importanza ovvero rarità. Tali sono ad esempio gli alberi della quercia da sughero (Quercus suber), della roverella (Quercus pubescens) e del Pinus brutia.</p>

<!-- This site is optimized with the Yoast SEO plugin v27.4 - https://yoast.com/product/yoast-seo-wordpress/ -->
<title>Bosco Siana - Tourism Office Pula</title>
<meta name="robots" content="index, follow, max-snippet:-1, max-image-preview:large, max-video-preview:-1" />
<link rel="canonical" href="https://pulainfo.hr/it/where/bosco-siana/" />
<meta property="og:locale" content="it_IT" />
<meta property="og:type" content="article" />
<meta property="og:title" content="Bosco Siana - Tourism Office Pula" />
<meta property="og:description" content="Se volete durante un afoso pomeriggio estivo, oppure durante una giornata d’autunno ricca di colori, ..." />
<meta property="og:url" content="https://pulainfo.hr/it/where/bosco-siana/" />
<meta property="og:site_name" content="Tourism Office Pula" />
<meta property="article:modified_time" content="2023-10-31T15:49:46+00:00" />
<meta property="og:image" content="https://pulainfo.hr/wp-content/uploads/2023/10/sijana_natura37-070518_K.jpg" />
	<meta property="og:image:width" content="900" />
	<meta property="og:image:height" content="900" />
	<meta property="og:image:type" content="image/jpeg" />
<meta name="twitter:card" content="summary_large_image" />
<meta name="twitter:label1" content="Tempo di lettura stimato" />
	<meta name="twitter:data1" content="2 minuti" />
<script type="application/ld+json" class="yoast-schema-graph">{"@context":"https:\/\/schema.org","@graph":[{"@type":"WebPage","@id":"https:\/\/pulainfo.hr\/it\/where\/bosco-siana\/","url":"https:\/\/pulainfo.hr\/it\/where\/bosco-siana\/","name":"Bosco Siana - Tourism Office Pula","isPartOf":{"@id":"https:\/\/pulainfo.hr\/#website"},"primaryImageOfPage":{"@id":"https:\/\/pulainfo.hr\/it\/where\/bosco-siana\/#primaryimage"},"image":{"@id":"https:\/\/pulainfo.hr\/it\/where\/bosco-siana\/#primaryimage"},"thumbnailUrl":"https:\/\/pulainfo.hr\/wp-content\/uploads\/2023\/10\/sijana_natura37-070518_K.jpg","datePublished":"2023-10-13T09:24:27+00:00","dateModified":"2023-10-31T15:49:46+00:00","breadcrumb":{"@id":"https:\/\/pulainfo.hr\/it\/where\/bosco-siana\/#breadcrumb"},"inLanguage":"it-IT","potentialAction":[{"@type":"ReadAction","target":["https:\/\/pulainfo.hr\/it\/where\/bosco-siana\/"]}]},{"@type":"ImageObject","inLanguage":"it-IT","@id":"https:\/\/pulainfo.hr\/it\/where\/bosco-siana\/#primaryimage","url":"https:\/\/pulainfo.hr\/wp-content\/uploads\/2023\/10\/sijana_natura37-070518_K.jpg","contentUrl":"https:\/\/pulainfo.hr\/wp-content\/uploads\/2023\/10\/sijana_natura37-070518_K.jpg","width":900,"height":900},{"@type":"BreadcrumbList","@id":"https:\/\/pulainfo.hr\/it\/where\/bosco-siana\/#breadcrumb","itemListElement":[{"@type":"ListItem","position":1,"name":"Početna stranica","item":"https:\/\/pulainfo.hr\/it\/"},{"@type":"ListItem","position":2,"name":"See & do","item":"https:\/\/pulainfo.hr\/where\/"},{"@type":"ListItem","position":3,"name":"Bosco Siana"}]},{"@type":"WebSite","@id":"https:\/\/pulainfo.hr\/#website","url":"https:\/\/pulainfo.hr\/","name":"Tourism Office Pula","description":"Tourism Office Pula - Official web site","publisher":{"@id":"https:\/\/pulainfo.hr\/#organization"},"potentialAction":[{"@type":"SearchAction","target":{"@type":"EntryPoint","urlTemplate":"https:\/\/pulainfo.hr\/?s={search_term_string}"},"query-input":{"@type":"PropertyValueSpecification","valueRequired":true,"valueName":"search_term_string"}}],"inLanguage":"it-IT"},{"@type":"Organization","@id":"https:\/\/pulainfo.hr\/#organization","name":"Tourism Office Pula","url":"https:\/\/pulainfo.hr\/","logo":{"@type":"ImageObject","inLanguage":"it-IT","@id":"https:\/\/pulainfo.hr\/#\/schema\/logo\/image\/","url":"https:\/\/pulainfo.hr\/wp-content\/uploads\/2023\/10\/logo.svg","contentUrl":"https:\/\/pulainfo.hr\/wp-content\/uploads\/2023\/10\/logo.svg","width":171,"height":59,"caption":"Tourism Office Pula"},"image":{"@id":"https:\/\/pulainfo.hr\/#\/schema\/logo\/image\/"}}]}</script>
<!-- / Yoast SEO plugin. -->

Početna stranica
