{"id":2423,"date":"2023-10-16T11:21:45","date_gmt":"2023-10-16T09:21:45","guid":{"rendered":"https:\/\/pulainfo.hr\/?post_type=where&#038;p=2423"},"modified":"2024-06-04T15:36:13","modified_gmt":"2024-06-04T13:36:13","slug":"park-grada-graza","status":"publish","type":"where","link":"https:\/\/pulainfo.hr\/hr\/where\/park-grada-graza\/","title":{"rendered":"Park grada Graza"},"content":{"rendered":"<p>Park nazvan po austrijskom gradu pobratimu Pule smje\u0161ten je u strogom centru grada izme\u0111u glavnih pje\u0161a\u010dkih i automobilskih komunikacijskih smjerova. Podignut je 1957. godine na ru\u0161evinama zgrada koje su sru\u0161ene u bombardiranju pa je njegova podloga nekvalitetna i ne zadovoljava potrebe modernog gradskog parka. Iako nije reprezentativno ure\u0111en, privla\u010di pa\u017enju arheolo\u0161kim eksponatima razmje\u0161tenim po parkovnoj povr\u0161ini zbog kojih je do 60-ih godina 20. stolje\u0107a i nosio ime Arheolo\u0161ki park. U njegovom je sredi\u0161tu mjesto prona\u0161la skupina lijepih crnika, istarskog autohtonog hrasta, vrste koja prevladava u vegetacijskoj karti Istre. Tu nalazimo i jedinstveni primjerak samonikle smokve \u2014 mediteranske vo\u0107ke plodova nezaobilaznih na istarskoj trpezi. Ku\u0161ajte ih na razne na\u010dine: svje\u017ee su\u0161ene, u rakiji, marmeladi i kola\u010d smokvenjak.<\/p>\n<p>Rubno prema prometnici izme\u0111u stasitih stabala ladonja svoje su mjesto prona\u0161li grmovi mirte (Myrtus communis). Ova mediteranska biljka prirodno se nalazi u vegetaciji Istre i jo\u0161 je jedan od \u2018mirisnih\u2019 \u010dlanova mediteranske flore. Naime, eteri\u010dnim se uljem mirte uspje\u0161no lije\u010de problemi di\u0161nih puteva i ja\u010da imunolo\u0161ki sustav.<\/p>\n","protected":false},"excerpt":{"rendered":"<p>Podignut 1957. godine na ru\u0161evinama zgrada koje su sru\u0161ene u bombardiranju<\/p>\n","protected":false},"featured_media":9134,"parent":0,"menu_order":744,"template":"","where_to_go":[175],"sd_tags":[281],"class_list":["post-2423","where","type-where","status-publish","has-post-thumbnail","hentry","where_to_go-parkovi","sd_tags-priroda"],"acf":[],"yoast_head":"<!-- This site is optimized with the Yoast SEO plugin v27.4 - https:\/\/yoast.com\/product\/yoast-seo-wordpress\/ -->\n<title>Park grada Graza - Tourism Office Pula<\/title>\n<meta name=\"robots\" content=\"index, follow, max-snippet:-1, max-image-preview:large, max-video-preview:-1\" \/>\n<link rel=\"canonical\" href=\"https:\/\/pulainfo.hr\/hr\/where\/park-grada-graza\/\" \/>\n<meta property=\"og:locale\" content=\"hr_HR\" \/>\n<meta property=\"og:type\" content=\"article\" \/>\n<meta property=\"og:title\" content=\"Park grada Graza - Tourism Office Pula\" \/>\n<meta property=\"og:description\" content=\"Podignut 1957. godine na ru\u0161evinama zgrada koje su sru\u0161ene u bombardiranju\" \/>\n<meta property=\"og:url\" content=\"https:\/\/pulainfo.hr\/hr\/where\/park-grada-graza\/\" \/>\n<meta property=\"og:site_name\" content=\"Tourism Office Pula\" \/>\n<meta property=\"article:modified_time\" content=\"2024-06-04T13:36:13+00:00\" \/>\n<meta property=\"og:image\" content=\"https:\/\/pulainfo.hr\/wp-content\/uploads\/2023\/10\/DSC_1732_K.jpg\" \/>\n\t<meta property=\"og:image:width\" content=\"900\" \/>\n\t<meta property=\"og:image:height\" content=\"900\" \/>\n\t<meta property=\"og:image:type\" content=\"image\/jpeg\" \/>\n<meta name=\"twitter:card\" content=\"summary_large_image\" \/>\n<meta name=\"twitter:label1\" content=\"Procijenjeno vrijeme \u010ditanja\" \/>\n\t<meta name=\"twitter:data1\" content=\"1 minuta\" \/>\n<script type=\"application\/ld+json\" class=\"yoast-schema-graph\">{\"@context\":\"https:\\\/\\\/schema.org\",\"@graph\":[{\"@type\":\"WebPage\",\"@id\":\"https:\\\/\\\/pulainfo.hr\\\/hr\\\/where\\\/park-grada-graza\\\/\",\"url\":\"https:\\\/\\\/pulainfo.hr\\\/hr\\\/where\\\/park-grada-graza\\\/\",\"name\":\"Park grada Graza - Tourism Office Pula\",\"isPartOf\":{\"@id\":\"https:\\\/\\\/pulainfo.hr\\\/#website\"},\"primaryImageOfPage\":{\"@id\":\"https:\\\/\\\/pulainfo.hr\\\/hr\\\/where\\\/park-grada-graza\\\/#primaryimage\"},\"image\":{\"@id\":\"https:\\\/\\\/pulainfo.hr\\\/hr\\\/where\\\/park-grada-graza\\\/#primaryimage\"},\"thumbnailUrl\":\"https:\\\/\\\/pulainfo.hr\\\/wp-content\\\/uploads\\\/2023\\\/10\\\/DSC_1732_K.jpg\",\"datePublished\":\"2023-10-16T09:21:45+00:00\",\"dateModified\":\"2024-06-04T13:36:13+00:00\",\"breadcrumb\":{\"@id\":\"https:\\\/\\\/pulainfo.hr\\\/hr\\\/where\\\/park-grada-graza\\\/#breadcrumb\"},\"inLanguage\":\"hr\",\"potentialAction\":[{\"@type\":\"ReadAction\",\"target\":[\"https:\\\/\\\/pulainfo.hr\\\/hr\\\/where\\\/park-grada-graza\\\/\"]}]},{\"@type\":\"ImageObject\",\"inLanguage\":\"hr\",\"@id\":\"https:\\\/\\\/pulainfo.hr\\\/hr\\\/where\\\/park-grada-graza\\\/#primaryimage\",\"url\":\"https:\\\/\\\/pulainfo.hr\\\/wp-content\\\/uploads\\\/2023\\\/10\\\/DSC_1732_K.jpg\",\"contentUrl\":\"https:\\\/\\\/pulainfo.hr\\\/wp-content\\\/uploads\\\/2023\\\/10\\\/DSC_1732_K.jpg\",\"width\":900,\"height\":900},{\"@type\":\"BreadcrumbList\",\"@id\":\"https:\\\/\\\/pulainfo.hr\\\/hr\\\/where\\\/park-grada-graza\\\/#breadcrumb\",\"itemListElement\":[{\"@type\":\"ListItem\",\"position\":1,\"name\":\"Po\u010detna stranica\",\"item\":\"https:\\\/\\\/pulainfo.hr\\\/hr\\\/\"},{\"@type\":\"ListItem\",\"position\":2,\"name\":\"See & do\",\"item\":\"https:\\\/\\\/pulainfo.hr\\\/where\\\/\"},{\"@type\":\"ListItem\",\"position\":3,\"name\":\"Park grada Graza\"}]},{\"@type\":\"WebSite\",\"@id\":\"https:\\\/\\\/pulainfo.hr\\\/#website\",\"url\":\"https:\\\/\\\/pulainfo.hr\\\/\",\"name\":\"Tourism Office Pula\",\"description\":\"Tourism Office Pula - Official web site\",\"publisher\":{\"@id\":\"https:\\\/\\\/pulainfo.hr\\\/#organization\"},\"potentialAction\":[{\"@type\":\"SearchAction\",\"target\":{\"@type\":\"EntryPoint\",\"urlTemplate\":\"https:\\\/\\\/pulainfo.hr\\\/?s={search_term_string}\"},\"query-input\":{\"@type\":\"PropertyValueSpecification\",\"valueRequired\":true,\"valueName\":\"search_term_string\"}}],\"inLanguage\":\"hr\"},{\"@type\":\"Organization\",\"@id\":\"https:\\\/\\\/pulainfo.hr\\\/#organization\",\"name\":\"Tourism Office Pula\",\"url\":\"https:\\\/\\\/pulainfo.hr\\\/\",\"logo\":{\"@type\":\"ImageObject\",\"inLanguage\":\"hr\",\"@id\":\"https:\\\/\\\/pulainfo.hr\\\/#\\\/schema\\\/logo\\\/image\\\/\",\"url\":\"https:\\\/\\\/pulainfo.hr\\\/wp-content\\\/uploads\\\/2023\\\/10\\\/logo.svg\",\"contentUrl\":\"https:\\\/\\\/pulainfo.hr\\\/wp-content\\\/uploads\\\/2023\\\/10\\\/logo.svg\",\"width\":171,\"height\":59,\"caption\":\"Tourism Office Pula\"},\"image\":{\"@id\":\"https:\\\/\\\/pulainfo.hr\\\/#\\\/schema\\\/logo\\\/image\\\/\"}}]}<\/script>\n<!-- \/ Yoast SEO plugin. -->","yoast_head_json":{"title":"Park grada Graza - Tourism Office Pula","robots":{"index":"index","follow":"follow","max-snippet":"max-snippet:-1","max-image-preview":"max-image-preview:large","max-video-preview":"max-video-preview:-1"},"canonical":"https:\/\/pulainfo.hr\/hr\/where\/park-grada-graza\/","og_locale":"hr_HR","og_type":"article","og_title":"Park grada Graza - Tourism Office Pula","og_description":"Podignut 1957. godine na ru\u0161evinama zgrada koje su sru\u0161ene u bombardiranju","og_url":"https:\/\/pulainfo.hr\/hr\/where\/park-grada-graza\/","og_site_name":"Tourism Office Pula","article_modified_time":"2024-06-04T13:36:13+00:00","og_image":[{"width":900,"height":900,"url":"https:\/\/pulainfo.hr\/wp-content\/uploads\/2023\/10\/DSC_1732_K.jpg","type":"image\/jpeg"}],"twitter_card":"summary_large_image","twitter_misc":{"Procijenjeno vrijeme \u010ditanja":"1 minuta"},"schema":{"@context":"https:\/\/schema.org","@graph":[{"@type":"WebPage","@id":"https:\/\/pulainfo.hr\/hr\/where\/park-grada-graza\/","url":"https:\/\/pulainfo.hr\/hr\/where\/park-grada-graza\/","name":"Park grada Graza - Tourism Office Pula","isPartOf":{"@id":"https:\/\/pulainfo.hr\/#website"},"primaryImageOfPage":{"@id":"https:\/\/pulainfo.hr\/hr\/where\/park-grada-graza\/#primaryimage"},"image":{"@id":"https:\/\/pulainfo.hr\/hr\/where\/park-grada-graza\/#primaryimage"},"thumbnailUrl":"https:\/\/pulainfo.hr\/wp-content\/uploads\/2023\/10\/DSC_1732_K.jpg","datePublished":"2023-10-16T09:21:45+00:00","dateModified":"2024-06-04T13:36:13+00:00","breadcrumb":{"@id":"https:\/\/pulainfo.hr\/hr\/where\/park-grada-graza\/#breadcrumb"},"inLanguage":"hr","potentialAction":[{"@type":"ReadAction","target":["https:\/\/pulainfo.hr\/hr\/where\/park-grada-graza\/"]}]},{"@type":"ImageObject","inLanguage":"hr","@id":"https:\/\/pulainfo.hr\/hr\/where\/park-grada-graza\/#primaryimage","url":"https:\/\/pulainfo.hr\/wp-content\/uploads\/2023\/10\/DSC_1732_K.jpg","contentUrl":"https:\/\/pulainfo.hr\/wp-content\/uploads\/2023\/10\/DSC_1732_K.jpg","width":900,"height":900},{"@type":"BreadcrumbList","@id":"https:\/\/pulainfo.hr\/hr\/where\/park-grada-graza\/#breadcrumb","itemListElement":[{"@type":"ListItem","position":1,"name":"Po\u010detna stranica","item":"https:\/\/pulainfo.hr\/hr\/"},{"@type":"ListItem","position":2,"name":"See & do","item":"https:\/\/pulainfo.hr\/where\/"},{"@type":"ListItem","position":3,"name":"Park grada Graza"}]},{"@type":"WebSite","@id":"https:\/\/pulainfo.hr\/#website","url":"https:\/\/pulainfo.hr\/","name":"Tourism Office Pula","description":"Tourism Office Pula - Official web site","publisher":{"@id":"https:\/\/pulainfo.hr\/#organization"},"potentialAction":[{"@type":"SearchAction","target":{"@type":"EntryPoint","urlTemplate":"https:\/\/pulainfo.hr\/?s={search_term_string}"},"query-input":{"@type":"PropertyValueSpecification","valueRequired":true,"valueName":"search_term_string"}}],"inLanguage":"hr"},{"@type":"Organization","@id":"https:\/\/pulainfo.hr\/#organization","name":"Tourism Office Pula","url":"https:\/\/pulainfo.hr\/","logo":{"@type":"ImageObject","inLanguage":"hr","@id":"https:\/\/pulainfo.hr\/#\/schema\/logo\/image\/","url":"https:\/\/pulainfo.hr\/wp-content\/uploads\/2023\/10\/logo.svg","contentUrl":"https:\/\/pulainfo.hr\/wp-content\/uploads\/2023\/10\/logo.svg","width":171,"height":59,"caption":"Tourism Office Pula"},"image":{"@id":"https:\/\/pulainfo.hr\/#\/schema\/logo\/image\/"}}]}},"_links":{"self":[{"href":"https:\/\/pulainfo.hr\/hr\/wp-json\/wp\/v2\/where\/2423","targetHints":{"allow":["GET"]}}],"collection":[{"href":"https:\/\/pulainfo.hr\/hr\/wp-json\/wp\/v2\/where"}],"about":[{"href":"https:\/\/pulainfo.hr\/hr\/wp-json\/wp\/v2\/types\/where"}],"wp:featuredmedia":[{"embeddable":true,"href":"https:\/\/pulainfo.hr\/hr\/wp-json\/wp\/v2\/media\/9134"}],"wp:attachment":[{"href":"https:\/\/pulainfo.hr\/hr\/wp-json\/wp\/v2\/media?parent=2423"}],"wp:term":[{"taxonomy":"where_to_go","embeddable":true,"href":"https:\/\/pulainfo.hr\/hr\/wp-json\/wp\/v2\/where_to_go?post=2423"},{"taxonomy":"sd_tags","embeddable":true,"href":"https:\/\/pulainfo.hr\/hr\/wp-json\/wp\/v2\/sd_tags?post=2423"}],"curies":[{"name":"wp","href":"https:\/\/api.w.org\/{rel}","templated":true}]}}

<p>Park nazvan po austrijskom gradu pobratimu Pule smješten je u strogom centru grada između glavnih pješačkih i automobilskih komunikacijskih smjerova. Podignut je 1957. godine na ruševinama zgrada koje su srušene u bombardiranju pa je njegova podloga nekvalitetna i ne zadovoljava potrebe modernog gradskog parka. Iako nije reprezentativno uređen, privlači pažnju arheološkim eksponatima razmještenim po parkovnoj površini zbog kojih je do 60-ih godina 20. stoljeća i nosio ime Arheološki park. U njegovom je središtu mjesto pronašla skupina lijepih crnika, istarskog autohtonog hrasta, vrste koja prevladava u vegetacijskoj karti Istre. Tu nalazimo i jedinstveni primjerak samonikle smokve — mediteranske voćke plodova nezaobilaznih na istarskoj trpezi. Kušajte ih na razne načine: svježe sušene, u rakiji, marmeladi i kolač smokvenjak.</p>
<p>Rubno prema prometnici između stasitih stabala ladonja svoje su mjesto pronašli grmovi mirte (Myrtus communis). Ova mediteranska biljka prirodno se nalazi u vegetaciji Istre i još je jedan od ‘mirisnih’ članova mediteranske flore. Naime, eteričnim se uljem mirte uspješno liječe problemi dišnih puteva i jača imunološki sustav.</p>

<p>Podignut 1957. godine na ruševinama zgrada koje su srušene u bombardiranju</p>

<!-- This site is optimized with the Yoast SEO plugin v27.4 - https://yoast.com/product/yoast-seo-wordpress/ -->
<title>Park grada Graza - Tourism Office Pula</title>
<meta name="robots" content="index, follow, max-snippet:-1, max-image-preview:large, max-video-preview:-1" />
<link rel="canonical" href="https://pulainfo.hr/hr/where/park-grada-graza/" />
<meta property="og:locale" content="hr_HR" />
<meta property="og:type" content="article" />
<meta property="og:title" content="Park grada Graza - Tourism Office Pula" />
<meta property="og:description" content="Podignut 1957. godine na ruševinama zgrada koje su srušene u bombardiranju" />
<meta property="og:url" content="https://pulainfo.hr/hr/where/park-grada-graza/" />
<meta property="og:site_name" content="Tourism Office Pula" />
<meta property="article:modified_time" content="2024-06-04T13:36:13+00:00" />
<meta property="og:image" content="https://pulainfo.hr/wp-content/uploads/2023/10/DSC_1732_K.jpg" />
	<meta property="og:image:width" content="900" />
	<meta property="og:image:height" content="900" />
	<meta property="og:image:type" content="image/jpeg" />
<meta name="twitter:card" content="summary_large_image" />
<meta name="twitter:label1" content="Procijenjeno vrijeme čitanja" />
	<meta name="twitter:data1" content="1 minuta" />
<script type="application/ld+json" class="yoast-schema-graph">{"@context":"https:\/\/schema.org","@graph":[{"@type":"WebPage","@id":"https:\/\/pulainfo.hr\/hr\/where\/park-grada-graza\/","url":"https:\/\/pulainfo.hr\/hr\/where\/park-grada-graza\/","name":"Park grada Graza - Tourism Office Pula","isPartOf":{"@id":"https:\/\/pulainfo.hr\/#website"},"primaryImageOfPage":{"@id":"https:\/\/pulainfo.hr\/hr\/where\/park-grada-graza\/#primaryimage"},"image":{"@id":"https:\/\/pulainfo.hr\/hr\/where\/park-grada-graza\/#primaryimage"},"thumbnailUrl":"https:\/\/pulainfo.hr\/wp-content\/uploads\/2023\/10\/DSC_1732_K.jpg","datePublished":"2023-10-16T09:21:45+00:00","dateModified":"2024-06-04T13:36:13+00:00","breadcrumb":{"@id":"https:\/\/pulainfo.hr\/hr\/where\/park-grada-graza\/#breadcrumb"},"inLanguage":"hr","potentialAction":[{"@type":"ReadAction","target":["https:\/\/pulainfo.hr\/hr\/where\/park-grada-graza\/"]}]},{"@type":"ImageObject","inLanguage":"hr","@id":"https:\/\/pulainfo.hr\/hr\/where\/park-grada-graza\/#primaryimage","url":"https:\/\/pulainfo.hr\/wp-content\/uploads\/2023\/10\/DSC_1732_K.jpg","contentUrl":"https:\/\/pulainfo.hr\/wp-content\/uploads\/2023\/10\/DSC_1732_K.jpg","width":900,"height":900},{"@type":"BreadcrumbList","@id":"https:\/\/pulainfo.hr\/hr\/where\/park-grada-graza\/#breadcrumb","itemListElement":[{"@type":"ListItem","position":1,"name":"Početna stranica","item":"https:\/\/pulainfo.hr\/hr\/"},{"@type":"ListItem","position":2,"name":"See & do","item":"https:\/\/pulainfo.hr\/where\/"},{"@type":"ListItem","position":3,"name":"Park grada Graza"}]},{"@type":"WebSite","@id":"https:\/\/pulainfo.hr\/#website","url":"https:\/\/pulainfo.hr\/","name":"Tourism Office Pula","description":"Tourism Office Pula - Official web site","publisher":{"@id":"https:\/\/pulainfo.hr\/#organization"},"potentialAction":[{"@type":"SearchAction","target":{"@type":"EntryPoint","urlTemplate":"https:\/\/pulainfo.hr\/?s={search_term_string}"},"query-input":{"@type":"PropertyValueSpecification","valueRequired":true,"valueName":"search_term_string"}}],"inLanguage":"hr"},{"@type":"Organization","@id":"https:\/\/pulainfo.hr\/#organization","name":"Tourism Office Pula","url":"https:\/\/pulainfo.hr\/","logo":{"@type":"ImageObject","inLanguage":"hr","@id":"https:\/\/pulainfo.hr\/#\/schema\/logo\/image\/","url":"https:\/\/pulainfo.hr\/wp-content\/uploads\/2023\/10\/logo.svg","contentUrl":"https:\/\/pulainfo.hr\/wp-content\/uploads\/2023\/10\/logo.svg","width":171,"height":59,"caption":"Tourism Office Pula"},"image":{"@id":"https:\/\/pulainfo.hr\/#\/schema\/logo\/image\/"}}]}</script>
<!-- / Yoast SEO plugin. -->

Podignut 1957. godine na ruševinama zgrada koje su srušene u bombardiranju

Početna stranica
