{"id":2399,"date":"2023-10-16T10:01:19","date_gmt":"2023-10-16T08:01:19","guid":{"rendered":"https:\/\/pulainfo.hr\/?post_type=where&#038;p=2399"},"modified":"2024-06-04T17:26:30","modified_gmt":"2024-06-04T15:26:30","slug":"art-zona-kandler-centar-kreativnosti","status":"publish","type":"where","link":"https:\/\/pulainfo.hr\/hr\/where\/art-zona-kandler-centar-kreativnosti\/","title":{"rendered":"Art zona Kandler \u2014 centar kreativnosti"},"content":{"rendered":"<p>Kandlerova ulica zajedno s ulicom Sergijevaca \u010dini jedan od prstena oko Ka\u0161tela prema rivi te povezuje starorimska i aktualna \u017eari\u0161ta Forum i Arenu, a zajedno sa svim usponima i trgom Sv. Tome, gdje se proteklih 30-ak godina organiziraju razna kulturna i zabavna zbivanja, u turisti\u010dkoj sezoni postaje glavna gradska arterija.<\/p>\n<p>Kako bi profilirala Kandlerovu ulicu te sve uspone uz nju kao umjetni\u010dku zonu Pule, Upravni odjel za kulturu, 2014. godine pokrenuo je projekt \u2018Art zona Kandler\u2019 kako bi ovaj prostor postao centar kreativnosti i kulturno umjetni\u010dkog stvarala\u0161tva.<\/p>\n<p>U Zoni djeluje i \u2018Gradska knji\u017enica i \u010ditaonica Pula\u2019, a za sve one koji \u017eele svoj odmor provesti okru\u017eeni umjetnicima u jedinstvenoj atmosferi tu su i Hosteli, trgovine, restorani, kafi\u0107i, kulturnjaci, kreativci&#8230;<\/p>\n","protected":false},"excerpt":{"rendered":"<p>Kandlerova ulica zajedno s ulicom Sergijevaca povezuje starorimska i aktualna \u017eari\u0161ta Forum i Arenu<\/p>\n","protected":false},"featured_media":9246,"parent":0,"menu_order":327,"template":"","where_to_go":[181],"sd_tags":[],"class_list":["post-2399","where","type-where","status-publish","has-post-thumbnail","hentry","where_to_go-zanimljivosti"],"acf":[],"yoast_head":"<!-- This site is optimized with the Yoast SEO plugin v27.4 - https:\/\/yoast.com\/product\/yoast-seo-wordpress\/ -->\n<title>Art zona Kandler \u2014 centar kreativnosti - Tourism Office Pula<\/title>\n<meta name=\"robots\" content=\"index, follow, max-snippet:-1, max-image-preview:large, max-video-preview:-1\" \/>\n<link rel=\"canonical\" href=\"https:\/\/pulainfo.hr\/hr\/where\/art-zona-kandler-centar-kreativnosti\/\" \/>\n<meta property=\"og:locale\" content=\"hr_HR\" \/>\n<meta property=\"og:type\" content=\"article\" \/>\n<meta property=\"og:title\" content=\"Art zona Kandler \u2014 centar kreativnosti - Tourism Office Pula\" \/>\n<meta property=\"og:description\" content=\"Kandlerova ulica zajedno s ulicom Sergijevaca povezuje starorimska i aktualna \u017eari\u0161ta Forum i Arenu\" \/>\n<meta property=\"og:url\" content=\"https:\/\/pulainfo.hr\/hr\/where\/art-zona-kandler-centar-kreativnosti\/\" \/>\n<meta property=\"og:site_name\" content=\"Tourism Office Pula\" \/>\n<meta property=\"article:modified_time\" content=\"2024-06-04T15:26:30+00:00\" \/>\n<meta property=\"og:image\" content=\"https:\/\/pulainfo.hr\/wp-content\/uploads\/2023\/10\/Pula-Kandlerova-ulica-i-uspon_K.jpg\" \/>\n\t<meta property=\"og:image:width\" content=\"900\" \/>\n\t<meta property=\"og:image:height\" content=\"900\" \/>\n\t<meta property=\"og:image:type\" content=\"image\/jpeg\" \/>\n<meta name=\"twitter:card\" content=\"summary_large_image\" \/>\n<meta name=\"twitter:label1\" content=\"Procijenjeno vrijeme \u010ditanja\" \/>\n\t<meta name=\"twitter:data1\" content=\"1 minuta\" \/>\n<script type=\"application\/ld+json\" class=\"yoast-schema-graph\">{\"@context\":\"https:\\\/\\\/schema.org\",\"@graph\":[{\"@type\":\"WebPage\",\"@id\":\"https:\\\/\\\/pulainfo.hr\\\/hr\\\/where\\\/art-zona-kandler-centar-kreativnosti\\\/\",\"url\":\"https:\\\/\\\/pulainfo.hr\\\/hr\\\/where\\\/art-zona-kandler-centar-kreativnosti\\\/\",\"name\":\"Art zona Kandler \u2014 centar kreativnosti - Tourism Office Pula\",\"isPartOf\":{\"@id\":\"https:\\\/\\\/pulainfo.hr\\\/#website\"},\"primaryImageOfPage\":{\"@id\":\"https:\\\/\\\/pulainfo.hr\\\/hr\\\/where\\\/art-zona-kandler-centar-kreativnosti\\\/#primaryimage\"},\"image\":{\"@id\":\"https:\\\/\\\/pulainfo.hr\\\/hr\\\/where\\\/art-zona-kandler-centar-kreativnosti\\\/#primaryimage\"},\"thumbnailUrl\":\"https:\\\/\\\/pulainfo.hr\\\/wp-content\\\/uploads\\\/2023\\\/10\\\/Pula-Kandlerova-ulica-i-uspon_K.jpg\",\"datePublished\":\"2023-10-16T08:01:19+00:00\",\"dateModified\":\"2024-06-04T15:26:30+00:00\",\"breadcrumb\":{\"@id\":\"https:\\\/\\\/pulainfo.hr\\\/hr\\\/where\\\/art-zona-kandler-centar-kreativnosti\\\/#breadcrumb\"},\"inLanguage\":\"hr\",\"potentialAction\":[{\"@type\":\"ReadAction\",\"target\":[\"https:\\\/\\\/pulainfo.hr\\\/hr\\\/where\\\/art-zona-kandler-centar-kreativnosti\\\/\"]}]},{\"@type\":\"ImageObject\",\"inLanguage\":\"hr\",\"@id\":\"https:\\\/\\\/pulainfo.hr\\\/hr\\\/where\\\/art-zona-kandler-centar-kreativnosti\\\/#primaryimage\",\"url\":\"https:\\\/\\\/pulainfo.hr\\\/wp-content\\\/uploads\\\/2023\\\/10\\\/Pula-Kandlerova-ulica-i-uspon_K.jpg\",\"contentUrl\":\"https:\\\/\\\/pulainfo.hr\\\/wp-content\\\/uploads\\\/2023\\\/10\\\/Pula-Kandlerova-ulica-i-uspon_K.jpg\",\"width\":900,\"height\":900},{\"@type\":\"BreadcrumbList\",\"@id\":\"https:\\\/\\\/pulainfo.hr\\\/hr\\\/where\\\/art-zona-kandler-centar-kreativnosti\\\/#breadcrumb\",\"itemListElement\":[{\"@type\":\"ListItem\",\"position\":1,\"name\":\"Po\u010detna stranica\",\"item\":\"https:\\\/\\\/pulainfo.hr\\\/hr\\\/\"},{\"@type\":\"ListItem\",\"position\":2,\"name\":\"See & do\",\"item\":\"https:\\\/\\\/pulainfo.hr\\\/where\\\/\"},{\"@type\":\"ListItem\",\"position\":3,\"name\":\"Art zona Kandler \u2014 centar kreativnosti\"}]},{\"@type\":\"WebSite\",\"@id\":\"https:\\\/\\\/pulainfo.hr\\\/#website\",\"url\":\"https:\\\/\\\/pulainfo.hr\\\/\",\"name\":\"Tourism Office Pula\",\"description\":\"Tourism Office Pula - Official web site\",\"publisher\":{\"@id\":\"https:\\\/\\\/pulainfo.hr\\\/#organization\"},\"potentialAction\":[{\"@type\":\"SearchAction\",\"target\":{\"@type\":\"EntryPoint\",\"urlTemplate\":\"https:\\\/\\\/pulainfo.hr\\\/?s={search_term_string}\"},\"query-input\":{\"@type\":\"PropertyValueSpecification\",\"valueRequired\":true,\"valueName\":\"search_term_string\"}}],\"inLanguage\":\"hr\"},{\"@type\":\"Organization\",\"@id\":\"https:\\\/\\\/pulainfo.hr\\\/#organization\",\"name\":\"Tourism Office Pula\",\"url\":\"https:\\\/\\\/pulainfo.hr\\\/\",\"logo\":{\"@type\":\"ImageObject\",\"inLanguage\":\"hr\",\"@id\":\"https:\\\/\\\/pulainfo.hr\\\/#\\\/schema\\\/logo\\\/image\\\/\",\"url\":\"https:\\\/\\\/pulainfo.hr\\\/wp-content\\\/uploads\\\/2023\\\/10\\\/logo.svg\",\"contentUrl\":\"https:\\\/\\\/pulainfo.hr\\\/wp-content\\\/uploads\\\/2023\\\/10\\\/logo.svg\",\"width\":171,\"height\":59,\"caption\":\"Tourism Office Pula\"},\"image\":{\"@id\":\"https:\\\/\\\/pulainfo.hr\\\/#\\\/schema\\\/logo\\\/image\\\/\"}}]}<\/script>\n<!-- \/ Yoast SEO plugin. -->","yoast_head_json":{"title":"Art zona Kandler \u2014 centar kreativnosti - Tourism Office Pula","robots":{"index":"index","follow":"follow","max-snippet":"max-snippet:-1","max-image-preview":"max-image-preview:large","max-video-preview":"max-video-preview:-1"},"canonical":"https:\/\/pulainfo.hr\/hr\/where\/art-zona-kandler-centar-kreativnosti\/","og_locale":"hr_HR","og_type":"article","og_title":"Art zona Kandler \u2014 centar kreativnosti - Tourism Office Pula","og_description":"Kandlerova ulica zajedno s ulicom Sergijevaca povezuje starorimska i aktualna \u017eari\u0161ta Forum i Arenu","og_url":"https:\/\/pulainfo.hr\/hr\/where\/art-zona-kandler-centar-kreativnosti\/","og_site_name":"Tourism Office Pula","article_modified_time":"2024-06-04T15:26:30+00:00","og_image":[{"width":900,"height":900,"url":"https:\/\/pulainfo.hr\/wp-content\/uploads\/2023\/10\/Pula-Kandlerova-ulica-i-uspon_K.jpg","type":"image\/jpeg"}],"twitter_card":"summary_large_image","twitter_misc":{"Procijenjeno vrijeme \u010ditanja":"1 minuta"},"schema":{"@context":"https:\/\/schema.org","@graph":[{"@type":"WebPage","@id":"https:\/\/pulainfo.hr\/hr\/where\/art-zona-kandler-centar-kreativnosti\/","url":"https:\/\/pulainfo.hr\/hr\/where\/art-zona-kandler-centar-kreativnosti\/","name":"Art zona Kandler \u2014 centar kreativnosti - Tourism Office Pula","isPartOf":{"@id":"https:\/\/pulainfo.hr\/#website"},"primaryImageOfPage":{"@id":"https:\/\/pulainfo.hr\/hr\/where\/art-zona-kandler-centar-kreativnosti\/#primaryimage"},"image":{"@id":"https:\/\/pulainfo.hr\/hr\/where\/art-zona-kandler-centar-kreativnosti\/#primaryimage"},"thumbnailUrl":"https:\/\/pulainfo.hr\/wp-content\/uploads\/2023\/10\/Pula-Kandlerova-ulica-i-uspon_K.jpg","datePublished":"2023-10-16T08:01:19+00:00","dateModified":"2024-06-04T15:26:30+00:00","breadcrumb":{"@id":"https:\/\/pulainfo.hr\/hr\/where\/art-zona-kandler-centar-kreativnosti\/#breadcrumb"},"inLanguage":"hr","potentialAction":[{"@type":"ReadAction","target":["https:\/\/pulainfo.hr\/hr\/where\/art-zona-kandler-centar-kreativnosti\/"]}]},{"@type":"ImageObject","inLanguage":"hr","@id":"https:\/\/pulainfo.hr\/hr\/where\/art-zona-kandler-centar-kreativnosti\/#primaryimage","url":"https:\/\/pulainfo.hr\/wp-content\/uploads\/2023\/10\/Pula-Kandlerova-ulica-i-uspon_K.jpg","contentUrl":"https:\/\/pulainfo.hr\/wp-content\/uploads\/2023\/10\/Pula-Kandlerova-ulica-i-uspon_K.jpg","width":900,"height":900},{"@type":"BreadcrumbList","@id":"https:\/\/pulainfo.hr\/hr\/where\/art-zona-kandler-centar-kreativnosti\/#breadcrumb","itemListElement":[{"@type":"ListItem","position":1,"name":"Po\u010detna stranica","item":"https:\/\/pulainfo.hr\/hr\/"},{"@type":"ListItem","position":2,"name":"See & do","item":"https:\/\/pulainfo.hr\/where\/"},{"@type":"ListItem","position":3,"name":"Art zona Kandler \u2014 centar kreativnosti"}]},{"@type":"WebSite","@id":"https:\/\/pulainfo.hr\/#website","url":"https:\/\/pulainfo.hr\/","name":"Tourism Office Pula","description":"Tourism Office Pula - Official web site","publisher":{"@id":"https:\/\/pulainfo.hr\/#organization"},"potentialAction":[{"@type":"SearchAction","target":{"@type":"EntryPoint","urlTemplate":"https:\/\/pulainfo.hr\/?s={search_term_string}"},"query-input":{"@type":"PropertyValueSpecification","valueRequired":true,"valueName":"search_term_string"}}],"inLanguage":"hr"},{"@type":"Organization","@id":"https:\/\/pulainfo.hr\/#organization","name":"Tourism Office Pula","url":"https:\/\/pulainfo.hr\/","logo":{"@type":"ImageObject","inLanguage":"hr","@id":"https:\/\/pulainfo.hr\/#\/schema\/logo\/image\/","url":"https:\/\/pulainfo.hr\/wp-content\/uploads\/2023\/10\/logo.svg","contentUrl":"https:\/\/pulainfo.hr\/wp-content\/uploads\/2023\/10\/logo.svg","width":171,"height":59,"caption":"Tourism Office Pula"},"image":{"@id":"https:\/\/pulainfo.hr\/#\/schema\/logo\/image\/"}}]}},"_links":{"self":[{"href":"https:\/\/pulainfo.hr\/hr\/wp-json\/wp\/v2\/where\/2399","targetHints":{"allow":["GET"]}}],"collection":[{"href":"https:\/\/pulainfo.hr\/hr\/wp-json\/wp\/v2\/where"}],"about":[{"href":"https:\/\/pulainfo.hr\/hr\/wp-json\/wp\/v2\/types\/where"}],"wp:featuredmedia":[{"embeddable":true,"href":"https:\/\/pulainfo.hr\/hr\/wp-json\/wp\/v2\/media\/9246"}],"wp:attachment":[{"href":"https:\/\/pulainfo.hr\/hr\/wp-json\/wp\/v2\/media?parent=2399"}],"wp:term":[{"taxonomy":"where_to_go","embeddable":true,"href":"https:\/\/pulainfo.hr\/hr\/wp-json\/wp\/v2\/where_to_go?post=2399"},{"taxonomy":"sd_tags","embeddable":true,"href":"https:\/\/pulainfo.hr\/hr\/wp-json\/wp\/v2\/sd_tags?post=2399"}],"curies":[{"name":"wp","href":"https:\/\/api.w.org\/{rel}","templated":true}]}}

<p>Kandlerova ulica zajedno s ulicom Sergijevaca čini jedan od prstena oko Kaštela prema rivi te povezuje starorimska i aktualna žarišta Forum i Arenu, a zajedno sa svim usponima i trgom Sv. Tome, gdje se proteklih 30-ak godina organiziraju razna kulturna i zabavna zbivanja, u turističkoj sezoni postaje glavna gradska arterija.</p>
<p>Kako bi profilirala Kandlerovu ulicu te sve uspone uz nju kao umjetničku zonu Pule, Upravni odjel za kulturu, 2014. godine pokrenuo je projekt ‘Art zona Kandler’ kako bi ovaj prostor postao centar kreativnosti i kulturno umjetničkog stvaralaštva.</p>
<p>U Zoni djeluje i ‘Gradska knjižnica i čitaonica Pula’, a za sve one koji žele svoj odmor provesti okruženi umjetnicima u jedinstvenoj atmosferi tu su i Hosteli, trgovine, restorani, kafići, kulturnjaci, kreativci&#8230;</p>

<p>Kandlerova ulica zajedno s ulicom Sergijevaca povezuje starorimska i aktualna žarišta Forum i Arenu</p>

<!-- This site is optimized with the Yoast SEO plugin v27.4 - https://yoast.com/product/yoast-seo-wordpress/ -->
<title>Art zona Kandler — centar kreativnosti - Tourism Office Pula</title>
<meta name="robots" content="index, follow, max-snippet:-1, max-image-preview:large, max-video-preview:-1" />
<link rel="canonical" href="https://pulainfo.hr/hr/where/art-zona-kandler-centar-kreativnosti/" />
<meta property="og:locale" content="hr_HR" />
<meta property="og:type" content="article" />
<meta property="og:title" content="Art zona Kandler — centar kreativnosti - Tourism Office Pula" />
<meta property="og:description" content="Kandlerova ulica zajedno s ulicom Sergijevaca povezuje starorimska i aktualna žarišta Forum i Arenu" />
<meta property="og:url" content="https://pulainfo.hr/hr/where/art-zona-kandler-centar-kreativnosti/" />
<meta property="og:site_name" content="Tourism Office Pula" />
<meta property="article:modified_time" content="2024-06-04T15:26:30+00:00" />
<meta property="og:image" content="https://pulainfo.hr/wp-content/uploads/2023/10/Pula-Kandlerova-ulica-i-uspon_K.jpg" />
	<meta property="og:image:width" content="900" />
	<meta property="og:image:height" content="900" />
	<meta property="og:image:type" content="image/jpeg" />
<meta name="twitter:card" content="summary_large_image" />
<meta name="twitter:label1" content="Procijenjeno vrijeme čitanja" />
	<meta name="twitter:data1" content="1 minuta" />
<script type="application/ld+json" class="yoast-schema-graph">{"@context":"https:\/\/schema.org","@graph":[{"@type":"WebPage","@id":"https:\/\/pulainfo.hr\/hr\/where\/art-zona-kandler-centar-kreativnosti\/","url":"https:\/\/pulainfo.hr\/hr\/where\/art-zona-kandler-centar-kreativnosti\/","name":"Art zona Kandler — centar kreativnosti - Tourism Office Pula","isPartOf":{"@id":"https:\/\/pulainfo.hr\/#website"},"primaryImageOfPage":{"@id":"https:\/\/pulainfo.hr\/hr\/where\/art-zona-kandler-centar-kreativnosti\/#primaryimage"},"image":{"@id":"https:\/\/pulainfo.hr\/hr\/where\/art-zona-kandler-centar-kreativnosti\/#primaryimage"},"thumbnailUrl":"https:\/\/pulainfo.hr\/wp-content\/uploads\/2023\/10\/Pula-Kandlerova-ulica-i-uspon_K.jpg","datePublished":"2023-10-16T08:01:19+00:00","dateModified":"2024-06-04T15:26:30+00:00","breadcrumb":{"@id":"https:\/\/pulainfo.hr\/hr\/where\/art-zona-kandler-centar-kreativnosti\/#breadcrumb"},"inLanguage":"hr","potentialAction":[{"@type":"ReadAction","target":["https:\/\/pulainfo.hr\/hr\/where\/art-zona-kandler-centar-kreativnosti\/"]}]},{"@type":"ImageObject","inLanguage":"hr","@id":"https:\/\/pulainfo.hr\/hr\/where\/art-zona-kandler-centar-kreativnosti\/#primaryimage","url":"https:\/\/pulainfo.hr\/wp-content\/uploads\/2023\/10\/Pula-Kandlerova-ulica-i-uspon_K.jpg","contentUrl":"https:\/\/pulainfo.hr\/wp-content\/uploads\/2023\/10\/Pula-Kandlerova-ulica-i-uspon_K.jpg","width":900,"height":900},{"@type":"BreadcrumbList","@id":"https:\/\/pulainfo.hr\/hr\/where\/art-zona-kandler-centar-kreativnosti\/#breadcrumb","itemListElement":[{"@type":"ListItem","position":1,"name":"Početna stranica","item":"https:\/\/pulainfo.hr\/hr\/"},{"@type":"ListItem","position":2,"name":"See & do","item":"https:\/\/pulainfo.hr\/where\/"},{"@type":"ListItem","position":3,"name":"Art zona Kandler — centar kreativnosti"}]},{"@type":"WebSite","@id":"https:\/\/pulainfo.hr\/#website","url":"https:\/\/pulainfo.hr\/","name":"Tourism Office Pula","description":"Tourism Office Pula - Official web site","publisher":{"@id":"https:\/\/pulainfo.hr\/#organization"},"potentialAction":[{"@type":"SearchAction","target":{"@type":"EntryPoint","urlTemplate":"https:\/\/pulainfo.hr\/?s={search_term_string}"},"query-input":{"@type":"PropertyValueSpecification","valueRequired":true,"valueName":"search_term_string"}}],"inLanguage":"hr"},{"@type":"Organization","@id":"https:\/\/pulainfo.hr\/#organization","name":"Tourism Office Pula","url":"https:\/\/pulainfo.hr\/","logo":{"@type":"ImageObject","inLanguage":"hr","@id":"https:\/\/pulainfo.hr\/#\/schema\/logo\/image\/","url":"https:\/\/pulainfo.hr\/wp-content\/uploads\/2023\/10\/logo.svg","contentUrl":"https:\/\/pulainfo.hr\/wp-content\/uploads\/2023\/10\/logo.svg","width":171,"height":59,"caption":"Tourism Office Pula"},"image":{"@id":"https:\/\/pulainfo.hr\/#\/schema\/logo\/image\/"}}]}</script>
<!-- / Yoast SEO plugin. -->

Kandlerova ulica zajedno s ulicom Sergijevaca povezuje starorimska i aktualna žarišta Forum i Arenu

Početna stranica
