{"id":2426,"date":"2023-10-16T11:21:45","date_gmt":"2023-10-16T09:21:45","guid":{"rendered":"https:\/\/pulainfo.hr\/?post_type=where&#038;p=2426"},"modified":"2023-10-31T16:44:32","modified_gmt":"2023-10-31T15:44:32","slug":"park-der-stadt-graz","status":"publish","type":"where","link":"https:\/\/pulainfo.hr\/de\/where\/park-der-stadt-graz\/","title":{"rendered":"Park der stadt Graz"},"content":{"rendered":"<p>Der Park nach der Schwesternstadt benannt, befindet sich genau zwischen der Fu\u00dfg\u00e4ngerzone und der Uferstra\u00dfe. Er wurde im Jahr 1957 auf den Ruinen der Geb\u00e4ude errichtet, die bei der Bombardierung zerst\u00f6rt wurden, daher ist der Grund, auf dem er angelegt wurde, von geringer G\u00fcte und f\u00fcr den Bedarf eines modernen st\u00e4dtischen Parks unzureichend. Obwohl er nicht repr\u00e4sentativ angelegt ist, zieht er die Aufmerksamkeit wegen der auf der Parkfl\u00e4che sichtbaren arch\u00e4ologischen Reste auf sich, weswegen der Park in den 60-er Jahren des 20. Jahrhundert den Namen Arch\u00e4ologischer Park hatte. In seiner Mitte hat die Gruppe Illyrischer Eichen Platz, die einheimische Istrische Eiche, die Art, die in der Vegetation vorherrscht. Hier findet man das einzigartige Beispiel eines nat\u00fcrlichen Feigenbaumes \u2014 eines mediterranen Fruchtbaumes, dessen Fr\u00fcchte auf der istrischen Tafel unumg\u00e4nglich sind. Kosten Sie sie auf verschiedene Weisen: frisch, getrocknet, im Schnaps, als Marmelade und als Feigenkuchen.<\/p>\n<p>Am Rande des Parks zur Uferstra\u00dfe, zwischen den gut gewachsenen Z\u00fcrgelb\u00e4umen befinden sich Myrthenstr\u00e4ucher (Myrtus communis). Diese mediterrane Pflanze findet sich auf nat\u00fcrliche Weise in der Vegetation Istriens, sie ist noch eine der \u2018duftenden\u2019 Mitglieder der mediterranen Flora. Mit \u00e4therischen \u00d6len der Myrthe heilt man erfolgreich Beschwerden der Atemwege und st\u00e4rkt das Immunsystem.<\/p>\n","protected":false},"excerpt":{"rendered":"<p>Der Park nach der Schwesternstadt benannt, befindet sich genau zwischen der Fu\u00dfg\u00e4ngerzone und der Uferstra\u00dfe. &#8230;<\/p>\n","protected":false},"featured_media":9137,"parent":0,"menu_order":692,"template":"","where_to_go":[246],"sd_tags":[309],"class_list":["post-2426","where","type-where","status-publish","has-post-thumbnail","hentry","where_to_go-parks","sd_tags-natur"],"acf":[],"yoast_head":"<!-- This site is optimized with the Yoast SEO plugin v27.4 - https:\/\/yoast.com\/product\/yoast-seo-wordpress\/ -->\n<title>Park der stadt Graz - Tourism Office Pula<\/title>\n<meta name=\"robots\" content=\"index, follow, max-snippet:-1, max-image-preview:large, max-video-preview:-1\" \/>\n<link rel=\"canonical\" href=\"https:\/\/pulainfo.hr\/de\/where\/park-der-stadt-graz\/\" \/>\n<meta property=\"og:locale\" content=\"de_DE\" \/>\n<meta property=\"og:type\" content=\"article\" \/>\n<meta property=\"og:title\" content=\"Park der stadt Graz - Tourism Office Pula\" \/>\n<meta property=\"og:description\" content=\"Der Park nach der Schwesternstadt benannt, befindet sich genau zwischen der Fu\u00dfg\u00e4ngerzone und der Uferstra\u00dfe. ...\" \/>\n<meta property=\"og:url\" content=\"https:\/\/pulainfo.hr\/de\/where\/park-der-stadt-graz\/\" \/>\n<meta property=\"og:site_name\" content=\"Tourism Office Pula\" \/>\n<meta property=\"article:modified_time\" content=\"2023-10-31T15:44:32+00:00\" \/>\n<meta property=\"og:image\" content=\"https:\/\/pulainfo.hr\/wp-content\/uploads\/2023\/10\/DSC_1732_K.jpg\" \/>\n\t<meta property=\"og:image:width\" content=\"900\" \/>\n\t<meta property=\"og:image:height\" content=\"900\" \/>\n\t<meta property=\"og:image:type\" content=\"image\/jpeg\" \/>\n<meta name=\"twitter:card\" content=\"summary_large_image\" \/>\n<meta name=\"twitter:label1\" content=\"Gesch\u00e4tzte Lesezeit\" \/>\n\t<meta name=\"twitter:data1\" content=\"1\u00a0Minute\" \/>\n<script type=\"application\/ld+json\" class=\"yoast-schema-graph\">{\"@context\":\"https:\\\/\\\/schema.org\",\"@graph\":[{\"@type\":\"WebPage\",\"@id\":\"https:\\\/\\\/pulainfo.hr\\\/de\\\/where\\\/park-der-stadt-graz\\\/\",\"url\":\"https:\\\/\\\/pulainfo.hr\\\/de\\\/where\\\/park-der-stadt-graz\\\/\",\"name\":\"Park der stadt Graz - Tourism Office Pula\",\"isPartOf\":{\"@id\":\"https:\\\/\\\/pulainfo.hr\\\/#website\"},\"primaryImageOfPage\":{\"@id\":\"https:\\\/\\\/pulainfo.hr\\\/de\\\/where\\\/park-der-stadt-graz\\\/#primaryimage\"},\"image\":{\"@id\":\"https:\\\/\\\/pulainfo.hr\\\/de\\\/where\\\/park-der-stadt-graz\\\/#primaryimage\"},\"thumbnailUrl\":\"https:\\\/\\\/pulainfo.hr\\\/wp-content\\\/uploads\\\/2023\\\/10\\\/DSC_1732_K.jpg\",\"datePublished\":\"2023-10-16T09:21:45+00:00\",\"dateModified\":\"2023-10-31T15:44:32+00:00\",\"breadcrumb\":{\"@id\":\"https:\\\/\\\/pulainfo.hr\\\/de\\\/where\\\/park-der-stadt-graz\\\/#breadcrumb\"},\"inLanguage\":\"de\",\"potentialAction\":[{\"@type\":\"ReadAction\",\"target\":[\"https:\\\/\\\/pulainfo.hr\\\/de\\\/where\\\/park-der-stadt-graz\\\/\"]}]},{\"@type\":\"ImageObject\",\"inLanguage\":\"de\",\"@id\":\"https:\\\/\\\/pulainfo.hr\\\/de\\\/where\\\/park-der-stadt-graz\\\/#primaryimage\",\"url\":\"https:\\\/\\\/pulainfo.hr\\\/wp-content\\\/uploads\\\/2023\\\/10\\\/DSC_1732_K.jpg\",\"contentUrl\":\"https:\\\/\\\/pulainfo.hr\\\/wp-content\\\/uploads\\\/2023\\\/10\\\/DSC_1732_K.jpg\",\"width\":900,\"height\":900},{\"@type\":\"BreadcrumbList\",\"@id\":\"https:\\\/\\\/pulainfo.hr\\\/de\\\/where\\\/park-der-stadt-graz\\\/#breadcrumb\",\"itemListElement\":[{\"@type\":\"ListItem\",\"position\":1,\"name\":\"Po\u010detna stranica\",\"item\":\"https:\\\/\\\/pulainfo.hr\\\/de\\\/\"},{\"@type\":\"ListItem\",\"position\":2,\"name\":\"See & do\",\"item\":\"https:\\\/\\\/pulainfo.hr\\\/where\\\/\"},{\"@type\":\"ListItem\",\"position\":3,\"name\":\"Park der stadt Graz\"}]},{\"@type\":\"WebSite\",\"@id\":\"https:\\\/\\\/pulainfo.hr\\\/#website\",\"url\":\"https:\\\/\\\/pulainfo.hr\\\/\",\"name\":\"Tourism Office Pula\",\"description\":\"Tourism Office Pula - Official web site\",\"publisher\":{\"@id\":\"https:\\\/\\\/pulainfo.hr\\\/#organization\"},\"potentialAction\":[{\"@type\":\"SearchAction\",\"target\":{\"@type\":\"EntryPoint\",\"urlTemplate\":\"https:\\\/\\\/pulainfo.hr\\\/?s={search_term_string}\"},\"query-input\":{\"@type\":\"PropertyValueSpecification\",\"valueRequired\":true,\"valueName\":\"search_term_string\"}}],\"inLanguage\":\"de\"},{\"@type\":\"Organization\",\"@id\":\"https:\\\/\\\/pulainfo.hr\\\/#organization\",\"name\":\"Tourism Office Pula\",\"url\":\"https:\\\/\\\/pulainfo.hr\\\/\",\"logo\":{\"@type\":\"ImageObject\",\"inLanguage\":\"de\",\"@id\":\"https:\\\/\\\/pulainfo.hr\\\/#\\\/schema\\\/logo\\\/image\\\/\",\"url\":\"https:\\\/\\\/pulainfo.hr\\\/wp-content\\\/uploads\\\/2023\\\/10\\\/logo.svg\",\"contentUrl\":\"https:\\\/\\\/pulainfo.hr\\\/wp-content\\\/uploads\\\/2023\\\/10\\\/logo.svg\",\"width\":171,\"height\":59,\"caption\":\"Tourism Office Pula\"},\"image\":{\"@id\":\"https:\\\/\\\/pulainfo.hr\\\/#\\\/schema\\\/logo\\\/image\\\/\"}}]}<\/script>\n<!-- \/ Yoast SEO plugin. -->","yoast_head_json":{"title":"Park der stadt Graz - Tourism Office Pula","robots":{"index":"index","follow":"follow","max-snippet":"max-snippet:-1","max-image-preview":"max-image-preview:large","max-video-preview":"max-video-preview:-1"},"canonical":"https:\/\/pulainfo.hr\/de\/where\/park-der-stadt-graz\/","og_locale":"de_DE","og_type":"article","og_title":"Park der stadt Graz - Tourism Office Pula","og_description":"Der Park nach der Schwesternstadt benannt, befindet sich genau zwischen der Fu\u00dfg\u00e4ngerzone und der Uferstra\u00dfe. ...","og_url":"https:\/\/pulainfo.hr\/de\/where\/park-der-stadt-graz\/","og_site_name":"Tourism Office Pula","article_modified_time":"2023-10-31T15:44:32+00:00","og_image":[{"width":900,"height":900,"url":"https:\/\/pulainfo.hr\/wp-content\/uploads\/2023\/10\/DSC_1732_K.jpg","type":"image\/jpeg"}],"twitter_card":"summary_large_image","twitter_misc":{"Gesch\u00e4tzte Lesezeit":"1\u00a0Minute"},"schema":{"@context":"https:\/\/schema.org","@graph":[{"@type":"WebPage","@id":"https:\/\/pulainfo.hr\/de\/where\/park-der-stadt-graz\/","url":"https:\/\/pulainfo.hr\/de\/where\/park-der-stadt-graz\/","name":"Park der stadt Graz - Tourism Office Pula","isPartOf":{"@id":"https:\/\/pulainfo.hr\/#website"},"primaryImageOfPage":{"@id":"https:\/\/pulainfo.hr\/de\/where\/park-der-stadt-graz\/#primaryimage"},"image":{"@id":"https:\/\/pulainfo.hr\/de\/where\/park-der-stadt-graz\/#primaryimage"},"thumbnailUrl":"https:\/\/pulainfo.hr\/wp-content\/uploads\/2023\/10\/DSC_1732_K.jpg","datePublished":"2023-10-16T09:21:45+00:00","dateModified":"2023-10-31T15:44:32+00:00","breadcrumb":{"@id":"https:\/\/pulainfo.hr\/de\/where\/park-der-stadt-graz\/#breadcrumb"},"inLanguage":"de","potentialAction":[{"@type":"ReadAction","target":["https:\/\/pulainfo.hr\/de\/where\/park-der-stadt-graz\/"]}]},{"@type":"ImageObject","inLanguage":"de","@id":"https:\/\/pulainfo.hr\/de\/where\/park-der-stadt-graz\/#primaryimage","url":"https:\/\/pulainfo.hr\/wp-content\/uploads\/2023\/10\/DSC_1732_K.jpg","contentUrl":"https:\/\/pulainfo.hr\/wp-content\/uploads\/2023\/10\/DSC_1732_K.jpg","width":900,"height":900},{"@type":"BreadcrumbList","@id":"https:\/\/pulainfo.hr\/de\/where\/park-der-stadt-graz\/#breadcrumb","itemListElement":[{"@type":"ListItem","position":1,"name":"Po\u010detna stranica","item":"https:\/\/pulainfo.hr\/de\/"},{"@type":"ListItem","position":2,"name":"See & do","item":"https:\/\/pulainfo.hr\/where\/"},{"@type":"ListItem","position":3,"name":"Park der stadt Graz"}]},{"@type":"WebSite","@id":"https:\/\/pulainfo.hr\/#website","url":"https:\/\/pulainfo.hr\/","name":"Tourism Office Pula","description":"Tourism Office Pula - Official web site","publisher":{"@id":"https:\/\/pulainfo.hr\/#organization"},"potentialAction":[{"@type":"SearchAction","target":{"@type":"EntryPoint","urlTemplate":"https:\/\/pulainfo.hr\/?s={search_term_string}"},"query-input":{"@type":"PropertyValueSpecification","valueRequired":true,"valueName":"search_term_string"}}],"inLanguage":"de"},{"@type":"Organization","@id":"https:\/\/pulainfo.hr\/#organization","name":"Tourism Office Pula","url":"https:\/\/pulainfo.hr\/","logo":{"@type":"ImageObject","inLanguage":"de","@id":"https:\/\/pulainfo.hr\/#\/schema\/logo\/image\/","url":"https:\/\/pulainfo.hr\/wp-content\/uploads\/2023\/10\/logo.svg","contentUrl":"https:\/\/pulainfo.hr\/wp-content\/uploads\/2023\/10\/logo.svg","width":171,"height":59,"caption":"Tourism Office Pula"},"image":{"@id":"https:\/\/pulainfo.hr\/#\/schema\/logo\/image\/"}}]}},"_links":{"self":[{"href":"https:\/\/pulainfo.hr\/de\/wp-json\/wp\/v2\/where\/2426","targetHints":{"allow":["GET"]}}],"collection":[{"href":"https:\/\/pulainfo.hr\/de\/wp-json\/wp\/v2\/where"}],"about":[{"href":"https:\/\/pulainfo.hr\/de\/wp-json\/wp\/v2\/types\/where"}],"wp:featuredmedia":[{"embeddable":true,"href":"https:\/\/pulainfo.hr\/de\/wp-json\/wp\/v2\/media\/9137"}],"wp:attachment":[{"href":"https:\/\/pulainfo.hr\/de\/wp-json\/wp\/v2\/media?parent=2426"}],"wp:term":[{"taxonomy":"where_to_go","embeddable":true,"href":"https:\/\/pulainfo.hr\/de\/wp-json\/wp\/v2\/where_to_go?post=2426"},{"taxonomy":"sd_tags","embeddable":true,"href":"https:\/\/pulainfo.hr\/de\/wp-json\/wp\/v2\/sd_tags?post=2426"}],"curies":[{"name":"wp","href":"https:\/\/api.w.org\/{rel}","templated":true}]}}

<p>Der Park nach der Schwesternstadt benannt, befindet sich genau zwischen der Fußgängerzone und der Uferstraße. Er wurde im Jahr 1957 auf den Ruinen der Gebäude errichtet, die bei der Bombardierung zerstört wurden, daher ist der Grund, auf dem er angelegt wurde, von geringer Güte und für den Bedarf eines modernen städtischen Parks unzureichend. Obwohl er nicht repräsentativ angelegt ist, zieht er die Aufmerksamkeit wegen der auf der Parkfläche sichtbaren archäologischen Reste auf sich, weswegen der Park in den 60-er Jahren des 20. Jahrhundert den Namen Archäologischer Park hatte. In seiner Mitte hat die Gruppe Illyrischer Eichen Platz, die einheimische Istrische Eiche, die Art, die in der Vegetation vorherrscht. Hier findet man das einzigartige Beispiel eines natürlichen Feigenbaumes — eines mediterranen Fruchtbaumes, dessen Früchte auf der istrischen Tafel unumgänglich sind. Kosten Sie sie auf verschiedene Weisen: frisch, getrocknet, im Schnaps, als Marmelade und als Feigenkuchen.</p>
<p>Am Rande des Parks zur Uferstraße, zwischen den gut gewachsenen Zürgelbäumen befinden sich Myrthensträucher (Myrtus communis). Diese mediterrane Pflanze findet sich auf natürliche Weise in der Vegetation Istriens, sie ist noch eine der ‘duftenden’ Mitglieder der mediterranen Flora. Mit ätherischen Ölen der Myrthe heilt man erfolgreich Beschwerden der Atemwege und stärkt das Immunsystem.</p>

<p>Der Park nach der Schwesternstadt benannt, befindet sich genau zwischen der Fußgängerzone und der Uferstraße. &#8230;</p>

<!-- This site is optimized with the Yoast SEO plugin v27.4 - https://yoast.com/product/yoast-seo-wordpress/ -->
<title>Park der stadt Graz - Tourism Office Pula</title>
<meta name="robots" content="index, follow, max-snippet:-1, max-image-preview:large, max-video-preview:-1" />
<link rel="canonical" href="https://pulainfo.hr/de/where/park-der-stadt-graz/" />
<meta property="og:locale" content="de_DE" />
<meta property="og:type" content="article" />
<meta property="og:title" content="Park der stadt Graz - Tourism Office Pula" />
<meta property="og:description" content="Der Park nach der Schwesternstadt benannt, befindet sich genau zwischen der Fußgängerzone und der Uferstraße. ..." />
<meta property="og:url" content="https://pulainfo.hr/de/where/park-der-stadt-graz/" />
<meta property="og:site_name" content="Tourism Office Pula" />
<meta property="article:modified_time" content="2023-10-31T15:44:32+00:00" />
<meta property="og:image" content="https://pulainfo.hr/wp-content/uploads/2023/10/DSC_1732_K.jpg" />
	<meta property="og:image:width" content="900" />
	<meta property="og:image:height" content="900" />
	<meta property="og:image:type" content="image/jpeg" />
<meta name="twitter:card" content="summary_large_image" />
<meta name="twitter:label1" content="Geschätzte Lesezeit" />
	<meta name="twitter:data1" content="1 Minute" />
<script type="application/ld+json" class="yoast-schema-graph">{"@context":"https:\/\/schema.org","@graph":[{"@type":"WebPage","@id":"https:\/\/pulainfo.hr\/de\/where\/park-der-stadt-graz\/","url":"https:\/\/pulainfo.hr\/de\/where\/park-der-stadt-graz\/","name":"Park der stadt Graz - Tourism Office Pula","isPartOf":{"@id":"https:\/\/pulainfo.hr\/#website"},"primaryImageOfPage":{"@id":"https:\/\/pulainfo.hr\/de\/where\/park-der-stadt-graz\/#primaryimage"},"image":{"@id":"https:\/\/pulainfo.hr\/de\/where\/park-der-stadt-graz\/#primaryimage"},"thumbnailUrl":"https:\/\/pulainfo.hr\/wp-content\/uploads\/2023\/10\/DSC_1732_K.jpg","datePublished":"2023-10-16T09:21:45+00:00","dateModified":"2023-10-31T15:44:32+00:00","breadcrumb":{"@id":"https:\/\/pulainfo.hr\/de\/where\/park-der-stadt-graz\/#breadcrumb"},"inLanguage":"de","potentialAction":[{"@type":"ReadAction","target":["https:\/\/pulainfo.hr\/de\/where\/park-der-stadt-graz\/"]}]},{"@type":"ImageObject","inLanguage":"de","@id":"https:\/\/pulainfo.hr\/de\/where\/park-der-stadt-graz\/#primaryimage","url":"https:\/\/pulainfo.hr\/wp-content\/uploads\/2023\/10\/DSC_1732_K.jpg","contentUrl":"https:\/\/pulainfo.hr\/wp-content\/uploads\/2023\/10\/DSC_1732_K.jpg","width":900,"height":900},{"@type":"BreadcrumbList","@id":"https:\/\/pulainfo.hr\/de\/where\/park-der-stadt-graz\/#breadcrumb","itemListElement":[{"@type":"ListItem","position":1,"name":"Početna stranica","item":"https:\/\/pulainfo.hr\/de\/"},{"@type":"ListItem","position":2,"name":"See & do","item":"https:\/\/pulainfo.hr\/where\/"},{"@type":"ListItem","position":3,"name":"Park der stadt Graz"}]},{"@type":"WebSite","@id":"https:\/\/pulainfo.hr\/#website","url":"https:\/\/pulainfo.hr\/","name":"Tourism Office Pula","description":"Tourism Office Pula - Official web site","publisher":{"@id":"https:\/\/pulainfo.hr\/#organization"},"potentialAction":[{"@type":"SearchAction","target":{"@type":"EntryPoint","urlTemplate":"https:\/\/pulainfo.hr\/?s={search_term_string}"},"query-input":{"@type":"PropertyValueSpecification","valueRequired":true,"valueName":"search_term_string"}}],"inLanguage":"de"},{"@type":"Organization","@id":"https:\/\/pulainfo.hr\/#organization","name":"Tourism Office Pula","url":"https:\/\/pulainfo.hr\/","logo":{"@type":"ImageObject","inLanguage":"de","@id":"https:\/\/pulainfo.hr\/#\/schema\/logo\/image\/","url":"https:\/\/pulainfo.hr\/wp-content\/uploads\/2023\/10\/logo.svg","contentUrl":"https:\/\/pulainfo.hr\/wp-content\/uploads\/2023\/10\/logo.svg","width":171,"height":59,"caption":"Tourism Office Pula"},"image":{"@id":"https:\/\/pulainfo.hr\/#\/schema\/logo\/image\/"}}]}</script>
<!-- / Yoast SEO plugin. -->

Der Park nach der Schwesternstadt benannt, befindet sich genau zwischen der Fußgängerzone und der Uferstraße. ...

Početna stranica
