{"id":12730,"date":"2024-06-20T17:21:20","date_gmt":"2024-06-20T15:21:20","guid":{"rendered":"https:\/\/pulainfo.hr\/?post_type=where&#038;p=12730"},"modified":"2024-06-20T17:24:58","modified_gmt":"2024-06-20T15:24:58","slug":"tage-der-antike-in-pula","status":"publish","type":"where","link":"https:\/\/pulainfo.hr\/de\/where\/tage-der-antike-in-pula\/","title":{"rendered":"Tage der Antike in Pula"},"content":{"rendered":"<p>Im Mai, wenn alles herrlich duftet und Erinnerungen weckt, findet in einer der sch\u00f6nsten St\u00e4dte der Welt \u2013 Pula auch dieses Jahr wieder die traditionelle Veranstaltung statt \u2018Tage der Antike\u2019.<\/p>\n<p>Bei dieser thematischen Veranstaltung \u2018Flair des R\u00f6mischen Reiches\u2019 werden uns lebendige Bilder des antiken Pula in der Gegenwart in die ferne Vergangenheit zur\u00fcckversetzen.<\/p>\n<p>Auf der Suche nach antiker Sch\u00f6nheit (Quaestio de Pulchritudine Antiqua) und zu Ehren einer antiken Hochzeit am wundersch\u00f6nen Forum von Pula wird das Publikum die gesamte Veranstaltung genie\u00dfen und aktiv daran teilnehmen. Auf diese Weise wird eine neue Gemeinschaft geschaffen, und dabei eigene Gedanken, Gef\u00fchle und Erfahrungen einbezogen.<\/p>\n<p>Die duftende Aura einer Frau \u2013 Das Geheimnis eines Balsamariums (Odor Feminae \u2013 Secretum Balsamarii), Kl\u00e4nge der Antike (Soni Antiqui), Aromen der Antike (Gustus Antiquitatis) werden alle Ihre Sinne wecken.<\/p>\n<p>Durch die Methode des Geschichtenerz\u00e4hlens werden die Br\u00e4uche und Traditionen, die der r\u00f6mischen Hochzeit (Nuptiae Romanae) vorausgingen, vorgestellt. In der Antike wurde der Akt der Eheschlie\u00dfung durch eine pr\u00e4zise Aussage ausgedr\u00fcckt und die lautete: \u2018Ich nehme dich als meine Frau (oder meinen Mann) und verspreche dir die Treue in guten und b\u00f6sen Tagen.\u2019<\/p>\n<p>Der Ehe selbst ging eine Verlobung voraus, und die wurde Monate oder sogar Jahre vor der eigentlichen Eheschlie\u00dfung vorbereitet. Mit bestimmten Musik- und Tanzdarbietungen vor dem einzigartigen Augustus-Tempel durch lebendige Geschichte erlebt das Publikum eine besondere Form der Verbundenheit und des Feierns.<\/p>\n<p>Workshop Art and Wine \u2013 antike Motive (Ars Vinumque) l\u00e4dt Sie zur aktiven Teilnahme und Ihrer pers\u00f6nlichen Begegnung mit der Vergangenheit ein.<\/p>\n<p>Die Gladiatorenklinge (Hasta) kann man sehen und Gladiatoren treffen, und bis zum Ende dieser Veranstaltung am letzten Wochenende wird es Gladiatorenk\u00e4mpfe in der Arena von Pula, die einen wertvollen Teil der dreitausendj\u00e4hrigen Geschichte der Stadt und ihre Umgebung darstellen, geben.<\/p>\n<p>Erleben Sie Tage der Antike<\/p>\n<p>Ubi tu Gaius, ego Gaia (\u2018Da wo du bist Gaius, werde auch ich, Gaia, sein\u2019), sind die Schl\u00fcsselw\u00f6rter der antiken Hochzeit und eine sch\u00f6ne Botschaft als Souvenir aus Pula.<\/p>\n","protected":false},"excerpt":{"rendered":"<p>Im Mai, wenn alles herrlich duftet und Erinnerungen weckt, findet in einer der sch\u00f6nsten St\u00e4dte &#8230;<\/p>\n","protected":false},"featured_media":1879,"parent":0,"menu_order":97,"template":"","where_to_go":[221],"sd_tags":[304],"class_list":["post-12730","where","type-where","status-publish","has-post-thumbnail","hentry","where_to_go-festivals-de","sd_tags-geschichte"],"acf":[],"yoast_head":"<!-- This site is optimized with the Yoast SEO plugin v27.4 - https:\/\/yoast.com\/product\/yoast-seo-wordpress\/ -->\n<title>Tage der Antike in Pula - Tourism Office Pula<\/title>\n<meta name=\"robots\" content=\"index, follow, max-snippet:-1, max-image-preview:large, max-video-preview:-1\" \/>\n<link rel=\"canonical\" href=\"https:\/\/pulainfo.hr\/de\/where\/tage-der-antike-in-pula\/\" \/>\n<meta property=\"og:locale\" content=\"de_DE\" \/>\n<meta property=\"og:type\" content=\"article\" \/>\n<meta property=\"og:title\" content=\"Tage der Antike in Pula - Tourism Office Pula\" \/>\n<meta property=\"og:description\" content=\"Im Mai, wenn alles herrlich duftet und Erinnerungen weckt, findet in einer der sch\u00f6nsten St\u00e4dte ...\" \/>\n<meta property=\"og:url\" content=\"https:\/\/pulainfo.hr\/de\/where\/tage-der-antike-in-pula\/\" \/>\n<meta property=\"og:site_name\" content=\"Tourism Office Pula\" \/>\n<meta property=\"article:modified_time\" content=\"2024-06-20T15:24:58+00:00\" \/>\n<meta property=\"og:image\" content=\"https:\/\/pulainfo.hr\/wp-content\/uploads\/2024\/05\/antika_pula136-170622_K-scaled.jpg\" \/>\n\t<meta property=\"og:image:width\" content=\"2560\" \/>\n\t<meta property=\"og:image:height\" content=\"2560\" \/>\n\t<meta property=\"og:image:type\" content=\"image\/jpeg\" \/>\n<meta name=\"twitter:card\" content=\"summary_large_image\" \/>\n<meta name=\"twitter:label1\" content=\"Gesch\u00e4tzte Lesezeit\" \/>\n\t<meta name=\"twitter:data1\" content=\"2\u00a0Minuten\" \/>\n<script type=\"application\/ld+json\" class=\"yoast-schema-graph\">{\"@context\":\"https:\\\/\\\/schema.org\",\"@graph\":[{\"@type\":\"WebPage\",\"@id\":\"https:\\\/\\\/pulainfo.hr\\\/de\\\/where\\\/tage-der-antike-in-pula\\\/\",\"url\":\"https:\\\/\\\/pulainfo.hr\\\/de\\\/where\\\/tage-der-antike-in-pula\\\/\",\"name\":\"Tage der Antike in Pula - Tourism Office Pula\",\"isPartOf\":{\"@id\":\"https:\\\/\\\/pulainfo.hr\\\/#website\"},\"primaryImageOfPage\":{\"@id\":\"https:\\\/\\\/pulainfo.hr\\\/de\\\/where\\\/tage-der-antike-in-pula\\\/#primaryimage\"},\"image\":{\"@id\":\"https:\\\/\\\/pulainfo.hr\\\/de\\\/where\\\/tage-der-antike-in-pula\\\/#primaryimage\"},\"thumbnailUrl\":\"https:\\\/\\\/pulainfo.hr\\\/wp-content\\\/uploads\\\/2023\\\/10\\\/koloseum_superiorum17-110616_K.jpg\",\"datePublished\":\"2024-06-20T15:21:20+00:00\",\"dateModified\":\"2024-06-20T15:24:58+00:00\",\"breadcrumb\":{\"@id\":\"https:\\\/\\\/pulainfo.hr\\\/de\\\/where\\\/tage-der-antike-in-pula\\\/#breadcrumb\"},\"inLanguage\":\"de\",\"potentialAction\":[{\"@type\":\"ReadAction\",\"target\":[\"https:\\\/\\\/pulainfo.hr\\\/de\\\/where\\\/tage-der-antike-in-pula\\\/\"]}]},{\"@type\":\"ImageObject\",\"inLanguage\":\"de\",\"@id\":\"https:\\\/\\\/pulainfo.hr\\\/de\\\/where\\\/tage-der-antike-in-pula\\\/#primaryimage\",\"url\":\"https:\\\/\\\/pulainfo.hr\\\/wp-content\\\/uploads\\\/2023\\\/10\\\/koloseum_superiorum17-110616_K.jpg\",\"contentUrl\":\"https:\\\/\\\/pulainfo.hr\\\/wp-content\\\/uploads\\\/2023\\\/10\\\/koloseum_superiorum17-110616_K.jpg\",\"width\":900,\"height\":900,\"caption\":\"Pula, 110616. U pulskom amfiteatru svecano je otvoren ovogodisnj Pula Superiorvm, program posvecen borbama i treninzima gladijatora rimske vojske. Posjetitelji tako mogu uzivati u realisticnim scenama iz bogate rimske povijesti Pule. Foto: Danijel Bartolic \\\/ CROPIX\"},{\"@type\":\"BreadcrumbList\",\"@id\":\"https:\\\/\\\/pulainfo.hr\\\/de\\\/where\\\/tage-der-antike-in-pula\\\/#breadcrumb\",\"itemListElement\":[{\"@type\":\"ListItem\",\"position\":1,\"name\":\"Po\u010detna stranica\",\"item\":\"https:\\\/\\\/pulainfo.hr\\\/de\\\/\"},{\"@type\":\"ListItem\",\"position\":2,\"name\":\"See & do\",\"item\":\"https:\\\/\\\/pulainfo.hr\\\/where\\\/\"},{\"@type\":\"ListItem\",\"position\":3,\"name\":\"Tage der Antike in Pula\"}]},{\"@type\":\"WebSite\",\"@id\":\"https:\\\/\\\/pulainfo.hr\\\/#website\",\"url\":\"https:\\\/\\\/pulainfo.hr\\\/\",\"name\":\"Tourism Office Pula\",\"description\":\"Tourism Office Pula - Official web site\",\"publisher\":{\"@id\":\"https:\\\/\\\/pulainfo.hr\\\/#organization\"},\"potentialAction\":[{\"@type\":\"SearchAction\",\"target\":{\"@type\":\"EntryPoint\",\"urlTemplate\":\"https:\\\/\\\/pulainfo.hr\\\/?s={search_term_string}\"},\"query-input\":{\"@type\":\"PropertyValueSpecification\",\"valueRequired\":true,\"valueName\":\"search_term_string\"}}],\"inLanguage\":\"de\"},{\"@type\":\"Organization\",\"@id\":\"https:\\\/\\\/pulainfo.hr\\\/#organization\",\"name\":\"Tourism Office Pula\",\"url\":\"https:\\\/\\\/pulainfo.hr\\\/\",\"logo\":{\"@type\":\"ImageObject\",\"inLanguage\":\"de\",\"@id\":\"https:\\\/\\\/pulainfo.hr\\\/#\\\/schema\\\/logo\\\/image\\\/\",\"url\":\"https:\\\/\\\/pulainfo.hr\\\/wp-content\\\/uploads\\\/2023\\\/10\\\/logo.svg\",\"contentUrl\":\"https:\\\/\\\/pulainfo.hr\\\/wp-content\\\/uploads\\\/2023\\\/10\\\/logo.svg\",\"width\":171,\"height\":59,\"caption\":\"Tourism Office Pula\"},\"image\":{\"@id\":\"https:\\\/\\\/pulainfo.hr\\\/#\\\/schema\\\/logo\\\/image\\\/\"}}]}<\/script>\n<!-- \/ Yoast SEO plugin. -->","yoast_head_json":{"title":"Tage der Antike in Pula - Tourism Office Pula","robots":{"index":"index","follow":"follow","max-snippet":"max-snippet:-1","max-image-preview":"max-image-preview:large","max-video-preview":"max-video-preview:-1"},"canonical":"https:\/\/pulainfo.hr\/de\/where\/tage-der-antike-in-pula\/","og_locale":"de_DE","og_type":"article","og_title":"Tage der Antike in Pula - Tourism Office Pula","og_description":"Im Mai, wenn alles herrlich duftet und Erinnerungen weckt, findet in einer der sch\u00f6nsten St\u00e4dte ...","og_url":"https:\/\/pulainfo.hr\/de\/where\/tage-der-antike-in-pula\/","og_site_name":"Tourism Office Pula","article_modified_time":"2024-06-20T15:24:58+00:00","og_image":[{"width":2560,"height":2560,"url":"https:\/\/pulainfo.hr\/wp-content\/uploads\/2024\/05\/antika_pula136-170622_K-scaled.jpg","type":"image\/jpeg"}],"twitter_card":"summary_large_image","twitter_misc":{"Gesch\u00e4tzte Lesezeit":"2\u00a0Minuten"},"schema":{"@context":"https:\/\/schema.org","@graph":[{"@type":"WebPage","@id":"https:\/\/pulainfo.hr\/de\/where\/tage-der-antike-in-pula\/","url":"https:\/\/pulainfo.hr\/de\/where\/tage-der-antike-in-pula\/","name":"Tage der Antike in Pula - Tourism Office Pula","isPartOf":{"@id":"https:\/\/pulainfo.hr\/#website"},"primaryImageOfPage":{"@id":"https:\/\/pulainfo.hr\/de\/where\/tage-der-antike-in-pula\/#primaryimage"},"image":{"@id":"https:\/\/pulainfo.hr\/de\/where\/tage-der-antike-in-pula\/#primaryimage"},"thumbnailUrl":"https:\/\/pulainfo.hr\/wp-content\/uploads\/2023\/10\/koloseum_superiorum17-110616_K.jpg","datePublished":"2024-06-20T15:21:20+00:00","dateModified":"2024-06-20T15:24:58+00:00","breadcrumb":{"@id":"https:\/\/pulainfo.hr\/de\/where\/tage-der-antike-in-pula\/#breadcrumb"},"inLanguage":"de","potentialAction":[{"@type":"ReadAction","target":["https:\/\/pulainfo.hr\/de\/where\/tage-der-antike-in-pula\/"]}]},{"@type":"ImageObject","inLanguage":"de","@id":"https:\/\/pulainfo.hr\/de\/where\/tage-der-antike-in-pula\/#primaryimage","url":"https:\/\/pulainfo.hr\/wp-content\/uploads\/2023\/10\/koloseum_superiorum17-110616_K.jpg","contentUrl":"https:\/\/pulainfo.hr\/wp-content\/uploads\/2023\/10\/koloseum_superiorum17-110616_K.jpg","width":900,"height":900,"caption":"Pula, 110616. U pulskom amfiteatru svecano je otvoren ovogodisnj Pula Superiorvm, program posvecen borbama i treninzima gladijatora rimske vojske. Posjetitelji tako mogu uzivati u realisticnim scenama iz bogate rimske povijesti Pule. Foto: Danijel Bartolic \/ CROPIX"},{"@type":"BreadcrumbList","@id":"https:\/\/pulainfo.hr\/de\/where\/tage-der-antike-in-pula\/#breadcrumb","itemListElement":[{"@type":"ListItem","position":1,"name":"Po\u010detna stranica","item":"https:\/\/pulainfo.hr\/de\/"},{"@type":"ListItem","position":2,"name":"See & do","item":"https:\/\/pulainfo.hr\/where\/"},{"@type":"ListItem","position":3,"name":"Tage der Antike in Pula"}]},{"@type":"WebSite","@id":"https:\/\/pulainfo.hr\/#website","url":"https:\/\/pulainfo.hr\/","name":"Tourism Office Pula","description":"Tourism Office Pula - Official web site","publisher":{"@id":"https:\/\/pulainfo.hr\/#organization"},"potentialAction":[{"@type":"SearchAction","target":{"@type":"EntryPoint","urlTemplate":"https:\/\/pulainfo.hr\/?s={search_term_string}"},"query-input":{"@type":"PropertyValueSpecification","valueRequired":true,"valueName":"search_term_string"}}],"inLanguage":"de"},{"@type":"Organization","@id":"https:\/\/pulainfo.hr\/#organization","name":"Tourism Office Pula","url":"https:\/\/pulainfo.hr\/","logo":{"@type":"ImageObject","inLanguage":"de","@id":"https:\/\/pulainfo.hr\/#\/schema\/logo\/image\/","url":"https:\/\/pulainfo.hr\/wp-content\/uploads\/2023\/10\/logo.svg","contentUrl":"https:\/\/pulainfo.hr\/wp-content\/uploads\/2023\/10\/logo.svg","width":171,"height":59,"caption":"Tourism Office Pula"},"image":{"@id":"https:\/\/pulainfo.hr\/#\/schema\/logo\/image\/"}}]}},"_links":{"self":[{"href":"https:\/\/pulainfo.hr\/de\/wp-json\/wp\/v2\/where\/12730","targetHints":{"allow":["GET"]}}],"collection":[{"href":"https:\/\/pulainfo.hr\/de\/wp-json\/wp\/v2\/where"}],"about":[{"href":"https:\/\/pulainfo.hr\/de\/wp-json\/wp\/v2\/types\/where"}],"wp:featuredmedia":[{"embeddable":true,"href":"https:\/\/pulainfo.hr\/de\/wp-json\/wp\/v2\/media\/1879"}],"wp:attachment":[{"href":"https:\/\/pulainfo.hr\/de\/wp-json\/wp\/v2\/media?parent=12730"}],"wp:term":[{"taxonomy":"where_to_go","embeddable":true,"href":"https:\/\/pulainfo.hr\/de\/wp-json\/wp\/v2\/where_to_go?post=12730"},{"taxonomy":"sd_tags","embeddable":true,"href":"https:\/\/pulainfo.hr\/de\/wp-json\/wp\/v2\/sd_tags?post=12730"}],"curies":[{"name":"wp","href":"https:\/\/api.w.org\/{rel}","templated":true}]}}

<p>Im Mai, wenn alles herrlich duftet und Erinnerungen weckt, findet in einer der schönsten Städte der Welt – Pula auch dieses Jahr wieder die traditionelle Veranstaltung statt ‘Tage der Antike’.</p>
<p>Bei dieser thematischen Veranstaltung ‘Flair des Römischen Reiches’ werden uns lebendige Bilder des antiken Pula in der Gegenwart in die ferne Vergangenheit zurückversetzen.</p>
<p>Auf der Suche nach antiker Schönheit (Quaestio de Pulchritudine Antiqua) und zu Ehren einer antiken Hochzeit am wunderschönen Forum von Pula wird das Publikum die gesamte Veranstaltung genießen und aktiv daran teilnehmen. Auf diese Weise wird eine neue Gemeinschaft geschaffen, und dabei eigene Gedanken, Gefühle und Erfahrungen einbezogen.</p>
<p>Die duftende Aura einer Frau – Das Geheimnis eines Balsamariums (Odor Feminae – Secretum Balsamarii), Klänge der Antike (Soni Antiqui), Aromen der Antike (Gustus Antiquitatis) werden alle Ihre Sinne wecken.</p>
<p>Durch die Methode des Geschichtenerzählens werden die Bräuche und Traditionen, die der römischen Hochzeit (Nuptiae Romanae) vorausgingen, vorgestellt. In der Antike wurde der Akt der Eheschließung durch eine präzise Aussage ausgedrückt und die lautete: ‘Ich nehme dich als meine Frau (oder meinen Mann) und verspreche dir die Treue in guten und bösen Tagen.’</p>
<p>Der Ehe selbst ging eine Verlobung voraus, und die wurde Monate oder sogar Jahre vor der eigentlichen Eheschließung vorbereitet. Mit bestimmten Musik- und Tanzdarbietungen vor dem einzigartigen Augustus-Tempel durch lebendige Geschichte erlebt das Publikum eine besondere Form der Verbundenheit und des Feierns.</p>
<p>Workshop Art and Wine – antike Motive (Ars Vinumque) lädt Sie zur aktiven Teilnahme und Ihrer persönlichen Begegnung mit der Vergangenheit ein.</p>
<p>Die Gladiatorenklinge (Hasta) kann man sehen und Gladiatoren treffen, und bis zum Ende dieser Veranstaltung am letzten Wochenende wird es Gladiatorenkämpfe in der Arena von Pula, die einen wertvollen Teil der dreitausendjährigen Geschichte der Stadt und ihre Umgebung darstellen, geben.</p>
<p>Erleben Sie Tage der Antike</p>
<p>Ubi tu Gaius, ego Gaia (‘Da wo du bist Gaius, werde auch ich, Gaia, sein’), sind die Schlüsselwörter der antiken Hochzeit und eine schöne Botschaft als Souvenir aus Pula.</p>

<p>Im Mai, wenn alles herrlich duftet und Erinnerungen weckt, findet in einer der schönsten Städte &#8230;</p>

<!-- This site is optimized with the Yoast SEO plugin v27.4 - https://yoast.com/product/yoast-seo-wordpress/ -->
<title>Tage der Antike in Pula - Tourism Office Pula</title>
<meta name="robots" content="index, follow, max-snippet:-1, max-image-preview:large, max-video-preview:-1" />
<link rel="canonical" href="https://pulainfo.hr/de/where/tage-der-antike-in-pula/" />
<meta property="og:locale" content="de_DE" />
<meta property="og:type" content="article" />
<meta property="og:title" content="Tage der Antike in Pula - Tourism Office Pula" />
<meta property="og:description" content="Im Mai, wenn alles herrlich duftet und Erinnerungen weckt, findet in einer der schönsten Städte ..." />
<meta property="og:url" content="https://pulainfo.hr/de/where/tage-der-antike-in-pula/" />
<meta property="og:site_name" content="Tourism Office Pula" />
<meta property="article:modified_time" content="2024-06-20T15:24:58+00:00" />
<meta property="og:image" content="https://pulainfo.hr/wp-content/uploads/2024/05/antika_pula136-170622_K-scaled.jpg" />
	<meta property="og:image:width" content="2560" />
	<meta property="og:image:height" content="2560" />
	<meta property="og:image:type" content="image/jpeg" />
<meta name="twitter:card" content="summary_large_image" />
<meta name="twitter:label1" content="Geschätzte Lesezeit" />
	<meta name="twitter:data1" content="2 Minuten" />
<script type="application/ld+json" class="yoast-schema-graph">{"@context":"https:\/\/schema.org","@graph":[{"@type":"WebPage","@id":"https:\/\/pulainfo.hr\/de\/where\/tage-der-antike-in-pula\/","url":"https:\/\/pulainfo.hr\/de\/where\/tage-der-antike-in-pula\/","name":"Tage der Antike in Pula - Tourism Office Pula","isPartOf":{"@id":"https:\/\/pulainfo.hr\/#website"},"primaryImageOfPage":{"@id":"https:\/\/pulainfo.hr\/de\/where\/tage-der-antike-in-pula\/#primaryimage"},"image":{"@id":"https:\/\/pulainfo.hr\/de\/where\/tage-der-antike-in-pula\/#primaryimage"},"thumbnailUrl":"https:\/\/pulainfo.hr\/wp-content\/uploads\/2023\/10\/koloseum_superiorum17-110616_K.jpg","datePublished":"2024-06-20T15:21:20+00:00","dateModified":"2024-06-20T15:24:58+00:00","breadcrumb":{"@id":"https:\/\/pulainfo.hr\/de\/where\/tage-der-antike-in-pula\/#breadcrumb"},"inLanguage":"de","potentialAction":[{"@type":"ReadAction","target":["https:\/\/pulainfo.hr\/de\/where\/tage-der-antike-in-pula\/"]}]},{"@type":"ImageObject","inLanguage":"de","@id":"https:\/\/pulainfo.hr\/de\/where\/tage-der-antike-in-pula\/#primaryimage","url":"https:\/\/pulainfo.hr\/wp-content\/uploads\/2023\/10\/koloseum_superiorum17-110616_K.jpg","contentUrl":"https:\/\/pulainfo.hr\/wp-content\/uploads\/2023\/10\/koloseum_superiorum17-110616_K.jpg","width":900,"height":900,"caption":"Pula, 110616. U pulskom amfiteatru svecano je otvoren ovogodisnj Pula Superiorvm, program posvecen borbama i treninzima gladijatora rimske vojske. Posjetitelji tako mogu uzivati u realisticnim scenama iz bogate rimske povijesti Pule. Foto: Danijel Bartolic \/ CROPIX"},{"@type":"BreadcrumbList","@id":"https:\/\/pulainfo.hr\/de\/where\/tage-der-antike-in-pula\/#breadcrumb","itemListElement":[{"@type":"ListItem","position":1,"name":"Početna stranica","item":"https:\/\/pulainfo.hr\/de\/"},{"@type":"ListItem","position":2,"name":"See & do","item":"https:\/\/pulainfo.hr\/where\/"},{"@type":"ListItem","position":3,"name":"Tage der Antike in Pula"}]},{"@type":"WebSite","@id":"https:\/\/pulainfo.hr\/#website","url":"https:\/\/pulainfo.hr\/","name":"Tourism Office Pula","description":"Tourism Office Pula - Official web site","publisher":{"@id":"https:\/\/pulainfo.hr\/#organization"},"potentialAction":[{"@type":"SearchAction","target":{"@type":"EntryPoint","urlTemplate":"https:\/\/pulainfo.hr\/?s={search_term_string}"},"query-input":{"@type":"PropertyValueSpecification","valueRequired":true,"valueName":"search_term_string"}}],"inLanguage":"de"},{"@type":"Organization","@id":"https:\/\/pulainfo.hr\/#organization","name":"Tourism Office Pula","url":"https:\/\/pulainfo.hr\/","logo":{"@type":"ImageObject","inLanguage":"de","@id":"https:\/\/pulainfo.hr\/#\/schema\/logo\/image\/","url":"https:\/\/pulainfo.hr\/wp-content\/uploads\/2023\/10\/logo.svg","contentUrl":"https:\/\/pulainfo.hr\/wp-content\/uploads\/2023\/10\/logo.svg","width":171,"height":59,"caption":"Tourism Office Pula"},"image":{"@id":"https:\/\/pulainfo.hr\/#\/schema\/logo\/image\/"}}]}</script>
<!-- / Yoast SEO plugin. -->

Im Mai, wenn alles herrlich duftet und Erinnerungen weckt, findet in einer der schönsten Städte ...

Početna stranica
