{"id":16521,"date":"2024-08-27T15:53:15","date_gmt":"2024-08-27T13:53:15","guid":{"rendered":"https:\/\/pulainfo.hr\/?post_type=pula-events&#038;p=16521"},"modified":"2024-08-27T15:58:10","modified_gmt":"2024-08-27T13:58:10","slug":"nachtlleben-via-minerva","status":"publish","type":"pula-events","link":"https:\/\/pulainfo.hr\/de\/pula-events\/nachtlleben-via-minerva\/","title":{"rendered":"Nachtlleben Via Minerva"},"content":{"rendered":"<p>\u00dcber die Sterne zur Geschichte, oder wie alles begann, enth\u00fcllt Damir \u0160egon von der Sternwarte Pula und der Leiter der Sternwarte in Vi\u0161njan, den gefeierten Astronomen und Zukunftsforscher Korado Korlevi\u0107. Dazu wird ein Konzert mit einem Orchester veranstaltet \u2013 Duft-Harmonien der Polana. Polana ist ein Planetoid, benannt nach der Stadt Pula, der 1875 von Johann Palisa in der Marine-Sternwarte entdeckt wurde. Polana ist auch der Name eines Duftes, den Ivna Bevanda zu Ehren des kaiserlichen Pula entwickelt und kreiert hat, der zum ersten Mal vertont und der \u00d6ffentlichkeit zusammen mit einem passenden klassischen Musikrepertoire vorgestellt wird.<\/p>\n<p>&nbsp;<\/p>\n<p>LINK: <a href=\"http:\/\/www.monarhija.hr\/\" target=\"_blank\" rel=\"noopener\" data-saferedirecturl=\"https:\/\/www.google.com\/url?q=http:\/\/www.monarhija.hr&amp;source=gmail&amp;ust=1724852078145000&amp;usg=AOvVaw25e1uwVfi0buPnLX0srpx6\">www.monarhija.hr<\/a><\/p>\n","protected":false},"excerpt":{"rendered":"<p>\u00dcber die Sterne zur Geschichte, oder wie alles begann, enth\u00fcllt Damir \u0160egon von der Sternwarte &#8230;<\/p>\n","protected":false},"author":7,"featured_media":16516,"template":"","event_filters":[],"event-atribute":[],"events-type":[84],"class_list":["post-16521","pula-events","type-pula-events","status-publish","has-post-thumbnail","hentry","events-type-andere-veranstaltungen"],"acf":[],"yoast_head":"<!-- This site is optimized with the Yoast SEO plugin v27.4 - https:\/\/yoast.com\/product\/yoast-seo-wordpress\/ -->\n<title>Nachtlleben Via Minerva - Tourism Office Pula<\/title>\n<meta name=\"robots\" content=\"index, follow, max-snippet:-1, max-image-preview:large, max-video-preview:-1\" \/>\n<link rel=\"canonical\" href=\"https:\/\/pulainfo.hr\/de\/pula-events\/nachtlleben-via-minerva\/\" \/>\n<meta property=\"og:locale\" content=\"de_DE\" \/>\n<meta property=\"og:type\" content=\"article\" \/>\n<meta property=\"og:title\" content=\"Nachtlleben Via Minerva - Tourism Office Pula\" \/>\n<meta property=\"og:description\" content=\"\u00dcber die Sterne zur Geschichte, oder wie alles begann, enth\u00fcllt Damir \u0160egon von der Sternwarte ...\" \/>\n<meta property=\"og:url\" content=\"https:\/\/pulainfo.hr\/de\/pula-events\/nachtlleben-via-minerva\/\" \/>\n<meta property=\"og:site_name\" content=\"Tourism Office Pula\" \/>\n<meta property=\"article:modified_time\" content=\"2024-08-27T13:58:10+00:00\" \/>\n<meta property=\"og:image\" content=\"https:\/\/pulainfo.hr\/wp-content\/uploads\/2024\/08\/maksimilijanova-ulica.jpg\" \/>\n\t<meta property=\"og:image:width\" content=\"1024\" \/>\n\t<meta property=\"og:image:height\" content=\"768\" \/>\n\t<meta property=\"og:image:type\" content=\"image\/jpeg\" \/>\n<meta name=\"twitter:card\" content=\"summary_large_image\" \/>\n<meta name=\"twitter:label1\" content=\"Gesch\u00e4tzte Lesezeit\" \/>\n\t<meta name=\"twitter:data1\" content=\"1\u00a0Minute\" \/>\n<script type=\"application\/ld+json\" class=\"yoast-schema-graph\">{\"@context\":\"https:\\\/\\\/schema.org\",\"@graph\":[{\"@type\":\"WebPage\",\"@id\":\"https:\\\/\\\/pulainfo.hr\\\/de\\\/pula-events\\\/nachtlleben-via-minerva\\\/\",\"url\":\"https:\\\/\\\/pulainfo.hr\\\/de\\\/pula-events\\\/nachtlleben-via-minerva\\\/\",\"name\":\"Nachtlleben Via Minerva - Tourism Office Pula\",\"isPartOf\":{\"@id\":\"https:\\\/\\\/pulainfo.hr\\\/#website\"},\"primaryImageOfPage\":{\"@id\":\"https:\\\/\\\/pulainfo.hr\\\/de\\\/pula-events\\\/nachtlleben-via-minerva\\\/#primaryimage\"},\"image\":{\"@id\":\"https:\\\/\\\/pulainfo.hr\\\/de\\\/pula-events\\\/nachtlleben-via-minerva\\\/#primaryimage\"},\"thumbnailUrl\":\"https:\\\/\\\/pulainfo.hr\\\/wp-content\\\/uploads\\\/2024\\\/08\\\/maksimilijanova-ulica.jpg\",\"datePublished\":\"2024-08-27T13:53:15+00:00\",\"dateModified\":\"2024-08-27T13:58:10+00:00\",\"breadcrumb\":{\"@id\":\"https:\\\/\\\/pulainfo.hr\\\/de\\\/pula-events\\\/nachtlleben-via-minerva\\\/#breadcrumb\"},\"inLanguage\":\"de\",\"potentialAction\":[{\"@type\":\"ReadAction\",\"target\":[\"https:\\\/\\\/pulainfo.hr\\\/de\\\/pula-events\\\/nachtlleben-via-minerva\\\/\"]}]},{\"@type\":\"ImageObject\",\"inLanguage\":\"de\",\"@id\":\"https:\\\/\\\/pulainfo.hr\\\/de\\\/pula-events\\\/nachtlleben-via-minerva\\\/#primaryimage\",\"url\":\"https:\\\/\\\/pulainfo.hr\\\/wp-content\\\/uploads\\\/2024\\\/08\\\/maksimilijanova-ulica.jpg\",\"contentUrl\":\"https:\\\/\\\/pulainfo.hr\\\/wp-content\\\/uploads\\\/2024\\\/08\\\/maksimilijanova-ulica.jpg\",\"width\":1024,\"height\":768},{\"@type\":\"BreadcrumbList\",\"@id\":\"https:\\\/\\\/pulainfo.hr\\\/de\\\/pula-events\\\/nachtlleben-via-minerva\\\/#breadcrumb\",\"itemListElement\":[{\"@type\":\"ListItem\",\"position\":1,\"name\":\"Po\u010detna stranica\",\"item\":\"https:\\\/\\\/pulainfo.hr\\\/de\\\/\"},{\"@type\":\"ListItem\",\"position\":2,\"name\":\"Events new\",\"item\":\"https:\\\/\\\/pulainfo.hr\\\/hr\\\/pula-events\\\/\"},{\"@type\":\"ListItem\",\"position\":3,\"name\":\"Nachtlleben Via Minerva\"}]},{\"@type\":\"WebSite\",\"@id\":\"https:\\\/\\\/pulainfo.hr\\\/#website\",\"url\":\"https:\\\/\\\/pulainfo.hr\\\/\",\"name\":\"Tourism Office Pula\",\"description\":\"Tourism Office Pula - Official web site\",\"publisher\":{\"@id\":\"https:\\\/\\\/pulainfo.hr\\\/#organization\"},\"potentialAction\":[{\"@type\":\"SearchAction\",\"target\":{\"@type\":\"EntryPoint\",\"urlTemplate\":\"https:\\\/\\\/pulainfo.hr\\\/?s={search_term_string}\"},\"query-input\":{\"@type\":\"PropertyValueSpecification\",\"valueRequired\":true,\"valueName\":\"search_term_string\"}}],\"inLanguage\":\"de\"},{\"@type\":\"Organization\",\"@id\":\"https:\\\/\\\/pulainfo.hr\\\/#organization\",\"name\":\"Tourism Office Pula\",\"url\":\"https:\\\/\\\/pulainfo.hr\\\/\",\"logo\":{\"@type\":\"ImageObject\",\"inLanguage\":\"de\",\"@id\":\"https:\\\/\\\/pulainfo.hr\\\/#\\\/schema\\\/logo\\\/image\\\/\",\"url\":\"https:\\\/\\\/pulainfo.hr\\\/wp-content\\\/uploads\\\/2023\\\/10\\\/logo.svg\",\"contentUrl\":\"https:\\\/\\\/pulainfo.hr\\\/wp-content\\\/uploads\\\/2023\\\/10\\\/logo.svg\",\"width\":171,\"height\":59,\"caption\":\"Tourism Office Pula\"},\"image\":{\"@id\":\"https:\\\/\\\/pulainfo.hr\\\/#\\\/schema\\\/logo\\\/image\\\/\"}}]}<\/script>\n<!-- \/ Yoast SEO plugin. -->","yoast_head_json":{"title":"Nachtlleben Via Minerva - Tourism Office Pula","robots":{"index":"index","follow":"follow","max-snippet":"max-snippet:-1","max-image-preview":"max-image-preview:large","max-video-preview":"max-video-preview:-1"},"canonical":"https:\/\/pulainfo.hr\/de\/pula-events\/nachtlleben-via-minerva\/","og_locale":"de_DE","og_type":"article","og_title":"Nachtlleben Via Minerva - Tourism Office Pula","og_description":"\u00dcber die Sterne zur Geschichte, oder wie alles begann, enth\u00fcllt Damir \u0160egon von der Sternwarte ...","og_url":"https:\/\/pulainfo.hr\/de\/pula-events\/nachtlleben-via-minerva\/","og_site_name":"Tourism Office Pula","article_modified_time":"2024-08-27T13:58:10+00:00","og_image":[{"width":1024,"height":768,"url":"https:\/\/pulainfo.hr\/wp-content\/uploads\/2024\/08\/maksimilijanova-ulica.jpg","type":"image\/jpeg"}],"twitter_card":"summary_large_image","twitter_misc":{"Gesch\u00e4tzte Lesezeit":"1\u00a0Minute"},"schema":{"@context":"https:\/\/schema.org","@graph":[{"@type":"WebPage","@id":"https:\/\/pulainfo.hr\/de\/pula-events\/nachtlleben-via-minerva\/","url":"https:\/\/pulainfo.hr\/de\/pula-events\/nachtlleben-via-minerva\/","name":"Nachtlleben Via Minerva - Tourism Office Pula","isPartOf":{"@id":"https:\/\/pulainfo.hr\/#website"},"primaryImageOfPage":{"@id":"https:\/\/pulainfo.hr\/de\/pula-events\/nachtlleben-via-minerva\/#primaryimage"},"image":{"@id":"https:\/\/pulainfo.hr\/de\/pula-events\/nachtlleben-via-minerva\/#primaryimage"},"thumbnailUrl":"https:\/\/pulainfo.hr\/wp-content\/uploads\/2024\/08\/maksimilijanova-ulica.jpg","datePublished":"2024-08-27T13:53:15+00:00","dateModified":"2024-08-27T13:58:10+00:00","breadcrumb":{"@id":"https:\/\/pulainfo.hr\/de\/pula-events\/nachtlleben-via-minerva\/#breadcrumb"},"inLanguage":"de","potentialAction":[{"@type":"ReadAction","target":["https:\/\/pulainfo.hr\/de\/pula-events\/nachtlleben-via-minerva\/"]}]},{"@type":"ImageObject","inLanguage":"de","@id":"https:\/\/pulainfo.hr\/de\/pula-events\/nachtlleben-via-minerva\/#primaryimage","url":"https:\/\/pulainfo.hr\/wp-content\/uploads\/2024\/08\/maksimilijanova-ulica.jpg","contentUrl":"https:\/\/pulainfo.hr\/wp-content\/uploads\/2024\/08\/maksimilijanova-ulica.jpg","width":1024,"height":768},{"@type":"BreadcrumbList","@id":"https:\/\/pulainfo.hr\/de\/pula-events\/nachtlleben-via-minerva\/#breadcrumb","itemListElement":[{"@type":"ListItem","position":1,"name":"Po\u010detna stranica","item":"https:\/\/pulainfo.hr\/de\/"},{"@type":"ListItem","position":2,"name":"Events new","item":"https:\/\/pulainfo.hr\/hr\/pula-events\/"},{"@type":"ListItem","position":3,"name":"Nachtlleben Via Minerva"}]},{"@type":"WebSite","@id":"https:\/\/pulainfo.hr\/#website","url":"https:\/\/pulainfo.hr\/","name":"Tourism Office Pula","description":"Tourism Office Pula - Official web site","publisher":{"@id":"https:\/\/pulainfo.hr\/#organization"},"potentialAction":[{"@type":"SearchAction","target":{"@type":"EntryPoint","urlTemplate":"https:\/\/pulainfo.hr\/?s={search_term_string}"},"query-input":{"@type":"PropertyValueSpecification","valueRequired":true,"valueName":"search_term_string"}}],"inLanguage":"de"},{"@type":"Organization","@id":"https:\/\/pulainfo.hr\/#organization","name":"Tourism Office Pula","url":"https:\/\/pulainfo.hr\/","logo":{"@type":"ImageObject","inLanguage":"de","@id":"https:\/\/pulainfo.hr\/#\/schema\/logo\/image\/","url":"https:\/\/pulainfo.hr\/wp-content\/uploads\/2023\/10\/logo.svg","contentUrl":"https:\/\/pulainfo.hr\/wp-content\/uploads\/2023\/10\/logo.svg","width":171,"height":59,"caption":"Tourism Office Pula"},"image":{"@id":"https:\/\/pulainfo.hr\/#\/schema\/logo\/image\/"}}]}},"_links":{"self":[{"href":"https:\/\/pulainfo.hr\/de\/wp-json\/wp\/v2\/pula-events\/16521","targetHints":{"allow":["GET"]}}],"collection":[{"href":"https:\/\/pulainfo.hr\/de\/wp-json\/wp\/v2\/pula-events"}],"about":[{"href":"https:\/\/pulainfo.hr\/de\/wp-json\/wp\/v2\/types\/pula-events"}],"author":[{"embeddable":true,"href":"https:\/\/pulainfo.hr\/de\/wp-json\/wp\/v2\/users\/7"}],"wp:featuredmedia":[{"embeddable":true,"href":"https:\/\/pulainfo.hr\/de\/wp-json\/wp\/v2\/media\/16516"}],"wp:attachment":[{"href":"https:\/\/pulainfo.hr\/de\/wp-json\/wp\/v2\/media?parent=16521"}],"wp:term":[{"taxonomy":"event_filters","embeddable":true,"href":"https:\/\/pulainfo.hr\/de\/wp-json\/wp\/v2\/event_filters?post=16521"},{"taxonomy":"event-atribute","embeddable":true,"href":"https:\/\/pulainfo.hr\/de\/wp-json\/wp\/v2\/event-atribute?post=16521"},{"taxonomy":"events-type","embeddable":true,"href":"https:\/\/pulainfo.hr\/de\/wp-json\/wp\/v2\/events-type?post=16521"}],"curies":[{"name":"wp","href":"https:\/\/api.w.org\/{rel}","templated":true}]}}

<p>Über die Sterne zur Geschichte, oder wie alles begann, enthüllt Damir Šegon von der Sternwarte Pula und der Leiter der Sternwarte in Višnjan, den gefeierten Astronomen und Zukunftsforscher Korado Korlević. Dazu wird ein Konzert mit einem Orchester veranstaltet – Duft-Harmonien der Polana. Polana ist ein Planetoid, benannt nach der Stadt Pula, der 1875 von Johann Palisa in der Marine-Sternwarte entdeckt wurde. Polana ist auch der Name eines Duftes, den Ivna Bevanda zu Ehren des kaiserlichen Pula entwickelt und kreiert hat, der zum ersten Mal vertont und der Öffentlichkeit zusammen mit einem passenden klassischen Musikrepertoire vorgestellt wird.</p>
<p>&nbsp;</p>
<p>LINK: <a href="http://www.monarhija.hr/" target="_blank" rel="noopener" data-saferedirecturl="https://www.google.com/url?q=http://www.monarhija.hr&amp;source=gmail&amp;ust=1724852078145000&amp;usg=AOvVaw25e1uwVfi0buPnLX0srpx6">www.monarhija.hr</a></p>

<p>Über die Sterne zur Geschichte, oder wie alles begann, enthüllt Damir Šegon von der Sternwarte &#8230;</p>

<!-- This site is optimized with the Yoast SEO plugin v27.4 - https://yoast.com/product/yoast-seo-wordpress/ -->
<title>Nachtlleben Via Minerva - Tourism Office Pula</title>
<meta name="robots" content="index, follow, max-snippet:-1, max-image-preview:large, max-video-preview:-1" />
<link rel="canonical" href="https://pulainfo.hr/de/pula-events/nachtlleben-via-minerva/" />
<meta property="og:locale" content="de_DE" />
<meta property="og:type" content="article" />
<meta property="og:title" content="Nachtlleben Via Minerva - Tourism Office Pula" />
<meta property="og:description" content="Über die Sterne zur Geschichte, oder wie alles begann, enthüllt Damir Šegon von der Sternwarte ..." />
<meta property="og:url" content="https://pulainfo.hr/de/pula-events/nachtlleben-via-minerva/" />
<meta property="og:site_name" content="Tourism Office Pula" />
<meta property="article:modified_time" content="2024-08-27T13:58:10+00:00" />
<meta property="og:image" content="https://pulainfo.hr/wp-content/uploads/2024/08/maksimilijanova-ulica.jpg" />
	<meta property="og:image:width" content="1024" />
	<meta property="og:image:height" content="768" />
	<meta property="og:image:type" content="image/jpeg" />
<meta name="twitter:card" content="summary_large_image" />
<meta name="twitter:label1" content="Geschätzte Lesezeit" />
	<meta name="twitter:data1" content="1 Minute" />
<script type="application/ld+json" class="yoast-schema-graph">{"@context":"https:\/\/schema.org","@graph":[{"@type":"WebPage","@id":"https:\/\/pulainfo.hr\/de\/pula-events\/nachtlleben-via-minerva\/","url":"https:\/\/pulainfo.hr\/de\/pula-events\/nachtlleben-via-minerva\/","name":"Nachtlleben Via Minerva - Tourism Office Pula","isPartOf":{"@id":"https:\/\/pulainfo.hr\/#website"},"primaryImageOfPage":{"@id":"https:\/\/pulainfo.hr\/de\/pula-events\/nachtlleben-via-minerva\/#primaryimage"},"image":{"@id":"https:\/\/pulainfo.hr\/de\/pula-events\/nachtlleben-via-minerva\/#primaryimage"},"thumbnailUrl":"https:\/\/pulainfo.hr\/wp-content\/uploads\/2024\/08\/maksimilijanova-ulica.jpg","datePublished":"2024-08-27T13:53:15+00:00","dateModified":"2024-08-27T13:58:10+00:00","breadcrumb":{"@id":"https:\/\/pulainfo.hr\/de\/pula-events\/nachtlleben-via-minerva\/#breadcrumb"},"inLanguage":"de","potentialAction":[{"@type":"ReadAction","target":["https:\/\/pulainfo.hr\/de\/pula-events\/nachtlleben-via-minerva\/"]}]},{"@type":"ImageObject","inLanguage":"de","@id":"https:\/\/pulainfo.hr\/de\/pula-events\/nachtlleben-via-minerva\/#primaryimage","url":"https:\/\/pulainfo.hr\/wp-content\/uploads\/2024\/08\/maksimilijanova-ulica.jpg","contentUrl":"https:\/\/pulainfo.hr\/wp-content\/uploads\/2024\/08\/maksimilijanova-ulica.jpg","width":1024,"height":768},{"@type":"BreadcrumbList","@id":"https:\/\/pulainfo.hr\/de\/pula-events\/nachtlleben-via-minerva\/#breadcrumb","itemListElement":[{"@type":"ListItem","position":1,"name":"Početna stranica","item":"https:\/\/pulainfo.hr\/de\/"},{"@type":"ListItem","position":2,"name":"Events new","item":"https:\/\/pulainfo.hr\/hr\/pula-events\/"},{"@type":"ListItem","position":3,"name":"Nachtlleben Via Minerva"}]},{"@type":"WebSite","@id":"https:\/\/pulainfo.hr\/#website","url":"https:\/\/pulainfo.hr\/","name":"Tourism Office Pula","description":"Tourism Office Pula - Official web site","publisher":{"@id":"https:\/\/pulainfo.hr\/#organization"},"potentialAction":[{"@type":"SearchAction","target":{"@type":"EntryPoint","urlTemplate":"https:\/\/pulainfo.hr\/?s={search_term_string}"},"query-input":{"@type":"PropertyValueSpecification","valueRequired":true,"valueName":"search_term_string"}}],"inLanguage":"de"},{"@type":"Organization","@id":"https:\/\/pulainfo.hr\/#organization","name":"Tourism Office Pula","url":"https:\/\/pulainfo.hr\/","logo":{"@type":"ImageObject","inLanguage":"de","@id":"https:\/\/pulainfo.hr\/#\/schema\/logo\/image\/","url":"https:\/\/pulainfo.hr\/wp-content\/uploads\/2023\/10\/logo.svg","contentUrl":"https:\/\/pulainfo.hr\/wp-content\/uploads\/2023\/10\/logo.svg","width":171,"height":59,"caption":"Tourism Office Pula"},"image":{"@id":"https:\/\/pulainfo.hr\/#\/schema\/logo\/image\/"}}]}</script>
<!-- / Yoast SEO plugin. -->

Über die Sterne zur Geschichte, oder wie alles begann, enthüllt Damir Šegon von der Sternwarte ...

Početna stranica
